[Sun Jul 20 09:07:06.627620 2025] [core:error] [pid 7250:tid 140095407462144] [client 42.200.243.30:32989] AH10244: invalid URI path (/phpMyAdmin/doc/html/.%2e/%2e%2e/%2e%2e/%2e%2e/%2e%2e/%2e%2e/%2e%2e/bin/sh)
[Sun Jul 20 09:07:06.639948 2025] [core:error] [pid 22664:tid 140095382284032] [client 42.200.243.30:39899] AH10244: invalid URI path (/phpmyadmin/doc/html/_static/.%2e/%2e%2e/%2e%2e/%2e%2e/%2e%2e/%2e%2e/%2e%2e/etc/passwd)
[Sun Jul 20 09:07:06.660124 2025] [core:error] [pid 7250:tid 140095415854848] [client 42.200.243.30:45717] AH10244: invalid URI path (/phpmyadmin/doc/html/_static/.%2e/%2e%2e/%2e%2e/%2e%2e/%2e%2e/%2e%2e/%2e%2e/bin/sh)
[Sun Jul 20 09:07:06.676464 2025] [core:error] [pid 11285:tid 140095399069440] [client 42.200.243.30:49069] AH10244: invalid URI path (/phpmyadmin/doc/html/_sources/.%2e/%2e%2e/%2e%2e/%2e%2e/%2e%2e/%2e%2e/%2e%2e/etc/passwd)
[Sun Jul 20 09:07:06.688520 2025] [core:error] [pid 11285:tid 140095357105920] [client 42.200.243.30:45795] AH10244: invalid URI path (/phpmyadmin/doc/html/_sources/.%2e/%2e%2e/%2e%2e/%2e%2e/%2e%2e/%2e%2e/%2e%2e/bin/sh)
[Sun Jul 20 09:07:06.700310 2025] [core:error] [pid 11285:tid 140095382284032] [client 42.200.243.30:58353] AH10244: invalid URI path (/phpMyAdmin/doc/html/_static/.%2e/%2e%2e/%2e%2e/%2e%2e/%2e%2e/%2e%2e/%2e%2e/etc/passwd)
[Sun Jul 20 09:07:06.710796 2025] [core:error] [pid 11285:tid 140095373891328] [client 42.200.243.30:39657] AH10244: invalid URI path (/phpMyAdmin/doc/html/_static/.%2e/%2e%2e/%2e%2e/%2e%2e/%2e%2e/%2e%2e/%2e%2e/bin/sh)
[Sun Jul 20 09:07:06.723365 2025] [core:error] [pid 7179:tid 140095424247552] [client 42.200.243.30:36763] AH10244: invalid URI path (/phpMyAdmin/doc/html/_sources/.%2e/%2e%2e/%2e%2e/%2e%2e/%2e%2e/%2e%2e/%2e%2e/etc/passwd)
[Sun Jul 20 09:07:06.740799 2025] [core:error] [pid 11285:tid 140095441032960] [client 42.200.243.30:59535] AH10244: invalid URI path (/phpMyAdmin/doc/html/_sources/.%2e/%2e%2e/%2e%2e/%2e%2e/%2e%2e/%2e%2e/%2e%2e/bin/sh)
[Sun Jul 20 09:07:06.756849 2025] [core:error] [pid 22664:tid 140095390676736] [client 42.200.243.30:45847] AH10244: invalid URI path (/misc/.%2e/%2e%2e/%2e%2e/%2e%2e/%2e%2e/%2e%2e/%2e%2e/etc/passwd)
[Sun Jul 20 09:07:06.774231 2025] [core:error] [pid 7179:tid 140095491389184] [client 42.200.243.30:55323] AH10244: invalid URI path (/misc/.%2e/%2e%2e/%2e%2e/%2e%2e/%2e%2e/%2e%2e/%2e%2e/bin/sh)
[Sun Jul 20 09:07:06.794718 2025] [core:error] [pid 22664:tid 140095382284032] [client 42.200.243.30:47485] AH10244: invalid URI path (/sites/all/modules/google_analytics/.%2e/%2e%2e/%2e%2e/%2e%2e/%2e%2e/%2e%2e/%2e%2e/etc/passwd)
[Sun Jul 20 09:07:06.827271 2025] [core:error] [pid 7250:tid 140095373891328] [client 42.200.243.30:35395] AH10244: invalid URI path (/sites/all/modules/google_analytics/.%2e/%2e%2e/%2e%2e/%2e%2e/%2e%2e/%2e%2e/%2e%2e/bin/sh)
[Sun Jul 20 09:07:06.840955 2025] [core:error] [pid 7250:tid 140095482996480] [client 42.200.243.30:53261] AH10244: invalid URI path (/sites/default/files/.%2e/%2e%2e/%2e%2e/%2e%2e/%2e%2e/%2e%2e/%2e%2e/etc/passwd)
[Sun Jul 20 09:07:06.852204 2025] [core:error] [pid 7179:tid 140095457818368] [client 42.200.243.30:38909] AH10244: invalid URI path (/sites/default/files/.%2e/%2e%2e/%2e%2e/%2e%2e/%2e%2e/%2e%2e/%2e%2e/bin/sh)
[Sun Jul 20 09:07:06.874508 2025] [core:error] [pid 11285:tid 140095373891328] [client 42.200.243.30:37157] AH10244: invalid URI path (/game_a/.%2e/%2e%2e/%2e%2e/%2e%2e/%2e%2e/%2e%2e/%2e%2e/etc/passwd)
[Sun Jul 20 09:07:06.888455 2025] [core:error] [pid 7250:tid 140095357105920] [client 42.200.243.30:46515] AH10244: invalid URI path (/game_a/.%2e/%2e%2e/%2e%2e/%2e%2e/%2e%2e/%2e%2e/%2e%2e/bin/sh)
[Sun Jul 20 09:07:06.901634 2025] [core:error] [pid 7179:tid 140095407462144] [client 42.200.243.30:54359] AH10244: invalid URI path (/game_b/.%2e/%2e%2e/%2e%2e/%2e%2e/%2e%2e/%2e%2e/%2e%2e/etc/passwd)
[Sun Jul 20 09:07:06.914074 2025] [core:error] [pid 7250:tid 140095424247552] [client 42.200.243.30:58919] AH10244: invalid URI path (/game_b/.%2e/%2e%2e/%2e%2e/%2e%2e/%2e%2e/%2e%2e/%2e%2e/bin/sh)
[Sun Jul 20 09:07:06.945768 2025] [core:error] [pid 11285:tid 140095357105920] [client 42.200.243.30:41709] AH10244: invalid URI path (/user/.%2e/%2e%2e/%2e%2e/%2e%2e/%2e%2e/%2e%2e/%2e%2e/etc/passwd)
[Sun Jul 20 09:07:06.964046 2025] [core:error] [pid 11285:tid 140095373891328] [client 42.200.243.30:33291] AH10244: invalid URI path (/user/.%2e/%2e%2e/%2e%2e/%2e%2e/%2e%2e/%2e%2e/%2e%2e/bin/sh)
[Sun Jul 20 09:07:06.977108 2025] [core:error] [pid 11285:tid 140095399069440] [client 42.200.243.30:56053] AH10244: invalid URI path (/zh/.%2e/%2e%2e/%2e%2e/%2e%2e/%2e%2e/%2e%2e/%2e%2e/etc/passwd)
[Sun Jul 20 09:07:06.989057 2025] [core:error] [pid 22664:tid 140095365498624] [client 42.200.243.30:46153] AH10244: invalid URI path (/zh/.%2e/%2e%2e/%2e%2e/%2e%2e/%2e%2e/%2e%2e/%2e%2e/bin/sh)
[Sun Jul 20 09:07:07.003782 2025] [core:error] [pid 7250:tid 140095508174592] [client 42.200.243.30:57841] AH10244: invalid URI path (/zh/user/.%2e/%2e%2e/%2e%2e/%2e%2e/%2e%2e/%2e%2e/%2e%2e/etc/passwd)
[Sun Jul 20 09:07:07.017640 2025] [core:error] [pid 11285:tid 140095365498624] [client 42.200.243.30:37191] AH10244: invalid URI path (/zh/user/.%2e/%2e%2e/%2e%2e/%2e%2e/%2e%2e/%2e%2e/%2e%2e/bin/sh)
[Sun Jul 20 09:07:07.030631 2025] [core:error] [pid 11285:tid 140095382284032] [client 42.200.243.30:45069] AH10244: invalid URI path (/node/.%2e/%2e%2e/%2e%2e/%2e%2e/%2e%2e/%2e%2e/%2e%2e/etc/passwd)
[Sun Jul 20 09:07:07.043785 2025] [core:error] [pid 22664:tid 140095407462144] [client 42.200.243.30:36819] AH10244: invalid URI path (/node/.%2e/%2e%2e/%2e%2e/%2e%2e/%2e%2e/%2e%2e/%2e%2e/bin/sh)
[Sun Jul 20 09:07:07.062911 2025] [core:error] [pid 7250:tid 140095415854848] [client 42.200.243.30:37379] AH10244: invalid URI path (/game_b/flipclock/.%2e/%2e%2e/%2e%2e/%2e%2e/%2e%2e/%2e%2e/%2e%2e/etc/passwd)
[Sun Jul 20 09:07:07.074195 2025] [core:error] [pid 7250:tid 140095424247552] [client 42.200.243.30:43555] AH10244: invalid URI path (/game_b/flipclock/.%2e/%2e%2e/%2e%2e/%2e%2e/%2e%2e/%2e%2e/%2e%2e/bin/sh)
[Sun Jul 20 09:07:07.085135 2025] [core:error] [pid 7179:tid 140095399069440] [client 42.200.243.30:57731] AH10244: invalid URI path (/zh/node/.%2e/%2e%2e/%2e%2e/%2e%2e/%2e%2e/%2e%2e/%2e%2e/etc/passwd)
[Sun Jul 20 09:07:07.096303 2025] [core:error] [pid 7250:tid 140095399069440] [client 42.200.243.30:35107] AH10244: invalid URI path (/zh/node/.%2e/%2e%2e/%2e%2e/%2e%2e/%2e%2e/%2e%2e/%2e%2e/bin/sh)
[Sun Jul 20 09:07:07.107598 2025] [core:error] [pid 11285:tid 140095474603776] [client 42.200.243.30:48227] AH10244: invalid URI path (/zh/zh/.%2e/%2e%2e/%2e%2e/%2e%2e/%2e%2e/%2e%2e/%2e%2e/etc/passwd)
[Sun Jul 20 09:07:07.121930 2025] [core:error] [pid 7179:tid 140095382284032] [client 42.200.243.30:46667] AH10244: invalid URI path (/zh/zh/.%2e/%2e%2e/%2e%2e/%2e%2e/%2e%2e/%2e%2e/%2e%2e/bin/sh)
[Sun Jul 20 09:07:07.133939 2025] [core:error] [pid 7250:tid 140095441032960] [client 42.200.243.30:56243] AH10244: invalid URI path (/zh/zh/user/.%2e/%2e%2e/%2e%2e/%2e%2e/%2e%2e/%2e%2e/%2e%2e/etc/passwd)
[Sun Jul 20 09:07:07.147199 2025] [core:error] [pid 7250:tid 140095608870656] [client 42.200.243.30:41991] AH10244: invalid URI path (/zh/zh/user/.%2e/%2e%2e/%2e%2e/%2e%2e/%2e%2e/%2e%2e/%2e%2e/bin/sh)
[Sun Jul 20 09:07:07.159731 2025] [core:error] [pid 7179:tid 140095457818368] [client 42.200.243.30:54899] AH10244: invalid URI path (/en/.%2e/%2e%2e/%2e%2e/%2e%2e/%2e%2e/%2e%2e/%2e%2e/etc/passwd)
[Sun Jul 20 09:07:07.170829 2025] [core:error] [pid 7179:tid 140095365498624] [client 42.200.243.30:35211] AH10244: invalid URI path (/en/.%2e/%2e%2e/%2e%2e/%2e%2e/%2e%2e/%2e%2e/%2e%2e/bin/sh)
[Sun Jul 20 09:07:07.186022 2025] [core:error] [pid 22664:tid 140095415854848] [client 42.200.243.30:44297] AH10244: invalid URI path (/en/node/.%2e/%2e%2e/%2e%2e/%2e%2e/%2e%2e/%2e%2e/%2e%2e/etc/passwd)
[Sun Jul 20 09:07:07.198481 2025] [core:error] [pid 7179:tid 140095482996480] [client 42.200.243.30:43943] AH10244: invalid URI path (/en/node/.%2e/%2e%2e/%2e%2e/%2e%2e/%2e%2e/%2e%2e/%2e%2e/bin/sh)
[Sun Jul 20 09:07:07.210574 2025] [core:error] [pid 7179:tid 140095382284032] [client 42.200.243.30:56511] AH10244: invalid URI path (/en/user/.%2e/%2e%2e/%2e%2e/%2e%2e/%2e%2e/%2e%2e/%2e%2e/etc/passwd)
[Sun Jul 20 09:07:07.238092 2025] [core:error] [pid 22664:tid 140095390676736] [client 42.200.243.30:42859] AH10244: invalid URI path (/en/user/.%2e/%2e%2e/%2e%2e/%2e%2e/%2e%2e/%2e%2e/%2e%2e/bin/sh)
[Sun Jul 20 09:07:07.251299 2025] [core:error] [pid 11285:tid 140095357105920] [client 42.200.243.30:58493] AH10244: invalid URI path (/sites/default/files/languages/.%2e/%2e%2e/%2e%2e/%2e%2e/%2e%2e/%2e%2e/%2e%2e/etc/passwd)
[Sun Jul 20 09:07:07.264737 2025] [core:error] [pid 7179:tid 140095499781888] [client 42.200.243.30:39467] AH10244: invalid URI path (/sites/default/files/languages/.%2e/%2e%2e/%2e%2e/%2e%2e/%2e%2e/%2e%2e/%2e%2e/bin/sh)
[Sun Jul 20 09:07:07.277510 2025] [core:error] [pid 11285:tid 140095373891328] [client 42.200.243.30:56411] AH10244: invalid URI path (/auth/.%2e/%2e%2e/%2e%2e/%2e%2e/%2e%2e/%2e%2e/%2e%2e/etc/passwd)
[Sun Jul 20 09:07:07.292104 2025] [core:error] [pid 22664:tid 140095365498624] [client 42.200.243.30:55905] AH10244: invalid URI path (/auth/.%2e/%2e%2e/%2e%2e/%2e%2e/%2e%2e/%2e%2e/%2e%2e/bin/sh)
[Sun Jul 20 09:07:07.305579 2025] [core:error] [pid 11285:tid 140095382284032] [client 42.200.243.30:52559] AH10244: invalid URI path (/backup/.%2e/%2e%2e/%2e%2e/%2e%2e/%2e%2e/%2e%2e/%2e%2e/etc/passwd)
[Sun Jul 20 09:07:07.321108 2025] [core:error] [pid 11285:tid 140095357105920] [client 42.200.243.30:41669] AH10244: invalid URI path (/backup/.%2e/%2e%2e/%2e%2e/%2e%2e/%2e%2e/%2e%2e/%2e%2e/bin/sh)
[Sun Jul 20 09:07:07.348948 2025] [core:error] [pid 11285:tid 140095449425664] [client 42.200.243.30:55919] AH10244: invalid URI path (/install/.%2e/%2e%2e/%2e%2e/%2e%2e/%2e%2e/%2e%2e/%2e%2e/etc/passwd)
[Sun Jul 20 09:07:07.375171 2025] [core:error] [pid 7179:tid 140095474603776] [client 42.200.243.30:34113] AH10244: invalid URI path (/install/.%2e/%2e%2e/%2e%2e/%2e%2e/%2e%2e/%2e%2e/%2e%2e/bin/sh)
[Sun Jul 20 09:07:07.386407 2025] [core:error] [pid 11285:tid 140095432640256] [client 42.200.243.30:60341] AH10244: invalid URI path (/lib/.%2e/%2e%2e/%2e%2e/%2e%2e/%2e%2e/%2e%2e/%2e%2e/etc/passwd)
[Sun Jul 20 09:07:07.403045 2025] [core:error] [pid 7179:tid 140095382284032] [client 42.200.243.30:34491] AH10244: invalid URI path (/lib/.%2e/%2e%2e/%2e%2e/%2e%2e/%2e%2e/%2e%2e/%2e%2e/bin/sh)
[Sun Jul 20 09:07:07.415615 2025] [core:error] [pid 11285:tid 140095357105920] [client 42.200.243.30:42577] AH10244: invalid URI path (/report/.%2e/%2e%2e/%2e%2e/%2e%2e/%2e%2e/%2e%2e/%2e%2e/etc/passwd)
[Sun Jul 20 09:07:07.425958 2025] [core:error] [pid 7250:tid 140095365498624] [client 42.200.243.30:46651] AH10244: invalid URI path (/report/.%2e/%2e%2e/%2e%2e/%2e%2e/%2e%2e/%2e%2e/%2e%2e/bin/sh)
[Sun Jul 20 09:07:07.437556 2025] [core:error] [pid 22664:tid 140095424247552] [client 42.200.243.30:46025] AH10244: invalid URI path (/templates/.%2e/%2e%2e/%2e%2e/%2e%2e/%2e%2e/%2e%2e/%2e%2e/etc/passwd)
[Sun Jul 20 09:07:07.449653 2025] [core:error] [pid 7250:tid 140095399069440] [client 42.200.243.30:33085] AH10244: invalid URI path (/templates/.%2e/%2e%2e/%2e%2e/%2e%2e/%2e%2e/%2e%2e/%2e%2e/bin/sh)
[Sun Jul 20 09:07:30.020735 2025] [core:error] [pid 11285:tid 140095365498624] [client 42.200.243.30:55831] AH10244: invalid URI path (/.%%32%65/.%%32%65/.%%32%65/.%%32%65/.%%32%65/.%%32%65/etc/passwd)
[Sun Jul 20 09:07:30.084940 2025] [core:error] [pid 7179:tid 140095365498624] [client 42.200.243.30:51035] AH10244: invalid URI path (/.%%32%65/.%%32%65/.%%32%65/.%%32%65/.%%32%65/.%%32%65/bin/sh)
[Sun Jul 20 09:07:30.160561 2025] [core:error] [pid 7179:tid 140095399069440] [client 42.200.243.30:51123] AH10244: invalid URI path (/cgi-bin/.%%32%65/.%%32%65/.%%32%65/.%%32%65/.%%32%65/.%%32%65/etc/passwd)
[Sun Jul 20 09:07:30.245737 2025] [core:error] [pid 22664:tid 140095390676736] [client 42.200.243.30:54597] AH10244: invalid URI path (/cgi-bin/.%%32%65/.%%32%65/.%%32%65/.%%32%65/.%%32%65/.%%32%65/bin/sh)
[Sun Jul 20 09:07:30.307340 2025] [core:error] [pid 7179:tid 140095625656064] [client 42.200.243.30:52013] AH10244: invalid URI path (/icons/.%%32%65/.%%32%65/.%%32%65/.%%32%65/.%%32%65/.%%32%65/etc/passwd)
[Sun Jul 20 09:07:30.372270 2025] [core:error] [pid 11285:tid 140095382284032] [client 42.200.243.30:49581] AH10244: invalid URI path (/icons/.%%32%65/.%%32%65/.%%32%65/.%%32%65/.%%32%65/.%%32%65/bin/sh)
[Sun Jul 20 09:07:30.430791 2025] [core:error] [pid 7250:tid 140095449425664] [client 42.200.243.30:46733] AH10244: invalid URI path (/misc/.%%32%65/.%%32%65/.%%32%65/.%%32%65/.%%32%65/.%%32%65/etc/passwd)
[Sun Jul 20 09:07:30.491813 2025] [core:error] [pid 11285:tid 140095415854848] [client 42.200.243.30:57177] AH10244: invalid URI path (/misc/.%%32%65/.%%32%65/.%%32%65/.%%32%65/.%%32%65/.%%32%65/bin/sh)
[Sun Jul 20 09:07:30.550545 2025] [core:error] [pid 11285:tid 140095357105920] [client 42.200.243.30:34693] AH10244: invalid URI path (/sites/all/modules/google_analytics/.%%32%65/.%%32%65/.%%32%65/.%%32%65/.%%32%65/.%%32%65/etc/passwd)
[Sun Jul 20 09:07:30.608620 2025] [core:error] [pid 7179:tid 140095365498624] [client 42.200.243.30:38671] AH10244: invalid URI path (/sites/all/modules/google_analytics/.%%32%65/.%%32%65/.%%32%65/.%%32%65/.%%32%65/.%%32%65/bin/sh)
[Sun Jul 20 09:07:30.667262 2025] [core:error] [pid 7250:tid 140095407462144] [client 42.200.243.30:40917] AH10244: invalid URI path (/sites/default/files/.%%32%65/.%%32%65/.%%32%65/.%%32%65/.%%32%65/.%%32%65/etc/passwd)
[Sun Jul 20 09:07:30.728090 2025] [core:error] [pid 11285:tid 140095382284032] [client 42.200.243.30:57649] AH10244: invalid URI path (/sites/default/files/.%%32%65/.%%32%65/.%%32%65/.%%32%65/.%%32%65/.%%32%65/bin/sh)
[Sun Jul 20 09:07:30.784024 2025] [core:error] [pid 11285:tid 140095432640256] [client 42.200.243.30:51985] AH10244: invalid URI path (/game_a/.%%32%65/.%%32%65/.%%32%65/.%%32%65/.%%32%65/.%%32%65/etc/passwd)
[Sun Jul 20 09:07:30.868604 2025] [core:error] [pid 7250:tid 140095432640256] [client 42.200.243.30:49145] AH10244: invalid URI path (/game_a/.%%32%65/.%%32%65/.%%32%65/.%%32%65/.%%32%65/.%%32%65/bin/sh)
[Sun Jul 20 09:07:30.948589 2025] [core:error] [pid 7250:tid 140095382284032] [client 42.200.243.30:38683] AH10244: invalid URI path (/game_b/.%%32%65/.%%32%65/.%%32%65/.%%32%65/.%%32%65/.%%32%65/etc/passwd)
[Sun Jul 20 09:07:31.007521 2025] [core:error] [pid 11285:tid 140095407462144] [client 42.200.243.30:52431] AH10244: invalid URI path (/game_b/.%%32%65/.%%32%65/.%%32%65/.%%32%65/.%%32%65/.%%32%65/bin/sh)
[Sun Jul 20 09:07:31.035047 2025] [core:error] [pid 11285:tid 140095357105920] [client 42.200.243.30:42433] AH10244: invalid URI path (/.%2e/%2e%2e/%2e%2e/%2e%2e/%2e%2e/%2e%2e/%2e%2e/etc/passwd)
[Sun Jul 20 09:07:31.066495 2025] [core:error] [pid 7250:tid 140095390676736] [client 42.200.243.30:50821] AH10244: invalid URI path (/user/.%%32%65/.%%32%65/.%%32%65/.%%32%65/.%%32%65/.%%32%65/etc/passwd)
[Sun Jul 20 09:07:31.094117 2025] [core:error] [pid 7250:tid 140095357105920] [client 42.200.243.30:51287] AH10244: invalid URI path (/.%2e/%2e%2e/%2e%2e/%2e%2e/%2e%2e/%2e%2e/%2e%2e/bin/sh)
[Sun Jul 20 09:07:31.123198 2025] [core:error] [pid 7250:tid 140095373891328] [client 42.200.243.30:42557] AH10244: invalid URI path (/user/.%%32%65/.%%32%65/.%%32%65/.%%32%65/.%%32%65/.%%32%65/bin/sh)
[Sun Jul 20 09:07:31.150412 2025] [core:error] [pid 7250:tid 140095399069440] [client 42.200.243.30:44607] AH10244: invalid URI path (/cgi-bin/.%2e/%2e%2e/%2e%2e/%2e%2e/%2e%2e/%2e%2e/%2e%2e/etc/passwd)
[Sun Jul 20 09:07:31.179153 2025] [core:error] [pid 7250:tid 140095432640256] [client 42.200.243.30:59307] AH10244: invalid URI path (/zh/.%%32%65/.%%32%65/.%%32%65/.%%32%65/.%%32%65/.%%32%65/etc/passwd)
[Sun Jul 20 09:07:31.207360 2025] [core:error] [pid 7250:tid 140095382284032] [client 42.200.243.30:45987] AH10244: invalid URI path (/cgi-bin/.%2e/%2e%2e/%2e%2e/%2e%2e/%2e%2e/%2e%2e/%2e%2e/bin/sh)
[Sun Jul 20 09:07:31.242654 2025] [core:error] [pid 11285:tid 140095390676736] [client 42.200.243.30:42895] AH10244: invalid URI path (/zh/.%%32%65/.%%32%65/.%%32%65/.%%32%65/.%%32%65/.%%32%65/bin/sh)
[Sun Jul 20 09:07:31.268237 2025] [core:error] [pid 7250:tid 140095373891328] [client 42.200.243.30:40619] AH10244: invalid URI path (/icons/.%2e/%2e%2e/%2e%2e/%2e%2e/%2e%2e/%2e%2e/%2e%2e/etc/passwd)
[Sun Jul 20 09:07:31.304152 2025] [core:error] [pid 22664:tid 140095373891328] [client 42.200.243.30:34585] AH10244: invalid URI path (/zh/user/.%%32%65/.%%32%65/.%%32%65/.%%32%65/.%%32%65/.%%32%65/etc/passwd)
[Sun Jul 20 09:07:31.333268 2025] [core:error] [pid 11285:tid 140095373891328] [client 42.200.243.30:56565] AH10244: invalid URI path (/icons/.%2e/%2e%2e/%2e%2e/%2e%2e/%2e%2e/%2e%2e/%2e%2e/bin/sh)
[Sun Jul 20 09:07:31.365229 2025] [core:error] [pid 11285:tid 140095365498624] [client 42.200.243.30:47779] AH10244: invalid URI path (/zh/user/.%%32%65/.%%32%65/.%%32%65/.%%32%65/.%%32%65/.%%32%65/bin/sh)
[Sun Jul 20 09:07:31.391541 2025] [core:error] [pid 11285:tid 140095625656064] [client 42.200.243.30:47355] AH10244: invalid URI path (/misc/.%2e/%2e%2e/%2e%2e/%2e%2e/%2e%2e/%2e%2e/%2e%2e/etc/passwd)
[Sun Jul 20 09:07:31.425769 2025] [core:error] [pid 11285:tid 140095415854848] [client 42.200.243.30:53143] AH10244: invalid URI path (/node/.%%32%65/.%%32%65/.%%32%65/.%%32%65/.%%32%65/.%%32%65/etc/passwd)
[Sun Jul 20 09:07:31.448529 2025] [core:error] [pid 11285:tid 140095365498624] [client 42.200.243.30:37675] AH10244: invalid URI path (/misc/.%2e/%2e%2e/%2e%2e/%2e%2e/%2e%2e/%2e%2e/%2e%2e/bin/sh)
[Sun Jul 20 09:07:31.483332 2025] [core:error] [pid 7179:tid 140095399069440] [client 42.200.243.30:57089] AH10244: invalid URI path (/node/.%%32%65/.%%32%65/.%%32%65/.%%32%65/.%%32%65/.%%32%65/bin/sh)
[Sun Jul 20 09:07:31.508860 2025] [core:error] [pid 11285:tid 140095390676736] [client 42.200.243.30:40109] AH10244: invalid URI path (/sites/all/modules/google_analytics/.%2e/%2e%2e/%2e%2e/%2e%2e/%2e%2e/%2e%2e/%2e%2e/etc/passwd)
[Sun Jul 20 09:07:31.544199 2025] [core:error] [pid 11285:tid 140095432640256] [client 42.200.243.30:44435] AH10244: invalid URI path (/game_b/flipclock/.%%32%65/.%%32%65/.%%32%65/.%%32%65/.%%32%65/.%%32%65/etc/passwd)
[Sun Jul 20 09:07:31.569850 2025] [core:error] [pid 22664:tid 140095365498624] [client 42.200.243.30:38937] AH10244: invalid URI path (/sites/all/modules/google_analytics/.%2e/%2e%2e/%2e%2e/%2e%2e/%2e%2e/%2e%2e/%2e%2e/bin/sh)
[Sun Jul 20 09:07:31.608306 2025] [core:error] [pid 11285:tid 140095407462144] [client 42.200.243.30:43267] AH10244: invalid URI path (/game_b/flipclock/.%%32%65/.%%32%65/.%%32%65/.%%32%65/.%%32%65/.%%32%65/bin/sh)
[Sun Jul 20 09:07:31.636485 2025] [core:error] [pid 11285:tid 140095457818368] [client 42.200.243.30:51329] AH10244: invalid URI path (/sites/default/files/.%2e/%2e%2e/%2e%2e/%2e%2e/%2e%2e/%2e%2e/%2e%2e/etc/passwd)
[Sun Jul 20 09:07:31.674080 2025] [core:error] [pid 11285:tid 140095373891328] [client 42.200.243.30:33477] AH10244: invalid URI path (/zh/node/.%%32%65/.%%32%65/.%%32%65/.%%32%65/.%%32%65/.%%32%65/etc/passwd)
[Sun Jul 20 09:07:31.695665 2025] [core:error] [pid 22664:tid 140095390676736] [client 42.200.243.30:54069] AH10244: invalid URI path (/sites/default/files/.%2e/%2e%2e/%2e%2e/%2e%2e/%2e%2e/%2e%2e/%2e%2e/bin/sh)
[Sun Jul 20 09:07:31.734692 2025] [core:error] [pid 11285:tid 140095382284032] [client 42.200.243.30:33159] AH10244: invalid URI path (/zh/node/.%%32%65/.%%32%65/.%%32%65/.%%32%65/.%%32%65/.%%32%65/bin/sh)
[Sun Jul 20 09:07:31.757582 2025] [core:error] [pid 11285:tid 140095365498624] [client 42.200.243.30:42233] AH10244: invalid URI path (/game_a/.%2e/%2e%2e/%2e%2e/%2e%2e/%2e%2e/%2e%2e/%2e%2e/etc/passwd)
[Sun Jul 20 09:07:31.794349 2025] [core:error] [pid 11285:tid 140095399069440] [client 42.200.243.30:39735] AH10244: invalid URI path (/zh/zh/.%%32%65/.%%32%65/.%%32%65/.%%32%65/.%%32%65/.%%32%65/etc/passwd)
[Sun Jul 20 09:07:31.819393 2025] [core:error] [pid 11285:tid 140095382284032] [client 42.200.243.30:41203] AH10244: invalid URI path (/game_a/.%2e/%2e%2e/%2e%2e/%2e%2e/%2e%2e/%2e%2e/%2e%2e/bin/sh)
[Sun Jul 20 09:07:31.864662 2025] [core:error] [pid 11285:tid 140095390676736] [client 42.200.243.30:50935] AH10244: invalid URI path (/zh/zh/.%%32%65/.%%32%65/.%%32%65/.%%32%65/.%%32%65/.%%32%65/bin/sh)
[Sun Jul 20 09:07:31.888321 2025] [core:error] [pid 22664:tid 140095373891328] [client 42.200.243.30:53309] AH10244: invalid URI path (/game_b/.%2e/%2e%2e/%2e%2e/%2e%2e/%2e%2e/%2e%2e/%2e%2e/etc/passwd)
[Sun Jul 20 09:07:31.922958 2025] [core:error] [pid 11285:tid 140095365498624] [client 42.200.243.30:52541] AH10244: invalid URI path (/zh/zh/user/.%%32%65/.%%32%65/.%%32%65/.%%32%65/.%%32%65/.%%32%65/etc/passwd)
[Sun Jul 20 09:07:31.950355 2025] [core:error] [pid 7250:tid 140095365498624] [client 42.200.243.30:38567] AH10244: invalid URI path (/game_b/.%2e/%2e%2e/%2e%2e/%2e%2e/%2e%2e/%2e%2e/%2e%2e/bin/sh)
[Sun Jul 20 09:07:31.983584 2025] [core:error] [pid 7250:tid 140095399069440] [client 42.200.243.30:38185] AH10244: invalid URI path (/zh/zh/user/.%%32%65/.%%32%65/.%%32%65/.%%32%65/.%%32%65/.%%32%65/bin/sh)
[Sun Jul 20 09:07:32.009989 2025] [core:error] [pid 7250:tid 140095449425664] [client 42.200.243.30:43783] AH10244: invalid URI path (/user/.%2e/%2e%2e/%2e%2e/%2e%2e/%2e%2e/%2e%2e/%2e%2e/etc/passwd)
[Sun Jul 20 09:07:32.044306 2025] [core:error] [pid 7250:tid 140095608870656] [client 42.200.243.30:44047] AH10244: invalid URI path (/zh-hant/.%%32%65/.%%32%65/.%%32%65/.%%32%65/.%%32%65/.%%32%65/etc/passwd)
[Sun Jul 20 09:07:32.068750 2025] [core:error] [pid 11285:tid 140095373891328] [client 42.200.243.30:52939] AH10244: invalid URI path (/user/.%2e/%2e%2e/%2e%2e/%2e%2e/%2e%2e/%2e%2e/%2e%2e/bin/sh)
[Sun Jul 20 09:07:32.104892 2025] [core:error] [pid 7250:tid 140095365498624] [client 42.200.243.30:56443] AH10244: invalid URI path (/zh-hant/.%%32%65/.%%32%65/.%%32%65/.%%32%65/.%%32%65/.%%32%65/bin/sh)
[Sun Jul 20 09:07:32.142802 2025] [core:error] [pid 11285:tid 140095382284032] [client 42.200.243.30:56137] AH10244: invalid URI path (/zh/.%2e/%2e%2e/%2e%2e/%2e%2e/%2e%2e/%2e%2e/%2e%2e/etc/passwd)
[Sun Jul 20 09:07:32.171385 2025] [core:error] [pid 7250:tid 140095382284032] [client 42.200.243.30:36253] AH10244: invalid URI path (/zh-hant/node/.%%32%65/.%%32%65/.%%32%65/.%%32%65/.%%32%65/.%%32%65/etc/passwd)
[Sun Jul 20 09:07:32.209561 2025] [core:error] [pid 7179:tid 140095382284032] [client 42.200.243.30:44087] AH10244: invalid URI path (/zh/.%2e/%2e%2e/%2e%2e/%2e%2e/%2e%2e/%2e%2e/%2e%2e/bin/sh)
[Sun Jul 20 09:07:32.243404 2025] [core:error] [pid 7250:tid 140095407462144] [client 42.200.243.30:42087] AH10244: invalid URI path (/zh-hant/node/.%%32%65/.%%32%65/.%%32%65/.%%32%65/.%%32%65/.%%32%65/bin/sh)
[Sun Jul 20 09:07:32.274316 2025] [core:error] [pid 7179:tid 140095390676736] [client 42.200.243.30:49859] AH10244: invalid URI path (/zh/user/.%2e/%2e%2e/%2e%2e/%2e%2e/%2e%2e/%2e%2e/%2e%2e/etc/passwd)
[Sun Jul 20 09:07:32.308900 2025] [core:error] [pid 22664:tid 140095357105920] [client 42.200.243.30:52395] AH10244: invalid URI path (/core/assets/vendor/normalize-css/.%%32%65/.%%32%65/.%%32%65/.%%32%65/.%%32%65/.%%32%65/etc/passwd)
[Sun Jul 20 09:07:32.341409 2025] [core:error] [pid 22664:tid 140095608870656] [client 42.200.243.30:43273] AH10244: invalid URI path (/zh/user/.%2e/%2e%2e/%2e%2e/%2e%2e/%2e%2e/%2e%2e/%2e%2e/bin/sh)
[Sun Jul 20 09:07:32.369395 2025] [core:error] [pid 7179:tid 140095407462144] [client 42.200.243.30:42843] AH10244: invalid URI path (/core/assets/vendor/normalize-css/.%%32%65/.%%32%65/.%%32%65/.%%32%65/.%%32%65/.%%32%65/bin/sh)
[Sun Jul 20 09:07:32.410852 2025] [core:error] [pid 7250:tid 140095600477952] [client 42.200.243.30:32907] AH10244: invalid URI path (/node/.%2e/%2e%2e/%2e%2e/%2e%2e/%2e%2e/%2e%2e/%2e%2e/etc/passwd)
[Sun Jul 20 09:07:32.445279 2025] [core:error] [pid 22664:tid 140095357105920] [client 42.200.243.30:34135] AH10244: invalid URI path (/core/misc/.%%32%65/.%%32%65/.%%32%65/.%%32%65/.%%32%65/.%%32%65/etc/passwd)
[Sun Jul 20 09:07:32.482082 2025] [core:error] [pid 22664:tid 140095390676736] [client 42.200.243.30:52215] AH10244: invalid URI path (/node/.%2e/%2e%2e/%2e%2e/%2e%2e/%2e%2e/%2e%2e/%2e%2e/bin/sh)
[Sun Jul 20 09:07:32.528327 2025] [core:error] [pid 22664:tid 140095432640256] [client 42.200.243.30:48615] AH10244: invalid URI path (/core/misc/.%%32%65/.%%32%65/.%%32%65/.%%32%65/.%%32%65/.%%32%65/bin/sh)
[Sun Jul 20 09:07:32.553196 2025] [core:error] [pid 22664:tid 140095524960000] [client 42.200.243.30:55037] AH10244: invalid URI path (/game_b/flipclock/.%2e/%2e%2e/%2e%2e/%2e%2e/%2e%2e/%2e%2e/%2e%2e/etc/passwd)
[Sun Jul 20 09:07:32.599414 2025] [core:error] [pid 11285:tid 140095373891328] [client 42.200.243.30:36957] AH10244: invalid URI path (/sites/default/files/inline-images/.%%32%65/.%%32%65/.%%32%65/.%%32%65/.%%32%65/.%%32%65/etc/passwd)
[Sun Jul 20 09:07:32.626063 2025] [core:error] [pid 22664:tid 140095357105920] [client 42.200.243.30:41701] AH10244: invalid URI path (/game_b/flipclock/.%2e/%2e%2e/%2e%2e/%2e%2e/%2e%2e/%2e%2e/%2e%2e/bin/sh)
[Sun Jul 20 09:07:32.667394 2025] [core:error] [pid 11285:tid 140095357105920] [client 42.200.243.30:54805] AH10244: invalid URI path (/sites/default/files/inline-images/.%%32%65/.%%32%65/.%%32%65/.%%32%65/.%%32%65/.%%32%65/bin/sh)
[Sun Jul 20 09:07:32.671709 2025] [core:error] [pid 11285:tid 140095449425664] [client 42.200.243.30:48881] AH10244: invalid URI path (/zh/node/.%2e/%2e%2e/%2e%2e/%2e%2e/%2e%2e/%2e%2e/%2e%2e/etc/passwd)
[Sun Jul 20 09:07:32.747847 2025] [core:error] [pid 11285:tid 140095390676736] [client 42.200.243.30:42117] AH10244: invalid URI path (/zh/node/.%2e/%2e%2e/%2e%2e/%2e%2e/%2e%2e/%2e%2e/%2e%2e/bin/sh)
[Sun Jul 20 09:07:32.750642 2025] [core:error] [pid 7179:tid 140095474603776] [client 42.200.243.30:35433] AH10244: invalid URI path (/sites/default/files/languages/.%%32%65/.%%32%65/.%%32%65/.%%32%65/.%%32%65/.%%32%65/etc/passwd)
[Sun Jul 20 09:07:32.806876 2025] [core:error] [pid 11285:tid 140095524960000] [client 42.200.243.30:50641] AH10244: invalid URI path (/zh/zh/.%2e/%2e%2e/%2e%2e/%2e%2e/%2e%2e/%2e%2e/%2e%2e/etc/passwd)
[Sun Jul 20 09:07:32.815576 2025] [core:error] [pid 11285:tid 140095399069440] [client 42.200.243.30:45563] AH10244: invalid URI path (/sites/default/files/languages/.%%32%65/.%%32%65/.%%32%65/.%%32%65/.%%32%65/.%%32%65/bin/sh)
[Sun Jul 20 09:07:32.873989 2025] [core:error] [pid 22664:tid 140095357105920] [client 42.200.243.30:55627] AH10244: invalid URI path (/zh/zh/.%2e/%2e%2e/%2e%2e/%2e%2e/%2e%2e/%2e%2e/%2e%2e/bin/sh)
[Sun Jul 20 09:07:32.880295 2025] [core:error] [pid 7179:tid 140095399069440] [client 42.200.243.30:58789] AH10244: invalid URI path (/sites/default/files/inline-files/.%%32%65/.%%32%65/.%%32%65/.%%32%65/.%%32%65/.%%32%65/etc/passwd)
[Sun Jul 20 09:07:32.936761 2025] [core:error] [pid 11285:tid 140095457818368] [client 42.200.243.30:52681] AH10244: invalid URI path (/zh/zh/user/.%2e/%2e%2e/%2e%2e/%2e%2e/%2e%2e/%2e%2e/%2e%2e/etc/passwd)
[Sun Jul 20 09:07:32.944442 2025] [core:error] [pid 11285:tid 140095432640256] [client 42.200.243.30:33853] AH10244: invalid URI path (/sites/default/files/inline-files/.%%32%65/.%%32%65/.%%32%65/.%%32%65/.%%32%65/.%%32%65/bin/sh)
[Sun Jul 20 09:07:32.992685 2025] [core:error] [pid 22664:tid 140095365498624] [client 42.200.243.30:38129] AH10244: invalid URI path (/zh/zh/user/.%2e/%2e%2e/%2e%2e/%2e%2e/%2e%2e/%2e%2e/%2e%2e/bin/sh)
[Sun Jul 20 09:07:33.004663 2025] [core:error] [pid 7250:tid 140095365498624] [client 42.200.243.30:41919] AH10244: invalid URI path (/en/.%%32%65/.%%32%65/.%%32%65/.%%32%65/.%%32%65/.%%32%65/etc/passwd)
[Sun Jul 20 09:07:33.057892 2025] [core:error] [pid 7250:tid 140095415854848] [client 42.200.243.30:44219] AH10244: invalid URI path (/zh-hant/.%2e/%2e%2e/%2e%2e/%2e%2e/%2e%2e/%2e%2e/%2e%2e/etc/passwd)
[Sun Jul 20 09:07:33.070241 2025] [core:error] [pid 7250:tid 140095399069440] [client 42.200.243.30:54357] AH10244: invalid URI path (/en/.%%32%65/.%%32%65/.%%32%65/.%%32%65/.%%32%65/.%%32%65/bin/sh)
[Sun Jul 20 09:07:33.120838 2025] [core:error] [pid 7179:tid 140095365498624] [client 42.200.243.30:58413] AH10244: invalid URI path (/zh-hant/.%2e/%2e%2e/%2e%2e/%2e%2e/%2e%2e/%2e%2e/%2e%2e/bin/sh)
[Sun Jul 20 09:07:33.144241 2025] [core:error] [pid 7250:tid 140095382284032] [client 42.200.243.30:39511] AH10244: invalid URI path (/en/node/.%%32%65/.%%32%65/.%%32%65/.%%32%65/.%%32%65/.%%32%65/etc/passwd)
[Sun Jul 20 09:07:33.185468 2025] [core:error] [pid 22664:tid 140095373891328] [client 42.200.243.30:57611] AH10244: invalid URI path (/zh-hant/node/.%2e/%2e%2e/%2e%2e/%2e%2e/%2e%2e/%2e%2e/%2e%2e/etc/passwd)
[Sun Jul 20 09:07:33.204550 2025] [core:error] [pid 7250:tid 140095390676736] [client 42.200.243.30:38231] AH10244: invalid URI path (/en/node/.%%32%65/.%%32%65/.%%32%65/.%%32%65/.%%32%65/.%%32%65/bin/sh)
[Sun Jul 20 09:07:33.242869 2025] [core:error] [pid 22664:tid 140095457818368] [client 42.200.243.30:45061] AH10244: invalid URI path (/zh-hant/node/.%2e/%2e%2e/%2e%2e/%2e%2e/%2e%2e/%2e%2e/%2e%2e/bin/sh)
[Sun Jul 20 09:07:33.262551 2025] [core:error] [pid 11285:tid 140095407462144] [client 42.200.243.30:37701] AH10244: invalid URI path (/en/user/.%%32%65/.%%32%65/.%%32%65/.%%32%65/.%%32%65/.%%32%65/etc/passwd)
[Sun Jul 20 09:07:33.302435 2025] [core:error] [pid 11285:tid 140095457818368] [client 42.200.243.30:47567] AH10244: invalid URI path (/core/assets/vendor/normalize-css/.%2e/%2e%2e/%2e%2e/%2e%2e/%2e%2e/%2e%2e/%2e%2e/etc/passwd)
[Sun Jul 20 09:07:33.322321 2025] [core:error] [pid 7250:tid 140095399069440] [client 42.200.243.30:52863] AH10244: invalid URI path (/en/user/.%%32%65/.%%32%65/.%%32%65/.%%32%65/.%%32%65/.%%32%65/bin/sh)
[Sun Jul 20 09:07:33.360115 2025] [core:error] [pid 11285:tid 140095357105920] [client 42.200.243.30:46829] AH10244: invalid URI path (/core/assets/vendor/normalize-css/.%2e/%2e%2e/%2e%2e/%2e%2e/%2e%2e/%2e%2e/%2e%2e/bin/sh)
[Sun Jul 20 09:07:33.378953 2025] [core:error] [pid 11285:tid 140095382284032] [client 42.200.243.30:42073] AH10244: invalid URI path (/core/.%%32%65/.%%32%65/.%%32%65/.%%32%65/.%%32%65/.%%32%65/etc/passwd)
[Sun Jul 20 09:07:33.418497 2025] [core:error] [pid 11285:tid 140095390676736] [client 42.200.243.30:42883] AH10244: invalid URI path (/core/misc/.%2e/%2e%2e/%2e%2e/%2e%2e/%2e%2e/%2e%2e/%2e%2e/etc/passwd)
[Sun Jul 20 09:07:33.439280 2025] [core:error] [pid 7250:tid 140095441032960] [client 42.200.243.30:59775] AH10244: invalid URI path (/core/.%%32%65/.%%32%65/.%%32%65/.%%32%65/.%%32%65/.%%32%65/bin/sh)
[Sun Jul 20 09:07:33.479212 2025] [core:error] [pid 11285:tid 140095365498624] [client 42.200.243.30:53509] AH10244: invalid URI path (/core/misc/.%2e/%2e%2e/%2e%2e/%2e%2e/%2e%2e/%2e%2e/%2e%2e/bin/sh)
[Sun Jul 20 09:07:33.500747 2025] [core:error] [pid 7250:tid 140095457818368] [client 42.200.243.30:40863] AH10244: invalid URI path (/resources/files/logo/.%%32%65/.%%32%65/.%%32%65/.%%32%65/.%%32%65/.%%32%65/etc/passwd)
[Sun Jul 20 09:07:33.540139 2025] [core:error] [pid 11285:tid 140095357105920] [client 42.200.243.30:33387] AH10244: invalid URI path (/sites/default/files/inline-images/.%2e/%2e%2e/%2e%2e/%2e%2e/%2e%2e/%2e%2e/%2e%2e/etc/passwd)
[Sun Jul 20 09:07:33.565105 2025] [core:error] [pid 7250:tid 140095382284032] [client 42.200.243.30:49815] AH10244: invalid URI path (/resources/files/logo/.%%32%65/.%%32%65/.%%32%65/.%%32%65/.%%32%65/.%%32%65/bin/sh)
[Sun Jul 20 09:07:33.598387 2025] [core:error] [pid 11285:tid 140095373891328] [client 42.200.243.30:46299] AH10244: invalid URI path (/sites/default/files/inline-images/.%2e/%2e%2e/%2e%2e/%2e%2e/%2e%2e/%2e%2e/%2e%2e/bin/sh)
[Sun Jul 20 09:07:33.668697 2025] [core:error] [pid 7250:tid 140095373891328] [client 42.200.243.30:50739] AH10244: invalid URI path (/sites/default/files/languages/.%2e/%2e%2e/%2e%2e/%2e%2e/%2e%2e/%2e%2e/%2e%2e/etc/passwd)
[Sun Jul 20 09:07:33.726516 2025] [core:error] [pid 7250:tid 140095382284032] [client 42.200.243.30:38971] AH10244: invalid URI path (/sites/default/files/languages/.%2e/%2e%2e/%2e%2e/%2e%2e/%2e%2e/%2e%2e/%2e%2e/bin/sh)
[Sun Jul 20 09:07:33.786104 2025] [core:error] [pid 11285:tid 140095357105920] [client 42.200.243.30:49193] AH10244: invalid URI path (/sites/default/files/inline-files/.%2e/%2e%2e/%2e%2e/%2e%2e/%2e%2e/%2e%2e/%2e%2e/etc/passwd)
[Sun Jul 20 09:07:33.874560 2025] [core:error] [pid 11285:tid 140095390676736] [client 42.200.243.30:34267] AH10244: invalid URI path (/sites/default/files/inline-files/.%2e/%2e%2e/%2e%2e/%2e%2e/%2e%2e/%2e%2e/%2e%2e/bin/sh)
[Sun Jul 20 09:07:33.956044 2025] [core:error] [pid 7250:tid 140095365498624] [client 42.200.243.30:57325] AH10244: invalid URI path (/en/.%2e/%2e%2e/%2e%2e/%2e%2e/%2e%2e/%2e%2e/%2e%2e/etc/passwd)
[Sun Jul 20 09:07:34.017292 2025] [core:error] [pid 11285:tid 140095466211072] [client 42.200.243.30:50855] AH10244: invalid URI path (/en/.%2e/%2e%2e/%2e%2e/%2e%2e/%2e%2e/%2e%2e/%2e%2e/bin/sh)
[Sun Jul 20 09:07:34.077380 2025] [core:error] [pid 22664:tid 140095373891328] [client 42.200.243.30:33905] AH10244: invalid URI path (/en/node/.%2e/%2e%2e/%2e%2e/%2e%2e/%2e%2e/%2e%2e/%2e%2e/etc/passwd)
[Sun Jul 20 09:07:34.143496 2025] [core:error] [pid 22664:tid 140095357105920] [client 42.200.243.30:47419] AH10244: invalid URI path (/en/node/.%2e/%2e%2e/%2e%2e/%2e%2e/%2e%2e/%2e%2e/%2e%2e/bin/sh)
[Sun Jul 20 09:07:34.205848 2025] [core:error] [pid 22664:tid 140095441032960] [client 42.200.243.30:42753] AH10244: invalid URI path (/en/user/.%2e/%2e%2e/%2e%2e/%2e%2e/%2e%2e/%2e%2e/%2e%2e/etc/passwd)
[Sun Jul 20 09:07:34.267737 2025] [core:error] [pid 11285:tid 140095357105920] [client 42.200.243.30:32879] AH10244: invalid URI path (/en/user/.%2e/%2e%2e/%2e%2e/%2e%2e/%2e%2e/%2e%2e/%2e%2e/bin/sh)
[Sun Jul 20 09:07:34.338403 2025] [core:error] [pid 7250:tid 140095357105920] [client 42.200.243.30:44795] AH10244: invalid URI path (/core/.%2e/%2e%2e/%2e%2e/%2e%2e/%2e%2e/%2e%2e/%2e%2e/etc/passwd)
[Sun Jul 20 09:07:34.398358 2025] [core:error] [pid 11285:tid 140095373891328] [client 42.200.243.30:39427] AH10244: invalid URI path (/core/.%2e/%2e%2e/%2e%2e/%2e%2e/%2e%2e/%2e%2e/%2e%2e/bin/sh)
[Sun Jul 20 09:07:34.468560 2025] [core:error] [pid 11285:tid 140095365498624] [client 42.200.243.30:57505] AH10244: invalid URI path (/resources/files/logo/.%2e/%2e%2e/%2e%2e/%2e%2e/%2e%2e/%2e%2e/%2e%2e/etc/passwd)
[Sun Jul 20 09:07:34.531834 2025] [core:error] [pid 7179:tid 140095407462144] [client 42.200.243.30:41137] AH10244: invalid URI path (/resources/files/logo/.%2e/%2e%2e/%2e%2e/%2e%2e/%2e%2e/%2e%2e/%2e%2e/bin/sh)
[Sun Jul 20 09:18:20.820150 2025] [rewrite:error] [pid 7179:tid 140095365498624] [client 42.200.243.30:51001] AH10411: Rewritten query string contains control characters or spaces
[Sun Jul 20 09:18:20.830316 2025] [rewrite:error] [pid 7179:tid 140095357105920] [client 42.200.243.30:51001] AH10411: Rewritten query string contains control characters or spaces
[Sun Jul 20 09:37:46.393071 2025] [cgid:error] [pid 20359:tid 140095382284032] [client 42.200.243.30:41213] AH01264: stderr from /var/www/cgi-bin/get_status.cgi: script not found or unable to stat
[Sun Jul 20 10:25:05.303608 2025] [core:error] [pid 8006:tid 140095390676736] [client 42.200.243.30:37169] AH10244: invalid URI path (/static/../../../../../../../../../etc/passwd.)
[Sun Jul 20 10:25:06.148221 2025] [core:error] [pid 23622:tid 140095424247552] [client 42.200.243.30:43519] AH10244: invalid URI path (/static/../../../../../../../../../etc/passwd.)
[Sun Jul 20 10:29:29.484852 2025] [cgid:error] [pid 8006:tid 140095373891328] [client 42.200.243.30:45513] AH01264: stderr from /var/www/cgi-bin/common: script not found or unable to stat
[Sun Jul 20 10:43:21.653204 2025] [cgid:error] [pid 8097:tid 140095382284032] [client 42.200.243.30:47037] AH01264: stderr from /var/www/cgi-bin/ExportSettings.sh: script not found or unable to stat
[Sun Jul 20 10:59:06.899559 2025] [rewrite:error] [pid 23622:tid 140095373891328] [client 42.200.243.30:40077] AH10411: Rewritten query string contains control characters or spaces
[Sun Jul 20 10:59:06.907828 2025] [rewrite:error] [pid 23622:tid 140095382284032] [client 42.200.243.30:40077] AH10411: Rewritten query string contains control characters or spaces
[Sun Jul 20 10:59:06.918277 2025] [rewrite:error] [pid 23622:tid 140095357105920] [client 42.200.243.30:40077] AH10411: Rewritten query string contains control characters or spaces
[Sun Jul 20 10:59:06.924869 2025] [rewrite:error] [pid 23622:tid 140095365498624] [client 42.200.243.30:40077] AH10411: Rewritten query string contains control characters or spaces
[Sun Jul 20 10:59:06.934014 2025] [rewrite:error] [pid 23622:tid 140095373891328] [client 42.200.243.30:40077] AH10411: Rewritten query string contains control characters or spaces
[Sun Jul 20 10:59:06.941838 2025] [rewrite:error] [pid 23622:tid 140095357105920] [client 42.200.243.30:40077] AH10411: Rewritten query string contains control characters or spaces
[Sun Jul 20 10:59:06.948825 2025] [rewrite:error] [pid 23622:tid 140095390676736] [client 42.200.243.30:40077] AH10411: Rewritten query string contains control characters or spaces
[Sun Jul 20 10:59:06.956592 2025] [rewrite:error] [pid 23622:tid 140095424247552] [client 42.200.243.30:40077] AH10411: Rewritten query string contains control characters or spaces
[Sun Jul 20 10:59:06.965278 2025] [rewrite:error] [pid 23622:tid 140095390676736] [client 42.200.243.30:40077] AH10411: Rewritten query string contains control characters or spaces
[Sun Jul 20 10:59:06.973385 2025] [rewrite:error] [pid 23622:tid 140095399069440] [client 42.200.243.30:40077] AH10411: Rewritten query string contains control characters or spaces
[Sun Jul 20 10:59:06.981015 2025] [rewrite:error] [pid 23622:tid 140095365498624] [client 42.200.243.30:40077] AH10411: Rewritten query string contains control characters or spaces
[Sun Jul 20 10:59:06.987539 2025] [rewrite:error] [pid 23622:tid 140095382284032] [client 42.200.243.30:40077] AH10411: Rewritten query string contains control characters or spaces
[Sun Jul 20 10:59:06.993512 2025] [rewrite:error] [pid 23622:tid 140095365498624] [client 42.200.243.30:40077] AH10411: Rewritten query string contains control characters or spaces
[Sun Jul 20 10:59:06.999928 2025] [rewrite:error] [pid 23622:tid 140095357105920] [client 42.200.243.30:40077] AH10411: Rewritten query string contains control characters or spaces
[Sun Jul 20 10:59:07.006923 2025] [rewrite:error] [pid 23622:tid 140095382284032] [client 42.200.243.30:40077] AH10411: Rewritten query string contains control characters or spaces
[Sun Jul 20 10:59:07.020607 2025] [rewrite:error] [pid 23622:tid 140095407462144] [client 42.200.243.30:40077] AH10411: Rewritten query string contains control characters or spaces
[Sun Jul 20 10:59:07.061765 2025] [rewrite:error] [pid 23622:tid 140095365498624] [client 42.200.243.30:40077] AH10411: Rewritten query string contains control characters or spaces
[Sun Jul 20 10:59:07.069701 2025] [rewrite:error] [pid 23622:tid 140095390676736] [client 42.200.243.30:40077] AH10411: Rewritten query string contains control characters or spaces
[Sun Jul 20 10:59:07.079112 2025] [rewrite:error] [pid 23622:tid 140095415854848] [client 42.200.243.30:40077] AH10411: Rewritten query string contains control characters or spaces
[Sun Jul 20 10:59:07.087757 2025] [rewrite:error] [pid 23622:tid 140095357105920] [client 42.200.243.30:40077] AH10411: Rewritten query string contains control characters or spaces
[Sun Jul 20 10:59:07.129629 2025] [rewrite:error] [pid 23622:tid 140095373891328] [client 42.200.243.30:40077] AH10411: Rewritten query string contains control characters or spaces
[Sun Jul 20 10:59:07.141446 2025] [rewrite:error] [pid 23622:tid 140095449425664] [client 42.200.243.30:40077] AH10411: Rewritten query string contains control characters or spaces
[Sun Jul 20 10:59:07.153663 2025] [rewrite:error] [pid 23622:tid 140095373891328] [client 42.200.243.30:40077] AH10411: Rewritten query string contains control characters or spaces
[Sun Jul 20 10:59:07.163652 2025] [rewrite:error] [pid 23622:tid 140095407462144] [client 42.200.243.30:40077] AH10411: Rewritten query string contains control characters or spaces
[Sun Jul 20 10:59:07.198323 2025] [rewrite:error] [pid 23622:tid 140095365498624] [client 42.200.243.30:40077] AH10411: Rewritten query string contains control characters or spaces
[Sun Jul 20 10:59:07.208651 2025] [rewrite:error] [pid 23622:tid 140095357105920] [client 42.200.243.30:40077] AH10411: Rewritten query string contains control characters or spaces
[Sun Jul 20 10:59:07.219177 2025] [rewrite:error] [pid 23622:tid 140095365498624] [client 42.200.243.30:40077] AH10411: Rewritten query string contains control characters or spaces
[Sun Jul 20 11:08:05.120691 2025] [cgid:error] [pid 8097:tid 140095365498624] [client 42.200.243.30:50371] AH01264: stderr from /var/www/cgi-bin/faqmanager.cgi: script not found or unable to stat
[Sun Jul 20 11:45:20.565944 2025] [core:error] [pid 15134:tid 140095390676736] [client 42.200.243.30:35031] AH10244: invalid URI path (/../../sys/devices/media/13070000.jpgd/../../../../etc/passwd)
[Sun Jul 20 11:45:21.180424 2025] [core:error] [pid 15134:tid 140095474603776] [client 42.200.243.30:34439] AH10244: invalid URI path (/../../sys/devices/media/13070000.jpgd/../../../../etc/passwd)
[Sun Jul 20 11:46:11.470910 2025] [rewrite:error] [pid 15134:tid 140095373891328] [client 42.200.243.30:46319] AH10411: Rewritten query string contains control characters or spaces
[Sun Jul 20 11:54:28.146015 2025] [cgid:error] [pid 26526:tid 140095365498624] [client 42.200.243.30:44531] AH01264: stderr from /var/www/cgi-bin/story.pl: script not found or unable to stat
[Sun Jul 20 12:27:56.825127 2025] [cgid:error] [pid 17970:tid 140095399069440] [client 42.200.243.30:36489] AH01264: stderr from /var/www/cgi-bin/webproc: script not found or unable to stat
[Sun Jul 20 12:28:09.672047 2025] [core:error] [pid 17813:tid 140095357105920] [client 42.200.243.30:52689] AH10244: invalid URI path (/../../mnt/mtd/Config/passwd)
[Sun Jul 20 12:28:09.706277 2025] [core:error] [pid 17813:tid 140095365498624] [client 42.200.243.30:47657] AH10244: invalid URI path (/../../mnt/mtd/Config/Sha1Account1)
[Sun Jul 20 12:28:09.721220 2025] [core:error] [pid 17813:tid 140095407462144] [client 42.200.243.30:34791] AH10244: invalid URI path (/../../mnt/mtd/Config/Sha1Account2)
[Sun Jul 20 12:28:09.736811 2025] [core:error] [pid 11049:tid 140095365498624] [client 42.200.243.30:58843] AH10244: invalid URI path (/../../mnt/mtd/Config/Account1)
[Sun Jul 20 12:28:09.757796 2025] [core:error] [pid 11049:tid 140095390676736] [client 42.200.243.30:36911] AH10244: invalid URI path (/../../mnt/mtd/Config/Account2)
[Sun Jul 20 12:28:29.755875 2025] [core:error] [pid 17970:tid 140095373891328] [client 42.200.243.30:50347] AH10244: invalid URI path (/../../mnt/mtd/Config/passwd)
[Sun Jul 20 12:28:29.895775 2025] [core:error] [pid 17970:tid 140095357105920] [client 42.200.243.30:60893] AH10244: invalid URI path (/../../mnt/mtd/Config/Sha1Account1)
[Sun Jul 20 12:28:29.959926 2025] [core:error] [pid 17970:tid 140095432640256] [client 42.200.243.30:58089] AH10244: invalid URI path (/../../mnt/mtd/Config/Sha1Account2)
[Sun Jul 20 12:28:30.024184 2025] [core:error] [pid 17088:tid 140095357105920] [client 42.200.243.30:50769] AH10244: invalid URI path (/../../mnt/mtd/Config/Account1)
[Sun Jul 20 12:28:30.087446 2025] [core:error] [pid 17970:tid 140095415854848] [client 42.200.243.30:52415] AH10244: invalid URI path (/../../mnt/mtd/Config/Account2)
[Sun Jul 20 12:28:39.706833 2025] [cgid:error] [pid 11049:tid 140095415854848] [client 42.200.243.30:52869] AH01264: stderr from /var/www/cgi-bin/chklogin.cgi: script not found or unable to stat
[Sun Jul 20 12:28:41.887317 2025] [cgid:error] [pid 17813:tid 140095415854848] [client 42.200.243.30:44793] AH01264: stderr from /var/www/cgi-bin/readfile.cgi: script not found or unable to stat
[Sun Jul 20 12:59:46.659552 2025] [cgid:error] [pid 6400:tid 140095365498624] [client 42.200.243.30:44091] AH01264: stderr from /var/www/cgi-bin/php: script not found or unable to stat
[Sun Jul 20 12:59:46.666011 2025] [cgid:error] [pid 6400:tid 140095373891328] [client 42.200.243.30:44091] AH01264: stderr from /var/www/cgi-bin/php: script not found or unable to stat
[Sun Jul 20 12:59:46.672069 2025] [cgid:error] [pid 6400:tid 140095365498624] [client 42.200.243.30:44091] AH01264: stderr from /var/www/cgi-bin/php4: script not found or unable to stat
[Sun Jul 20 12:59:46.677560 2025] [cgid:error] [pid 6400:tid 140095373891328] [client 42.200.243.30:44091] AH01264: stderr from /var/www/cgi-bin/php4: script not found or unable to stat
[Sun Jul 20 12:59:46.684623 2025] [cgid:error] [pid 6400:tid 140095382284032] [client 42.200.243.30:44091] AH01264: stderr from /var/www/cgi-bin/php4-cgi: script not found or unable to stat
[Sun Jul 20 12:59:46.690139 2025] [cgid:error] [pid 6400:tid 140095365498624] [client 42.200.243.30:44091] AH01264: stderr from /var/www/cgi-bin/php4-cgi: script not found or unable to stat
[Sun Jul 20 12:59:46.696280 2025] [cgid:error] [pid 6400:tid 140095382284032] [client 42.200.243.30:44091] AH01264: stderr from /var/www/cgi-bin/php4.cgi: script not found or unable to stat
[Sun Jul 20 12:59:46.704704 2025] [cgid:error] [pid 6400:tid 140095373891328] [client 42.200.243.30:44091] AH01264: stderr from /var/www/cgi-bin/php4.cgi: script not found or unable to stat
[Sun Jul 20 12:59:46.711002 2025] [cgid:error] [pid 6400:tid 140095365498624] [client 42.200.243.30:44091] AH01264: stderr from /var/www/cgi-bin/php5: script not found or unable to stat
[Sun Jul 20 12:59:46.718415 2025] [cgid:error] [pid 6400:tid 140095373891328] [client 42.200.243.30:44091] AH01264: stderr from /var/www/cgi-bin/php5: script not found or unable to stat
[Sun Jul 20 12:59:46.727835 2025] [cgid:error] [pid 6400:tid 140095390676736] [client 42.200.243.30:44091] AH01264: stderr from /var/www/cgi-bin/php5-cgi: script not found or unable to stat
[Sun Jul 20 12:59:46.737667 2025] [cgid:error] [pid 6400:tid 140095365498624] [client 42.200.243.30:44091] AH01264: stderr from /var/www/cgi-bin/php5-cgi: script not found or unable to stat
[Sun Jul 20 12:59:46.746102 2025] [cgid:error] [pid 6400:tid 140095407462144] [client 42.200.243.30:44091] AH01264: stderr from /var/www/cgi-bin/php5.cgi: script not found or unable to stat
[Sun Jul 20 12:59:46.754875 2025] [cgid:error] [pid 6400:tid 140095415854848] [client 42.200.243.30:44091] AH01264: stderr from /var/www/cgi-bin/php5.cgi: script not found or unable to stat
[Sun Jul 20 12:59:46.769413 2025] [cgid:error] [pid 6400:tid 140095373891328] [client 42.200.243.30:44091] AH01264: stderr from /var/www/cgi-bin/php-cgi: script not found or unable to stat
[Sun Jul 20 12:59:46.775301 2025] [cgid:error] [pid 6400:tid 140095382284032] [client 42.200.243.30:44091] AH01264: stderr from /var/www/cgi-bin/php-cgi: script not found or unable to stat
[Sun Jul 20 12:59:46.785059 2025] [cgid:error] [pid 6400:tid 140095365498624] [client 42.200.243.30:44091] AH01264: stderr from /var/www/cgi-bin/php.cgi: script not found or unable to stat
[Sun Jul 20 12:59:46.792486 2025] [cgid:error] [pid 6400:tid 140095382284032] [client 42.200.243.30:44091] AH01264: stderr from /var/www/cgi-bin/php.cgi: script not found or unable to stat
[Sun Jul 20 13:28:54.205454 2025] [cgid:error] [pid 17088:tid 140095357105920] [client 42.200.243.30:38169] AH01264: stderr from /var/www/cgi-bin/powerup: script not found or unable to stat
[Sun Jul 20 13:28:54.232919 2025] [cgid:error] [pid 17088:tid 140095365498624] [client 42.200.243.30:38169] AH01264: stderr from /var/www/cgi-bin/powerup: script not found or unable to stat
[Sun Jul 20 14:02:10.850719 2025] [rewrite:error] [pid 18105:tid 140095373891328] [client 42.200.243.30:48443] AH10411: Rewritten query string contains control characters or spaces
[Sun Jul 20 14:02:10.857448 2025] [rewrite:error] [pid 18105:tid 140095382284032] [client 42.200.243.30:48443] AH10411: Rewritten query string contains control characters or spaces
[Sun Jul 20 14:02:10.868669 2025] [rewrite:error] [pid 18105:tid 140095399069440] [client 42.200.243.30:48443] AH10411: Rewritten query string contains control characters or spaces
[Sun Jul 20 14:02:10.876825 2025] [rewrite:error] [pid 18105:tid 140095373891328] [client 42.200.243.30:48443] AH10411: Rewritten query string contains control characters or spaces
[Sun Jul 20 14:02:10.883619 2025] [rewrite:error] [pid 18105:tid 140095390676736] [client 42.200.243.30:48443] AH10411: Rewritten query string contains control characters or spaces
[Sun Jul 20 14:02:10.891401 2025] [rewrite:error] [pid 18105:tid 140095365498624] [client 42.200.243.30:48443] AH10411: Rewritten query string contains control characters or spaces
[Sun Jul 20 14:02:10.897800 2025] [rewrite:error] [pid 18105:tid 140095407462144] [client 42.200.243.30:48443] AH10411: Rewritten query string contains control characters or spaces
[Sun Jul 20 14:02:10.903959 2025] [rewrite:error] [pid 18105:tid 140095365498624] [client 42.200.243.30:48443] AH10411: Rewritten query string contains control characters or spaces
[Sun Jul 20 14:02:10.913784 2025] [rewrite:error] [pid 18105:tid 140095390676736] [client 42.200.243.30:48443] AH10411: Rewritten query string contains control characters or spaces
[Sun Jul 20 14:02:10.919116 2025] [rewrite:error] [pid 18105:tid 140095382284032] [client 42.200.243.30:48443] AH10411: Rewritten query string contains control characters or spaces
[Sun Jul 20 14:02:10.931509 2025] [rewrite:error] [pid 18105:tid 140095432640256] [client 42.200.243.30:48443] AH10411: Rewritten query string contains control characters or spaces
