221.126.228.173 - - [13/Apr/2018:16:55:38 +0800] "GET /core/notification/get/ HTTP/1.1" 200 2 "http://ychlccsctest.camplus.hk/appraisal/listing" "Mozilla/5.0 (Windows NT 6.1) AppleWebKit/537.36 (KHTML, like Gecko) Chrome/65.0.3325.181 Safari/537.36"
221.126.228.173 - - [13/Apr/2018:16:55:39 +0800] "GET /core/notification/get/ HTTP/1.1" 200 2 "http://ychlccsctest.camplus.hk/appraisala/listing" "Mozilla/5.0 (Windows NT 6.1) AppleWebKit/537.36 (KHTML, like Gecko) Chrome/65.0.3325.181 Safari/537.36"
42.200.245.239 - - [13/Apr/2018:16:55:40 +0800] "GET /core/notification/get/ HTTP/1.1" 200 2 "http://ychlccsctest.camplus.hk/appraisala/listing" "Mozilla/5.0 (Windows NT 10.0; Win64; x64) AppleWebKit/537.36 (KHTML, like Gecko) Chrome/65.0.3325.181 Safari/537.36"
221.126.228.173 - - [13/Apr/2018:16:55:42 +0800] "GET /core/notification/get/ HTTP/1.1" 200 2 "http://ychlccsctest.camplus.hk/appraisal/listing" "Mozilla/5.0 (Windows NT 6.1) AppleWebKit/537.36 (KHTML, like Gecko) Chrome/65.0.3325.181 Safari/537.36"
221.126.228.173 - - [13/Apr/2018:16:55:44 +0800] "GET /core/notification/get/ HTTP/1.1" 200 2 "http://ychlccsctest.camplus.hk/appraisal/listing" "Mozilla/5.0 (Windows NT 6.1) AppleWebKit/537.36 (KHTML, like Gecko) Chrome/65.0.3325.181 Safari/537.36"
42.200.245.239 - - [13/Apr/2018:16:55:47 +0800] "GET /form/listing HTTP/1.1" 200 55535 "http://ychlccsctest.camplus.hk/appraisala/listing" "Mozilla/5.0 (Windows NT 10.0; Win64; x64) AppleWebKit/537.36 (KHTML, like Gecko) Chrome/65.0.3325.181 Safari/537.36"
42.200.245.239 - - [13/Apr/2018:16:55:48 +0800] "GET /core/notification/get/ HTTP/1.1" 200 2 "http://ychlccsctest.camplus.hk/form/listing" "Mozilla/5.0 (Windows NT 10.0; Win64; x64) AppleWebKit/537.36 (KHTML, like Gecko) Chrome/65.0.3325.181 Safari/537.36"
221.126.228.173 - - [13/Apr/2018:16:55:48 +0800] "GET /core/notification/get/ HTTP/1.1" 200 2 "http://ychlccsctest.camplus.hk/appraisal/listing" "Mozilla/5.0 (Windows NT 6.1) AppleWebKit/537.36 (KHTML, like Gecko) Chrome/65.0.3325.181 Safari/537.36"
221.126.228.173 - - [13/Apr/2018:16:55:48 +0800] "GET /core/notification/get/ HTTP/1.1" 200 2 "http://ychlccsctest.camplus.hk/appraisal/listing" "Mozilla/5.0 (Windows NT 6.1) AppleWebKit/537.36 (KHTML, like Gecko) Chrome/65.0.3325.181 Safari/537.36"
221.126.228.173 - - [13/Apr/2018:16:55:49 +0800] "GET /core/notification/get/ HTTP/1.1" 200 2 "http://ychlccsctest.camplus.hk/appraisala/listing" "Mozilla/5.0 (Windows NT 6.1) AppleWebKit/537.36 (KHTML, like Gecko) Chrome/65.0.3325.181 Safari/537.36"
221.126.228.173 - - [13/Apr/2018:16:55:51 +0800] "GET /form/listing HTTP/1.1" 200 55535 "http://ychlccsctest.camplus.hk/appraisala/listing" "Mozilla/5.0 (Windows NT 6.1) AppleWebKit/537.36 (KHTML, like Gecko) Chrome/65.0.3325.181 Safari/537.36"
42.200.245.239 - - [13/Apr/2018:16:55:51 +0800] "GET /form/edit/1 HTTP/1.1" 200 60021 "http://ychlccsctest.camplus.hk/form/listing" "Mozilla/5.0 (Windows NT 10.0; Win64; x64) AppleWebKit/537.36 (KHTML, like Gecko) Chrome/65.0.3325.181 Safari/537.36"
221.126.228.173 - - [13/Apr/2018:16:55:52 +0800] "GET /core/notification/get/ HTTP/1.1" 200 2 "http://ychlccsctest.camplus.hk/appraisal/listing" "Mozilla/5.0 (Windows NT 6.1) AppleWebKit/537.36 (KHTML, like Gecko) Chrome/65.0.3325.181 Safari/537.36"
42.200.245.239 - - [13/Apr/2018:16:55:52 +0800] "GET /assets/custom/survey-editor/knockout-min.js HTTP/1.1" 200 55956 "http://ychlccsctest.camplus.hk/form/edit/1" "Mozilla/5.0 (Windows NT 10.0; Win64; x64) AppleWebKit/537.36 (KHTML, like Gecko) Chrome/65.0.3325.181 Safari/537.36"
221.126.228.173 - - [13/Apr/2018:16:55:52 +0800] "GET /core/notification/get/ HTTP/1.1" 200 2 "http://ychlccsctest.camplus.hk/form/listing" "Mozilla/5.0 (Windows NT 6.1) AppleWebKit/537.36 (KHTML, like Gecko) Chrome/65.0.3325.181 Safari/537.36"
221.126.228.173 - - [13/Apr/2018:16:55:52 +0800] "GET /assets/custom/datatables/DataTables-1.10.13/images/sort_both.png HTTP/1.1" 200 201 "http://ychlccsctest.camplus.hk/assets/custom/datatables/datatables.min.css" "Mozilla/5.0 (Windows NT 6.1) AppleWebKit/537.36 (KHTML, like Gecko) Chrome/65.0.3325.181 Safari/537.36"
221.126.228.173 - - [13/Apr/2018:16:55:52 +0800] "GET /assets/custom/datatables/DataTables-1.10.13/images/sort_asc.png HTTP/1.1" 200 160 "http://ychlccsctest.camplus.hk/assets/custom/datatables/datatables.min.css" "Mozilla/5.0 (Windows NT 6.1) AppleWebKit/537.36 (KHTML, like Gecko) Chrome/65.0.3325.181 Safari/537.36"
42.200.245.239 - - [13/Apr/2018:16:55:52 +0800] "GET /assets/custom/survey-editor/surveyeditor.css HTTP/1.1" 200 45361 "http://ychlccsctest.camplus.hk/form/edit/1" "Mozilla/5.0 (Windows NT 10.0; Win64; x64) AppleWebKit/537.36 (KHTML, like Gecko) Chrome/65.0.3325.181 Safari/537.36"
42.200.245.239 - - [13/Apr/2018:16:55:52 +0800] "GET /assets/custom/survey-editor/surveyeditor.min.js HTTP/1.1" 200 206857 "http://ychlccsctest.camplus.hk/form/edit/1" "Mozilla/5.0 (Windows NT 10.0; Win64; x64) AppleWebKit/537.36 (KHTML, like Gecko) Chrome/65.0.3325.181 Safari/537.36"
42.200.245.239 - - [13/Apr/2018:16:55:52 +0800] "GET /assets/custom/survey-editor/survey.ko.min.js HTTP/1.1" 200 307022 "http://ychlccsctest.camplus.hk/form/edit/1" "Mozilla/5.0 (Windows NT 10.0; Win64; x64) AppleWebKit/537.36 (KHTML, like Gecko) Chrome/65.0.3325.181 Safari/537.36"
221.126.228.173 - - [13/Apr/2018:16:55:54 +0800] "GET /core/notification/get/ HTTP/1.1" 200 2 "http://ychlccsctest.camplus.hk/appraisal/listing" "Mozilla/5.0 (Windows NT 6.1) AppleWebKit/537.36 (KHTML, like Gecko) Chrome/65.0.3325.181 Safari/537.36"
42.200.245.239 - - [13/Apr/2018:16:55:55 +0800] "GET /core/notification/get/ HTTP/1.1" 200 2 "http://ychlccsctest.camplus.hk/form/edit/1" "Mozilla/5.0 (Windows NT 10.0; Win64; x64) AppleWebKit/537.36 (KHTML, like Gecko) Chrome/65.0.3325.181 Safari/537.36"
221.126.228.173 - - [13/Apr/2018:16:55:58 +0800] "GET /core/notification/get/ HTTP/1.1" 200 2 "http://ychlccsctest.camplus.hk/appraisal/listing" "Mozilla/5.0 (Windows NT 6.1) AppleWebKit/537.36 (KHTML, like Gecko) Chrome/65.0.3325.181 Safari/537.36"
221.126.228.173 - - [13/Apr/2018:16:55:58 +0800] "GET /core/notification/get/ HTTP/1.1" 200 2 "http://ychlccsctest.camplus.hk/appraisal/listing" "Mozilla/5.0 (Windows NT 6.1) AppleWebKit/537.36 (KHTML, like Gecko) Chrome/65.0.3325.181 Safari/537.36"
221.126.228.173 - - [13/Apr/2018:16:56:02 +0800] "GET /core/notification/get/ HTTP/1.1" 200 2 "http://ychlccsctest.camplus.hk/appraisal/listing" "Mozilla/5.0 (Windows NT 6.1) AppleWebKit/537.36 (KHTML, like Gecko) Chrome/65.0.3325.181 Safari/537.36"
221.126.228.173 - - [13/Apr/2018:16:56:02 +0800] "GET /core/notification/get/ HTTP/1.1" 200 2 "http://ychlccsctest.camplus.hk/form/listing" "Mozilla/5.0 (Windows NT 6.1) AppleWebKit/537.36 (KHTML, like Gecko) Chrome/65.0.3325.181 Safari/537.36"
221.126.228.173 - - [13/Apr/2018:16:56:04 +0800] "GET /core/notification/get/ HTTP/1.1" 200 2 "http://ychlccsctest.camplus.hk/appraisal/listing" "Mozilla/5.0 (Windows NT 6.1) AppleWebKit/537.36 (KHTML, like Gecko) Chrome/65.0.3325.181 Safari/537.36"
42.200.245.239 - - [13/Apr/2018:16:56:05 +0800] "GET /core/notification/get/ HTTP/1.1" 200 2 "http://ychlccsctest.camplus.hk/form/edit/1" "Mozilla/5.0 (Windows NT 10.0; Win64; x64) AppleWebKit/537.36 (KHTML, like Gecko) Chrome/65.0.3325.181 Safari/537.36"
221.126.228.173 - - [13/Apr/2018:16:56:08 +0800] "GET /core/notification/get/ HTTP/1.1" 200 2 "http://ychlccsctest.camplus.hk/appraisal/listing" "Mozilla/5.0 (Windows NT 6.1) AppleWebKit/537.36 (KHTML, like Gecko) Chrome/65.0.3325.181 Safari/537.36"
221.126.228.173 - - [13/Apr/2018:16:56:08 +0800] "GET /core/notification/get/ HTTP/1.1" 200 2 "http://ychlccsctest.camplus.hk/appraisal/listing" "Mozilla/5.0 (Windows NT 6.1) AppleWebKit/537.36 (KHTML, like Gecko) Chrome/65.0.3325.181 Safari/537.36"
221.126.228.173 - - [13/Apr/2018:16:56:08 +0800] "GET /form/edit/1 HTTP/1.1" 200 60021 "http://ychlccsctest.camplus.hk/form/listing" "Mozilla/5.0 (Windows NT 6.1) AppleWebKit/537.36 (KHTML, like Gecko) Chrome/65.0.3325.181 Safari/537.36"
221.126.228.173 - - [13/Apr/2018:16:56:08 +0800] "GET /assets/custom/survey-editor/knockout-min.js HTTP/1.1" 200 55956 "http://ychlccsctest.camplus.hk/form/edit/1" "Mozilla/5.0 (Windows NT 6.1) AppleWebKit/537.36 (KHTML, like Gecko) Chrome/65.0.3325.181 Safari/537.36"
221.126.228.173 - - [13/Apr/2018:16:56:08 +0800] "GET /assets/custom/survey-editor/surveyeditor.css HTTP/1.1" 200 45361 "http://ychlccsctest.camplus.hk/form/edit/1" "Mozilla/5.0 (Windows NT 6.1) AppleWebKit/537.36 (KHTML, like Gecko) Chrome/65.0.3325.181 Safari/537.36"
221.126.228.173 - - [13/Apr/2018:16:56:08 +0800] "GET /assets/custom/survey-editor/surveyeditor.min.js HTTP/1.1" 200 206857 "http://ychlccsctest.camplus.hk/form/edit/1" "Mozilla/5.0 (Windows NT 6.1) AppleWebKit/537.36 (KHTML, like Gecko) Chrome/65.0.3325.181 Safari/537.36"
221.126.228.173 - - [13/Apr/2018:16:56:08 +0800] "GET /assets/custom/survey-editor/survey.ko.min.js HTTP/1.1" 200 307022 "http://ychlccsctest.camplus.hk/form/edit/1" "Mozilla/5.0 (Windows NT 6.1) AppleWebKit/537.36 (KHTML, like Gecko) Chrome/65.0.3325.181 Safari/537.36"
221.126.228.173 - - [13/Apr/2018:16:56:10 +0800] "GET /core/notification/get/ HTTP/1.1" 200 2 "http://ychlccsctest.camplus.hk/form/edit/1" "Mozilla/5.0 (Windows NT 6.1) AppleWebKit/537.36 (KHTML, like Gecko) Chrome/65.0.3325.181 Safari/537.36"
221.126.228.173 - - [13/Apr/2018:16:56:12 +0800] "GET /core/notification/get/ HTTP/1.1" 200 2 "http://ychlccsctest.camplus.hk/appraisal/listing" "Mozilla/5.0 (Windows NT 6.1) AppleWebKit/537.36 (KHTML, like Gecko) Chrome/65.0.3325.181 Safari/537.36"
221.126.228.173 - - [13/Apr/2018:16:56:14 +0800] "GET /core/notification/get/ HTTP/1.1" 200 2 "http://ychlccsctest.camplus.hk/appraisal/listing" "Mozilla/5.0 (Windows NT 6.1) AppleWebKit/537.36 (KHTML, like Gecko) Chrome/65.0.3325.181 Safari/537.36"
42.200.245.239 - - [13/Apr/2018:16:56:15 +0800] "GET /core/notification/get/ HTTP/1.1" 200 2 "http://ychlccsctest.camplus.hk/form/edit/1" "Mozilla/5.0 (Windows NT 10.0; Win64; x64) AppleWebKit/537.36 (KHTML, like Gecko) Chrome/65.0.3325.181 Safari/537.36"
221.126.228.173 - - [13/Apr/2018:16:56:18 +0800] "GET /core/notification/get/ HTTP/1.1" 200 2 "http://ychlccsctest.camplus.hk/appraisal/listing" "Mozilla/5.0 (Windows NT 6.1) AppleWebKit/537.36 (KHTML, like Gecko) Chrome/65.0.3325.181 Safari/537.36"
221.126.228.173 - - [13/Apr/2018:16:56:18 +0800] "GET /core/notification/get/ HTTP/1.1" 200 2 "http://ychlccsctest.camplus.hk/appraisal/listing" "Mozilla/5.0 (Windows NT 6.1) AppleWebKit/537.36 (KHTML, like Gecko) Chrome/65.0.3325.181 Safari/537.36"
221.126.228.173 - - [13/Apr/2018:16:56:20 +0800] "GET /core/notification/get/ HTTP/1.1" 200 2 "http://ychlccsctest.camplus.hk/form/edit/1" "Mozilla/5.0 (Windows NT 6.1) AppleWebKit/537.36 (KHTML, like Gecko) Chrome/65.0.3325.181 Safari/537.36"
221.126.228.173 - - [13/Apr/2018:16:56:22 +0800] "GET /core/notification/get/ HTTP/1.1" 200 2 "http://ychlccsctest.camplus.hk/appraisal/listing" "Mozilla/5.0 (Windows NT 6.1) AppleWebKit/537.36 (KHTML, like Gecko) Chrome/65.0.3325.181 Safari/537.36"
221.126.228.173 - - [13/Apr/2018:16:56:24 +0800] "GET /core/notification/get/ HTTP/1.1" 200 2 "http://ychlccsctest.camplus.hk/appraisal/listing" "Mozilla/5.0 (Windows NT 6.1) AppleWebKit/537.36 (KHTML, like Gecko) Chrome/65.0.3325.181 Safari/537.36"
42.200.245.239 - - [13/Apr/2018:16:56:25 +0800] "GET /core/notification/get/ HTTP/1.1" 200 2 "http://ychlccsctest.camplus.hk/form/edit/1" "Mozilla/5.0 (Windows NT 10.0; Win64; x64) AppleWebKit/537.36 (KHTML, like Gecko) Chrome/65.0.3325.181 Safari/537.36"
221.126.228.173 - - [13/Apr/2018:16:56:28 +0800] "GET /core/notification/get/ HTTP/1.1" 200 2 "http://ychlccsctest.camplus.hk/appraisal/listing" "Mozilla/5.0 (Windows NT 6.1) AppleWebKit/537.36 (KHTML, like Gecko) Chrome/65.0.3325.181 Safari/537.36"
221.126.228.173 - - [13/Apr/2018:16:56:28 +0800] "GET /core/notification/get/ HTTP/1.1" 200 2 "http://ychlccsctest.camplus.hk/appraisal/listing" "Mozilla/5.0 (Windows NT 6.1) AppleWebKit/537.36 (KHTML, like Gecko) Chrome/65.0.3325.181 Safari/537.36"
221.126.228.173 - - [13/Apr/2018:16:56:29 +0800] "GET /form/listing HTTP/1.1" 200 55535 "http://ychlccsctest.camplus.hk/form/edit/1" "Mozilla/5.0 (Windows NT 6.1) AppleWebKit/537.36 (KHTML, like Gecko) Chrome/65.0.3325.181 Safari/537.36"
221.126.228.173 - - [13/Apr/2018:16:56:30 +0800] "GET /core/notification/get/ HTTP/1.1" 200 2 "http://ychlccsctest.camplus.hk/form/listing" "Mozilla/5.0 (Windows NT 6.1) AppleWebKit/537.36 (KHTML, like Gecko) Chrome/65.0.3325.181 Safari/537.36"
221.126.228.173 - - [13/Apr/2018:16:56:32 +0800] "GET /core/notification/get/ HTTP/1.1" 200 2 "http://ychlccsctest.camplus.hk/appraisal/listing" "Mozilla/5.0 (Windows NT 6.1) AppleWebKit/537.36 (KHTML, like Gecko) Chrome/65.0.3325.181 Safari/537.36"
221.126.228.173 - - [13/Apr/2018:16:56:34 +0800] "GET /core/notification/get/ HTTP/1.1" 200 2 "http://ychlccsctest.camplus.hk/appraisal/listing" "Mozilla/5.0 (Windows NT 6.1) AppleWebKit/537.36 (KHTML, like Gecko) Chrome/65.0.3325.181 Safari/537.36"
42.200.245.239 - - [13/Apr/2018:16:56:35 +0800] "GET /core/notification/get/ HTTP/1.1" 200 2 "http://ychlccsctest.camplus.hk/form/edit/1" "Mozilla/5.0 (Windows NT 10.0; Win64; x64) AppleWebKit/537.36 (KHTML, like Gecko) Chrome/65.0.3325.181 Safari/537.36"
221.126.228.173 - - [13/Apr/2018:16:56:38 +0800] "GET /core/notification/get/ HTTP/1.1" 200 2 "http://ychlccsctest.camplus.hk/appraisal/listing" "Mozilla/5.0 (Windows NT 6.1) AppleWebKit/537.36 (KHTML, like Gecko) Chrome/65.0.3325.181 Safari/537.36"
221.126.228.173 - - [13/Apr/2018:16:56:38 +0800] "GET /core/notification/get/ HTTP/1.1" 200 2 "http://ychlccsctest.camplus.hk/appraisal/listing" "Mozilla/5.0 (Windows NT 6.1) AppleWebKit/537.36 (KHTML, like Gecko) Chrome/65.0.3325.181 Safari/537.36"
221.126.228.173 - - [13/Apr/2018:16:56:40 +0800] "GET /core/notification/get/ HTTP/1.1" 200 2 "http://ychlccsctest.camplus.hk/form/listing" "Mozilla/5.0 (Windows NT 6.1) AppleWebKit/537.36 (KHTML, like Gecko) Chrome/65.0.3325.181 Safari/537.36"
221.126.228.173 - - [13/Apr/2018:16:56:42 +0800] "GET /core/notification/get/ HTTP/1.1" 200 2 "http://ychlccsctest.camplus.hk/appraisal/listing" "Mozilla/5.0 (Windows NT 6.1) AppleWebKit/537.36 (KHTML, like Gecko) Chrome/65.0.3325.181 Safari/537.36"
42.200.245.239 - - [13/Apr/2018:16:56:43 +0800] "GET /appraisala/listing HTTP/1.1" 200 27337 "http://ychlccsctest.camplus.hk/form/edit/1" "Mozilla/5.0 (Windows NT 10.0; Win64; x64) AppleWebKit/537.36 (KHTML, like Gecko) Chrome/65.0.3325.181 Safari/537.36"
221.126.228.173 - - [13/Apr/2018:16:56:44 +0800] "GET /core/notification/get/ HTTP/1.1" 200 2 "http://ychlccsctest.camplus.hk/appraisal/listing" "Mozilla/5.0 (Windows NT 6.1) AppleWebKit/537.36 (KHTML, like Gecko) Chrome/65.0.3325.181 Safari/537.36"
42.200.245.239 - - [13/Apr/2018:16:56:44 +0800] "GET /core/notification/get/ HTTP/1.1" 200 2 "http://ychlccsctest.camplus.hk/appraisala/listing" "Mozilla/5.0 (Windows NT 10.0; Win64; x64) AppleWebKit/537.36 (KHTML, like Gecko) Chrome/65.0.3325.181 Safari/537.36"
221.126.228.173 - - [13/Apr/2018:16:56:44 +0800] "GET /appraisala/listing HTTP/1.1" 200 27337 "http://ychlccsctest.camplus.hk/form/listing" "Mozilla/5.0 (Windows NT 6.1) AppleWebKit/537.36 (KHTML, like Gecko) Chrome/65.0.3325.181 Safari/537.36"
221.126.228.173 - - [13/Apr/2018:16:56:45 +0800] "GET /core/notification/get/ HTTP/1.1" 200 2 "http://ychlccsctest.camplus.hk/appraisala/listing" "Mozilla/5.0 (Windows NT 6.1) AppleWebKit/537.36 (KHTML, like Gecko) Chrome/65.0.3325.181 Safari/537.36"
42.200.245.239 - - [13/Apr/2018:16:56:47 +0800] "GET /appraisala/set/2 HTTP/1.1" 200 88560 "http://ychlccsctest.camplus.hk/appraisala/listing" "Mozilla/5.0 (Windows NT 10.0; Win64; x64) AppleWebKit/537.36 (KHTML, like Gecko) Chrome/65.0.3325.181 Safari/537.36"
42.200.245.239 - - [13/Apr/2018:16:56:48 +0800] "GET /assets/global/plugins/jquery-nestable/jquery.nestable.css HTTP/1.1" 200 2999 "http://ychlccsctest.camplus.hk/appraisala/set/2" "Mozilla/5.0 (Windows NT 10.0; Win64; x64) AppleWebKit/537.36 (KHTML, like Gecko) Chrome/65.0.3325.181 Safari/537.36"
42.200.245.239 - - [13/Apr/2018:16:56:48 +0800] "GET /assets/global/plugins/jquery-multi-select/css/multi-select.css HTTP/1.1" 200 2425 "http://ychlccsctest.camplus.hk/appraisala/set/2" "Mozilla/5.0 (Windows NT 10.0; Win64; x64) AppleWebKit/537.36 (KHTML, like Gecko) Chrome/65.0.3325.181 Safari/537.36"
42.200.245.239 - - [13/Apr/2018:16:56:48 +0800] "GET /assets/custom/bootstrap-dialog/bootstrap-dialog.min.css HTTP/1.1" 200 1837 "http://ychlccsctest.camplus.hk/appraisala/set/2" "Mozilla/5.0 (Windows NT 10.0; Win64; x64) AppleWebKit/537.36 (KHTML, like Gecko) Chrome/65.0.3325.181 Safari/537.36"
42.200.245.239 - - [13/Apr/2018:16:56:48 +0800] "GET //assets/global/plugins/bootstrap-datepicker/css/bootstrap-datepicker3.min.css HTTP/1.1" 200 26199 "http://ychlccsctest.camplus.hk/appraisala/set/2" "Mozilla/5.0 (Windows NT 10.0; Win64; x64) AppleWebKit/537.36 (KHTML, like Gecko) Chrome/65.0.3325.181 Safari/537.36"
42.200.245.239 - - [13/Apr/2018:16:56:48 +0800] "GET /assets/global/plugins/jquery-nestable/jquery.nestable.js HTTP/1.1" 200 19162 "http://ychlccsctest.camplus.hk/appraisala/set/2" "Mozilla/5.0 (Windows NT 10.0; Win64; x64) AppleWebKit/537.36 (KHTML, like Gecko) Chrome/65.0.3325.181 Safari/537.36"
42.200.245.239 - - [13/Apr/2018:16:56:48 +0800] "GET /assets/global/plugins/jquery-multi-select/js/jquery.multi-select.js HTTP/1.1" 200 19398 "http://ychlccsctest.camplus.hk/appraisala/set/2" "Mozilla/5.0 (Windows NT 10.0; Win64; x64) AppleWebKit/537.36 (KHTML, like Gecko) Chrome/65.0.3325.181 Safari/537.36"
42.200.245.239 - - [13/Apr/2018:16:56:48 +0800] "GET /assets/custom/js/jquery.quicksearch.js HTTP/1.1" 200 4179 "http://ychlccsctest.camplus.hk/appraisala/set/2" "Mozilla/5.0 (Windows NT 10.0; Win64; x64) AppleWebKit/537.36 (KHTML, like Gecko) Chrome/65.0.3325.181 Safari/537.36"
42.200.245.239 - - [13/Apr/2018:16:56:48 +0800] "GET /assets/custom/bootstrap-dialog/bootstrap-dialog.min.js HTTP/1.1" 200 20466 "http://ychlccsctest.camplus.hk/appraisala/set/2" "Mozilla/5.0 (Windows NT 10.0; Win64; x64) AppleWebKit/537.36 (KHTML, like Gecko) Chrome/65.0.3325.181 Safari/537.36"
42.200.245.239 - - [13/Apr/2018:16:56:48 +0800] "GET /assets/global/plugins/jquery-repeater/jquery.repeater.min.js HTTP/1.1" 200 10198 "http://ychlccsctest.camplus.hk/appraisala/set/2" "Mozilla/5.0 (Windows NT 10.0; Win64; x64) AppleWebKit/537.36 (KHTML, like Gecko) Chrome/65.0.3325.181 Safari/537.36"
42.200.245.239 - - [13/Apr/2018:16:56:48 +0800] "GET //assets/global/plugins/bootstrap-datepicker/js/bootstrap-datepicker.min.js HTTP/1.1" 200 31703 "http://ychlccsctest.camplus.hk/appraisala/set/2" "Mozilla/5.0 (Windows NT 10.0; Win64; x64) AppleWebKit/537.36 (KHTML, like Gecko) Chrome/65.0.3325.181 Safari/537.36"
221.126.228.173 - - [13/Apr/2018:16:56:48 +0800] "GET /core/notification/get/ HTTP/1.1" 200 2 "http://ychlccsctest.camplus.hk/appraisal/listing" "Mozilla/5.0 (Windows NT 6.1) AppleWebKit/537.36 (KHTML, like Gecko) Chrome/65.0.3325.181 Safari/537.36"
221.126.228.173 - - [13/Apr/2018:16:56:48 +0800] "GET /core/notification/get/ HTTP/1.1" 200 2 "http://ychlccsctest.camplus.hk/appraisal/listing" "Mozilla/5.0 (Windows NT 6.1) AppleWebKit/537.36 (KHTML, like Gecko) Chrome/65.0.3325.181 Safari/537.36"
42.200.245.239 - - [13/Apr/2018:16:56:48 +0800] "GET /assets/custom/survey-jquery/survey.jquery.min.js HTTP/1.1" 200 337935 "http://ychlccsctest.camplus.hk/appraisala/set/2" "Mozilla/5.0 (Windows NT 10.0; Win64; x64) AppleWebKit/537.36 (KHTML, like Gecko) Chrome/65.0.3325.181 Safari/537.36"
42.200.245.239 - - [13/Apr/2018:16:56:48 +0800] "GET /core/notification/get/ HTTP/1.1" 200 2 "http://ychlccsctest.camplus.hk/appraisala/set/2" "Mozilla/5.0 (Windows NT 10.0; Win64; x64) AppleWebKit/537.36 (KHTML, like Gecko) Chrome/65.0.3325.181 Safari/537.36"
42.200.245.239 - - [13/Apr/2018:16:56:48 +0800] "POST /form/get/1 HTTP/1.1" 200 10932 "http://ychlccsctest.camplus.hk/appraisala/set/2" "Mozilla/5.0 (Windows NT 10.0; Win64; x64) AppleWebKit/537.36 (KHTML, like Gecko) Chrome/65.0.3325.181 Safari/537.36"
42.200.245.239 - - [13/Apr/2018:16:56:48 +0800] "POST /form/get/2 HTTP/1.1" 200 2359 "http://ychlccsctest.camplus.hk/appraisala/set/2" "Mozilla/5.0 (Windows NT 10.0; Win64; x64) AppleWebKit/537.36 (KHTML, like Gecko) Chrome/65.0.3325.181 Safari/537.36"
42.200.245.239 - - [13/Apr/2018:16:56:48 +0800] "POST /form/get/3 HTTP/1.1" 200 2060 "http://ychlccsctest.camplus.hk/appraisala/set/2" "Mozilla/5.0 (Windows NT 10.0; Win64; x64) AppleWebKit/537.36 (KHTML, like Gecko) Chrome/65.0.3325.181 Safari/537.36"
42.200.245.239 - - [13/Apr/2018:16:56:48 +0800] "POST /form/get/6 HTTP/1.1" 200 619 "http://ychlccsctest.camplus.hk/appraisala/set/2" "Mozilla/5.0 (Windows NT 10.0; Win64; x64) AppleWebKit/537.36 (KHTML, like Gecko) Chrome/65.0.3325.181 Safari/537.36"
42.200.245.239 - - [13/Apr/2018:16:56:49 +0800] "POST /form/get/7 HTTP/1.1" 200 1117 "http://ychlccsctest.camplus.hk/appraisala/set/2" "Mozilla/5.0 (Windows NT 10.0; Win64; x64) AppleWebKit/537.36 (KHTML, like Gecko) Chrome/65.0.3325.181 Safari/537.36"
42.200.245.239 - - [13/Apr/2018:16:56:49 +0800] "POST /form/get/6 HTTP/1.1" 200 619 "http://ychlccsctest.camplus.hk/appraisala/set/2" "Mozilla/5.0 (Windows NT 10.0; Win64; x64) AppleWebKit/537.36 (KHTML, like Gecko) Chrome/65.0.3325.181 Safari/537.36"
221.126.228.173 - - [13/Apr/2018:16:56:52 +0800] "GET /core/notification/get/ HTTP/1.1" 200 2 "http://ychlccsctest.camplus.hk/appraisal/listing" "Mozilla/5.0 (Windows NT 6.1) AppleWebKit/537.36 (KHTML, like Gecko) Chrome/65.0.3325.181 Safari/537.36"
42.200.245.239 - - [13/Apr/2018:16:56:52 +0800] "GET /appraisala/listing HTTP/1.1" 200 27337 "http://ychlccsctest.camplus.hk/appraisala/set/2" "Mozilla/5.0 (Windows NT 10.0; Win64; x64) AppleWebKit/537.36 (KHTML, like Gecko) Chrome/65.0.3325.181 Safari/537.36"
42.200.245.239 - - [13/Apr/2018:16:56:53 +0800] "GET /core/notification/get/ HTTP/1.1" 200 2 "http://ychlccsctest.camplus.hk/appraisala/listing" "Mozilla/5.0 (Windows NT 10.0; Win64; x64) AppleWebKit/537.36 (KHTML, like Gecko) Chrome/65.0.3325.181 Safari/537.36"
221.126.228.173 - - [13/Apr/2018:16:56:54 +0800] "GET /core/notification/get/ HTTP/1.1" 200 2 "http://ychlccsctest.camplus.hk/appraisal/listing" "Mozilla/5.0 (Windows NT 6.1) AppleWebKit/537.36 (KHTML, like Gecko) Chrome/65.0.3325.181 Safari/537.36"
221.126.228.173 - - [13/Apr/2018:16:56:55 +0800] "GET /core/notification/get/ HTTP/1.1" 200 2 "http://ychlccsctest.camplus.hk/appraisala/listing" "Mozilla/5.0 (Windows NT 6.1) AppleWebKit/537.36 (KHTML, like Gecko) Chrome/65.0.3325.181 Safari/537.36"
221.126.228.173 - - [13/Apr/2018:16:56:56 +0800] "GET /appraisala/set/2 HTTP/1.1" 200 88560 "http://ychlccsctest.camplus.hk/appraisala/listing" "Mozilla/5.0 (Windows NT 6.1) AppleWebKit/537.36 (KHTML, like Gecko) Chrome/65.0.3325.181 Safari/537.36"
221.126.228.173 - - [13/Apr/2018:16:56:56 +0800] "GET /assets/global/plugins/jquery-nestable/jquery.nestable.css HTTP/1.1" 200 2999 "http://ychlccsctest.camplus.hk/appraisala/set/2" "Mozilla/5.0 (Windows NT 6.1) AppleWebKit/537.36 (KHTML, like Gecko) Chrome/65.0.3325.181 Safari/537.36"
221.126.228.173 - - [13/Apr/2018:16:56:56 +0800] "GET /assets/custom/bootstrap-dialog/bootstrap-dialog.min.css HTTP/1.1" 200 1837 "http://ychlccsctest.camplus.hk/appraisala/set/2" "Mozilla/5.0 (Windows NT 6.1) AppleWebKit/537.36 (KHTML, like Gecko) Chrome/65.0.3325.181 Safari/537.36"
221.126.228.173 - - [13/Apr/2018:16:56:56 +0800] "GET /assets/global/plugins/jquery-nestable/jquery.nestable.js HTTP/1.1" 200 19162 "http://ychlccsctest.camplus.hk/appraisala/set/2" "Mozilla/5.0 (Windows NT 6.1) AppleWebKit/537.36 (KHTML, like Gecko) Chrome/65.0.3325.181 Safari/537.36"
221.126.228.173 - - [13/Apr/2018:16:56:56 +0800] "GET /assets/global/plugins/jquery-multi-select/css/multi-select.css HTTP/1.1" 200 2425 "http://ychlccsctest.camplus.hk/appraisala/set/2" "Mozilla/5.0 (Windows NT 6.1) AppleWebKit/537.36 (KHTML, like Gecko) Chrome/65.0.3325.181 Safari/537.36"
221.126.228.173 - - [13/Apr/2018:16:56:56 +0800] "GET /assets/global/plugins/jquery-multi-select/js/jquery.multi-select.js HTTP/1.1" 200 19398 "http://ychlccsctest.camplus.hk/appraisala/set/2" "Mozilla/5.0 (Windows NT 6.1) AppleWebKit/537.36 (KHTML, like Gecko) Chrome/65.0.3325.181 Safari/537.36"
221.126.228.173 - - [13/Apr/2018:16:56:56 +0800] "GET //assets/global/plugins/bootstrap-datepicker/css/bootstrap-datepicker3.min.css HTTP/1.1" 200 26199 "http://ychlccsctest.camplus.hk/appraisala/set/2" "Mozilla/5.0 (Windows NT 6.1) AppleWebKit/537.36 (KHTML, like Gecko) Chrome/65.0.3325.181 Safari/537.36"
221.126.228.173 - - [13/Apr/2018:16:56:56 +0800] "GET /assets/custom/bootstrap-dialog/bootstrap-dialog.min.js HTTP/1.1" 200 20466 "http://ychlccsctest.camplus.hk/appraisala/set/2" "Mozilla/5.0 (Windows NT 6.1) AppleWebKit/537.36 (KHTML, like Gecko) Chrome/65.0.3325.181 Safari/537.36"
221.126.228.173 - - [13/Apr/2018:16:56:56 +0800] "GET /assets/custom/js/jquery.quicksearch.js HTTP/1.1" 200 4179 "http://ychlccsctest.camplus.hk/appraisala/set/2" "Mozilla/5.0 (Windows NT 6.1) AppleWebKit/537.36 (KHTML, like Gecko) Chrome/65.0.3325.181 Safari/537.36"
221.126.228.173 - - [13/Apr/2018:16:56:56 +0800] "GET //assets/global/plugins/bootstrap-datepicker/js/bootstrap-datepicker.min.js HTTP/1.1" 200 31703 "http://ychlccsctest.camplus.hk/appraisala/set/2" "Mozilla/5.0 (Windows NT 6.1) AppleWebKit/537.36 (KHTML, like Gecko) Chrome/65.0.3325.181 Safari/537.36"
221.126.228.173 - - [13/Apr/2018:16:56:56 +0800] "GET /assets/custom/survey-jquery/survey.jquery.min.js HTTP/1.1" 200 337935 "http://ychlccsctest.camplus.hk/appraisala/set/2" "Mozilla/5.0 (Windows NT 6.1) AppleWebKit/537.36 (KHTML, like Gecko) Chrome/65.0.3325.181 Safari/537.36"
221.126.228.173 - - [13/Apr/2018:16:56:56 +0800] "GET /assets/global/plugins/jquery-repeater/jquery.repeater.min.js HTTP/1.1" 200 10198 "http://ychlccsctest.camplus.hk/appraisala/set/2" "Mozilla/5.0 (Windows NT 6.1) AppleWebKit/537.36 (KHTML, like Gecko) Chrome/65.0.3325.181 Safari/537.36"
42.200.245.239 - - [13/Apr/2018:16:56:56 +0800] "GET /appraisala/set/2 HTTP/1.1" 200 88560 "http://ychlccsctest.camplus.hk/appraisala/listing" "Mozilla/5.0 (Windows NT 10.0; Win64; x64) AppleWebKit/537.36 (KHTML, like Gecko) Chrome/65.0.3325.181 Safari/537.36"
221.126.228.173 - - [13/Apr/2018:16:56:56 +0800] "GET /core/notification/get/ HTTP/1.1" 200 2 "http://ychlccsctest.camplus.hk/appraisala/set/2" "Mozilla/5.0 (Windows NT 6.1) AppleWebKit/537.36 (KHTML, like Gecko) Chrome/65.0.3325.181 Safari/537.36"
42.200.245.239 - - [13/Apr/2018:16:56:56 +0800] "GET /core/notification/get/ HTTP/1.1" 200 2 "http://ychlccsctest.camplus.hk/appraisala/set/2" "Mozilla/5.0 (Windows NT 10.0; Win64; x64) AppleWebKit/537.36 (KHTML, like Gecko) Chrome/65.0.3325.181 Safari/537.36"
221.126.228.173 - - [13/Apr/2018:16:56:56 +0800] "POST /form/get/1 HTTP/1.1" 200 10932 "http://ychlccsctest.camplus.hk/appraisala/set/2" "Mozilla/5.0 (Windows NT 6.1) AppleWebKit/537.36 (KHTML, like Gecko) Chrome/65.0.3325.181 Safari/537.36"
221.126.228.173 - - [13/Apr/2018:16:56:56 +0800] "POST /form/get/2 HTTP/1.1" 200 2359 "http://ychlccsctest.camplus.hk/appraisala/set/2" "Mozilla/5.0 (Windows NT 6.1) AppleWebKit/537.36 (KHTML, like Gecko) Chrome/65.0.3325.181 Safari/537.36"
42.200.245.239 - - [13/Apr/2018:16:56:56 +0800] "POST /form/get/1 HTTP/1.1" 200 10932 "http://ychlccsctest.camplus.hk/appraisala/set/2" "Mozilla/5.0 (Windows NT 10.0; Win64; x64) AppleWebKit/537.36 (KHTML, like Gecko) Chrome/65.0.3325.181 Safari/537.36"
221.126.228.173 - - [13/Apr/2018:16:56:57 +0800] "POST /form/get/3 HTTP/1.1" 200 2060 "http://ychlccsctest.camplus.hk/appraisala/set/2" "Mozilla/5.0 (Windows NT 6.1) AppleWebKit/537.36 (KHTML, like Gecko) Chrome/65.0.3325.181 Safari/537.36"
42.200.245.239 - - [13/Apr/2018:16:56:57 +0800] "POST /form/get/2 HTTP/1.1" 200 2359 "http://ychlccsctest.camplus.hk/appraisala/set/2" "Mozilla/5.0 (Windows NT 10.0; Win64; x64) AppleWebKit/537.36 (KHTML, like Gecko) Chrome/65.0.3325.181 Safari/537.36"
221.126.228.173 - - [13/Apr/2018:16:56:57 +0800] "POST /form/get/6 HTTP/1.1" 200 619 "http://ychlccsctest.camplus.hk/appraisala/set/2" "Mozilla/5.0 (Windows NT 6.1) AppleWebKit/537.36 (KHTML, like Gecko) Chrome/65.0.3325.181 Safari/537.36"
42.200.245.239 - - [13/Apr/2018:16:56:57 +0800] "POST /form/get/3 HTTP/1.1" 200 2060 "http://ychlccsctest.camplus.hk/appraisala/set/2" "Mozilla/5.0 (Windows NT 10.0; Win64; x64) AppleWebKit/537.36 (KHTML, like Gecko) Chrome/65.0.3325.181 Safari/537.36"
221.126.228.173 - - [13/Apr/2018:16:56:57 +0800] "POST /form/get/7 HTTP/1.1" 200 1117 "http://ychlccsctest.camplus.hk/appraisala/set/2" "Mozilla/5.0 (Windows NT 6.1) AppleWebKit/537.36 (KHTML, like Gecko) Chrome/65.0.3325.181 Safari/537.36"
221.126.228.173 - - [13/Apr/2018:16:56:57 +0800] "POST /form/get/6 HTTP/1.1" 200 619 "http://ychlccsctest.camplus.hk/appraisala/set/2" "Mozilla/5.0 (Windows NT 6.1) AppleWebKit/537.36 (KHTML, like Gecko) Chrome/65.0.3325.181 Safari/537.36"
42.200.245.239 - - [13/Apr/2018:16:56:57 +0800] "POST /form/get/6 HTTP/1.1" 200 619 "http://ychlccsctest.camplus.hk/appraisala/set/2" "Mozilla/5.0 (Windows NT 10.0; Win64; x64) AppleWebKit/537.36 (KHTML, like Gecko) Chrome/65.0.3325.181 Safari/537.36"
42.200.245.239 - - [13/Apr/2018:16:56:57 +0800] "POST /form/get/7 HTTP/1.1" 200 1117 "http://ychlccsctest.camplus.hk/appraisala/set/2" "Mozilla/5.0 (Windows NT 10.0; Win64; x64) AppleWebKit/537.36 (KHTML, like Gecko) Chrome/65.0.3325.181 Safari/537.36"
42.200.245.239 - - [13/Apr/2018:16:56:57 +0800] "POST /form/get/6 HTTP/1.1" 200 619 "http://ychlccsctest.camplus.hk/appraisala/set/2" "Mozilla/5.0 (Windows NT 10.0; Win64; x64) AppleWebKit/537.36 (KHTML, like Gecko) Chrome/65.0.3325.181 Safari/537.36"
221.126.228.173 - - [13/Apr/2018:16:56:58 +0800] "GET /core/notification/get/ HTTP/1.1" 200 2 "http://ychlccsctest.camplus.hk/appraisal/listing" "Mozilla/5.0 (Windows NT 6.1) AppleWebKit/537.36 (KHTML, like Gecko) Chrome/65.0.3325.181 Safari/537.36"
221.126.228.173 - - [13/Apr/2018:16:56:58 +0800] "GET /core/notification/get/ HTTP/1.1" 200 2 "http://ychlccsctest.camplus.hk/appraisal/listing" "Mozilla/5.0 (Windows NT 6.1) AppleWebKit/537.36 (KHTML, like Gecko) Chrome/65.0.3325.181 Safari/537.36"
221.126.228.173 - - [13/Apr/2018:16:57:02 +0800] "GET /core/notification/get/ HTTP/1.1" 200 2 "http://ychlccsctest.camplus.hk/appraisal/listing" "Mozilla/5.0 (Windows NT 6.1) AppleWebKit/537.36 (KHTML, like Gecko) Chrome/65.0.3325.181 Safari/537.36"
221.126.228.173 - - [13/Apr/2018:16:57:04 +0800] "GET /core/notification/get/ HTTP/1.1" 200 2 "http://ychlccsctest.camplus.hk/appraisal/listing" "Mozilla/5.0 (Windows NT 6.1) AppleWebKit/537.36 (KHTML, like Gecko) Chrome/65.0.3325.181 Safari/537.36"
221.126.228.173 - - [13/Apr/2018:16:57:06 +0800] "GET /core/notification/get/ HTTP/1.1" 200 2 "http://ychlccsctest.camplus.hk/appraisala/set/2" "Mozilla/5.0 (Windows NT 6.1) AppleWebKit/537.36 (KHTML, like Gecko) Chrome/65.0.3325.181 Safari/537.36"
42.200.245.239 - - [13/Apr/2018:16:57:06 +0800] "GET /core/notification/get/ HTTP/1.1" 200 2 "http://ychlccsctest.camplus.hk/appraisala/set/2" "Mozilla/5.0 (Windows NT 10.0; Win64; x64) AppleWebKit/537.36 (KHTML, like Gecko) Chrome/65.0.3325.181 Safari/537.36"
221.126.228.173 - - [13/Apr/2018:16:57:08 +0800] "GET /core/notification/get/ HTTP/1.1" 200 2 "http://ychlccsctest.camplus.hk/appraisal/listing" "Mozilla/5.0 (Windows NT 6.1) AppleWebKit/537.36 (KHTML, like Gecko) Chrome/65.0.3325.181 Safari/537.36"
221.126.228.173 - - [13/Apr/2018:16:57:08 +0800] "GET /core/notification/get/ HTTP/1.1" 200 2 "http://ychlccsctest.camplus.hk/appraisal/listing" "Mozilla/5.0 (Windows NT 6.1) AppleWebKit/537.36 (KHTML, like Gecko) Chrome/65.0.3325.181 Safari/537.36"
221.126.228.173 - - [13/Apr/2018:16:57:12 +0800] "GET /core/notification/get/ HTTP/1.1" 200 2 "http://ychlccsctest.camplus.hk/appraisal/listing" "Mozilla/5.0 (Windows NT 6.1) AppleWebKit/537.36 (KHTML, like Gecko) Chrome/65.0.3325.181 Safari/537.36"
221.126.228.173 - - [13/Apr/2018:16:57:14 +0800] "GET /core/notification/get/ HTTP/1.1" 200 2 "http://ychlccsctest.camplus.hk/appraisal/listing" "Mozilla/5.0 (Windows NT 6.1) AppleWebKit/537.36 (KHTML, like Gecko) Chrome/65.0.3325.181 Safari/537.36"
221.126.228.173 - - [13/Apr/2018:16:57:16 +0800] "GET /core/notification/get/ HTTP/1.1" 200 2 "http://ychlccsctest.camplus.hk/appraisala/set/2" "Mozilla/5.0 (Windows NT 6.1) AppleWebKit/537.36 (KHTML, like Gecko) Chrome/65.0.3325.181 Safari/537.36"
42.200.245.239 - - [13/Apr/2018:16:57:16 +0800] "GET /core/notification/get/ HTTP/1.1" 200 2 "http://ychlccsctest.camplus.hk/appraisala/set/2" "Mozilla/5.0 (Windows NT 10.0; Win64; x64) AppleWebKit/537.36 (KHTML, like Gecko) Chrome/65.0.3325.181 Safari/537.36"
221.126.228.173 - - [13/Apr/2018:16:57:18 +0800] "GET /core/notification/get/ HTTP/1.1" 200 2 "http://ychlccsctest.camplus.hk/appraisal/listing" "Mozilla/5.0 (Windows NT 6.1) AppleWebKit/537.36 (KHTML, like Gecko) Chrome/65.0.3325.181 Safari/537.36"
221.126.228.173 - - [13/Apr/2018:16:57:18 +0800] "GET /core/notification/get/ HTTP/1.1" 200 2 "http://ychlccsctest.camplus.hk/appraisal/listing" "Mozilla/5.0 (Windows NT 6.1) AppleWebKit/537.36 (KHTML, like Gecko) Chrome/65.0.3325.181 Safari/537.36"
221.126.228.173 - - [13/Apr/2018:16:57:22 +0800] "GET /core/notification/get/ HTTP/1.1" 200 2 "http://ychlccsctest.camplus.hk/appraisal/listing" "Mozilla/5.0 (Windows NT 6.1) AppleWebKit/537.36 (KHTML, like Gecko) Chrome/65.0.3325.181 Safari/537.36"
221.126.228.173 - - [13/Apr/2018:16:57:24 +0800] "GET /core/notification/get/ HTTP/1.1" 200 2 "http://ychlccsctest.camplus.hk/appraisal/listing" "Mozilla/5.0 (Windows NT 6.1) AppleWebKit/537.36 (KHTML, like Gecko) Chrome/65.0.3325.181 Safari/537.36"
221.126.228.173 - - [13/Apr/2018:16:57:26 +0800] "GET /core/notification/get/ HTTP/1.1" 200 2 "http://ychlccsctest.camplus.hk/appraisala/set/2" "Mozilla/5.0 (Windows NT 6.1) AppleWebKit/537.36 (KHTML, like Gecko) Chrome/65.0.3325.181 Safari/537.36"
42.200.245.239 - - [13/Apr/2018:16:57:26 +0800] "GET /core/notification/get/ HTTP/1.1" 200 2 "http://ychlccsctest.camplus.hk/appraisala/set/2" "Mozilla/5.0 (Windows NT 10.0; Win64; x64) AppleWebKit/537.36 (KHTML, like Gecko) Chrome/65.0.3325.181 Safari/537.36"
221.126.228.173 - - [13/Apr/2018:16:57:28 +0800] "GET /core/notification/get/ HTTP/1.1" 200 2 "http://ychlccsctest.camplus.hk/appraisal/listing" "Mozilla/5.0 (Windows NT 6.1) AppleWebKit/537.36 (KHTML, like Gecko) Chrome/65.0.3325.181 Safari/537.36"
221.126.228.173 - - [13/Apr/2018:16:57:28 +0800] "GET /core/notification/get/ HTTP/1.1" 200 2 "http://ychlccsctest.camplus.hk/appraisal/listing" "Mozilla/5.0 (Windows NT 6.1) AppleWebKit/537.36 (KHTML, like Gecko) Chrome/65.0.3325.181 Safari/537.36"
221.126.228.173 - - [13/Apr/2018:16:57:32 +0800] "GET /core/notification/get/ HTTP/1.1" 200 2 "http://ychlccsctest.camplus.hk/appraisal/listing" "Mozilla/5.0 (Windows NT 6.1) AppleWebKit/537.36 (KHTML, like Gecko) Chrome/65.0.3325.181 Safari/537.36"
221.126.228.173 - - [13/Apr/2018:16:57:34 +0800] "GET /core/notification/get/ HTTP/1.1" 200 2 "http://ychlccsctest.camplus.hk/appraisal/listing" "Mozilla/5.0 (Windows NT 6.1) AppleWebKit/537.36 (KHTML, like Gecko) Chrome/65.0.3325.181 Safari/537.36"
221.126.228.173 - - [13/Apr/2018:16:57:36 +0800] "GET /core/notification/get/ HTTP/1.1" 200 2 "http://ychlccsctest.camplus.hk/appraisala/set/2" "Mozilla/5.0 (Windows NT 6.1) AppleWebKit/537.36 (KHTML, like Gecko) Chrome/65.0.3325.181 Safari/537.36"
42.200.245.239 - - [13/Apr/2018:16:57:36 +0800] "GET /core/notification/get/ HTTP/1.1" 200 2 "http://ychlccsctest.camplus.hk/appraisala/set/2" "Mozilla/5.0 (Windows NT 10.0; Win64; x64) AppleWebKit/537.36 (KHTML, like Gecko) Chrome/65.0.3325.181 Safari/537.36"
221.126.228.173 - - [13/Apr/2018:16:57:38 +0800] "GET /core/notification/get/ HTTP/1.1" 200 2 "http://ychlccsctest.camplus.hk/appraisal/listing" "Mozilla/5.0 (Windows NT 6.1) AppleWebKit/537.36 (KHTML, like Gecko) Chrome/65.0.3325.181 Safari/537.36"
221.126.228.173 - - [13/Apr/2018:16:57:38 +0800] "GET /core/notification/get/ HTTP/1.1" 200 2 "http://ychlccsctest.camplus.hk/appraisal/listing" "Mozilla/5.0 (Windows NT 6.1) AppleWebKit/537.36 (KHTML, like Gecko) Chrome/65.0.3325.181 Safari/537.36"
221.126.228.173 - - [13/Apr/2018:16:57:42 +0800] "GET /core/notification/get/ HTTP/1.1" 200 2 "http://ychlccsctest.camplus.hk/appraisal/listing" "Mozilla/5.0 (Windows NT 6.1) AppleWebKit/537.36 (KHTML, like Gecko) Chrome/65.0.3325.181 Safari/537.36"
221.126.228.173 - - [13/Apr/2018:16:57:44 +0800] "GET /core/notification/get/ HTTP/1.1" 200 2 "http://ychlccsctest.camplus.hk/appraisal/listing" "Mozilla/5.0 (Windows NT 6.1) AppleWebKit/537.36 (KHTML, like Gecko) Chrome/65.0.3325.181 Safari/537.36"
221.126.228.173 - - [13/Apr/2018:16:57:46 +0800] "GET /core/notification/get/ HTTP/1.1" 200 2 "http://ychlccsctest.camplus.hk/appraisala/set/2" "Mozilla/5.0 (Windows NT 6.1) AppleWebKit/537.36 (KHTML, like Gecko) Chrome/65.0.3325.181 Safari/537.36"
42.200.245.239 - - [13/Apr/2018:16:57:46 +0800] "GET /core/notification/get/ HTTP/1.1" 200 2 "http://ychlccsctest.camplus.hk/appraisala/set/2" "Mozilla/5.0 (Windows NT 10.0; Win64; x64) AppleWebKit/537.36 (KHTML, like Gecko) Chrome/65.0.3325.181 Safari/537.36"
221.126.228.173 - - [13/Apr/2018:16:57:48 +0800] "GET /core/notification/get/ HTTP/1.1" 200 2 "http://ychlccsctest.camplus.hk/appraisal/listing" "Mozilla/5.0 (Windows NT 6.1) AppleWebKit/537.36 (KHTML, like Gecko) Chrome/65.0.3325.181 Safari/537.36"
221.126.228.173 - - [13/Apr/2018:16:57:48 +0800] "GET /core/notification/get/ HTTP/1.1" 200 2 "http://ychlccsctest.camplus.hk/appraisal/listing" "Mozilla/5.0 (Windows NT 6.1) AppleWebKit/537.36 (KHTML, like Gecko) Chrome/65.0.3325.181 Safari/537.36"
221.126.228.173 - - [13/Apr/2018:16:57:52 +0800] "GET /core/notification/get/ HTTP/1.1" 200 2 "http://ychlccsctest.camplus.hk/appraisal/listing" "Mozilla/5.0 (Windows NT 6.1) AppleWebKit/537.36 (KHTML, like Gecko) Chrome/65.0.3325.181 Safari/537.36"
221.126.228.173 - - [13/Apr/2018:16:57:54 +0800] "GET /core/notification/get/ HTTP/1.1" 200 2 "http://ychlccsctest.camplus.hk/appraisal/listing" "Mozilla/5.0 (Windows NT 6.1) AppleWebKit/537.36 (KHTML, like Gecko) Chrome/65.0.3325.181 Safari/537.36"
221.126.228.173 - - [13/Apr/2018:16:57:56 +0800] "GET /core/notification/get/ HTTP/1.1" 200 2 "http://ychlccsctest.camplus.hk/appraisala/set/2" "Mozilla/5.0 (Windows NT 6.1) AppleWebKit/537.36 (KHTML, like Gecko) Chrome/65.0.3325.181 Safari/537.36"
42.200.245.239 - - [13/Apr/2018:16:57:56 +0800] "GET /core/notification/get/ HTTP/1.1" 200 2 "http://ychlccsctest.camplus.hk/appraisala/set/2" "Mozilla/5.0 (Windows NT 10.0; Win64; x64) AppleWebKit/537.36 (KHTML, like Gecko) Chrome/65.0.3325.181 Safari/537.36"
221.126.228.173 - - [13/Apr/2018:16:57:58 +0800] "GET /core/notification/get/ HTTP/1.1" 200 2 "http://ychlccsctest.camplus.hk/appraisal/listing" "Mozilla/5.0 (Windows NT 6.1) AppleWebKit/537.36 (KHTML, like Gecko) Chrome/65.0.3325.181 Safari/537.36"
221.126.228.173 - - [13/Apr/2018:16:57:58 +0800] "GET /core/notification/get/ HTTP/1.1" 200 2 "http://ychlccsctest.camplus.hk/appraisal/listing" "Mozilla/5.0 (Windows NT 6.1) AppleWebKit/537.36 (KHTML, like Gecko) Chrome/65.0.3325.181 Safari/537.36"
221.126.228.173 - - [13/Apr/2018:16:58:02 +0800] "GET /core/notification/get/ HTTP/1.1" 200 2 "http://ychlccsctest.camplus.hk/appraisal/listing" "Mozilla/5.0 (Windows NT 6.1) AppleWebKit/537.36 (KHTML, like Gecko) Chrome/65.0.3325.181 Safari/537.36"
221.126.228.173 - - [13/Apr/2018:16:58:04 +0800] "GET /core/notification/get/ HTTP/1.1" 200 2 "http://ychlccsctest.camplus.hk/appraisal/listing" "Mozilla/5.0 (Windows NT 6.1) AppleWebKit/537.36 (KHTML, like Gecko) Chrome/65.0.3325.181 Safari/537.36"
221.126.228.173 - - [13/Apr/2018:16:58:06 +0800] "GET /core/notification/get/ HTTP/1.1" 200 2 "http://ychlccsctest.camplus.hk/appraisala/set/2" "Mozilla/5.0 (Windows NT 6.1) AppleWebKit/537.36 (KHTML, like Gecko) Chrome/65.0.3325.181 Safari/537.36"
42.200.245.239 - - [13/Apr/2018:16:58:06 +0800] "GET /core/notification/get/ HTTP/1.1" 200 2 "http://ychlccsctest.camplus.hk/appraisala/set/2" "Mozilla/5.0 (Windows NT 10.0; Win64; x64) AppleWebKit/537.36 (KHTML, like Gecko) Chrome/65.0.3325.181 Safari/537.36"
221.126.228.173 - - [13/Apr/2018:16:58:08 +0800] "GET /core/notification/get/ HTTP/1.1" 200 2 "http://ychlccsctest.camplus.hk/appraisal/listing" "Mozilla/5.0 (Windows NT 6.1) AppleWebKit/537.36 (KHTML, like Gecko) Chrome/65.0.3325.181 Safari/537.36"
221.126.228.173 - - [13/Apr/2018:16:58:08 +0800] "GET /core/notification/get/ HTTP/1.1" 200 2 "http://ychlccsctest.camplus.hk/appraisal/listing" "Mozilla/5.0 (Windows NT 6.1) AppleWebKit/537.36 (KHTML, like Gecko) Chrome/65.0.3325.181 Safari/537.36"
221.126.228.173 - - [13/Apr/2018:16:58:12 +0800] "GET /core/notification/get/ HTTP/1.1" 200 2 "http://ychlccsctest.camplus.hk/appraisal/listing" "Mozilla/5.0 (Windows NT 6.1) AppleWebKit/537.36 (KHTML, like Gecko) Chrome/65.0.3325.181 Safari/537.36"
221.126.228.173 - - [13/Apr/2018:16:58:14 +0800] "GET /core/notification/get/ HTTP/1.1" 200 2 "http://ychlccsctest.camplus.hk/appraisal/listing" "Mozilla/5.0 (Windows NT 6.1) AppleWebKit/537.36 (KHTML, like Gecko) Chrome/65.0.3325.181 Safari/537.36"
221.126.228.173 - - [13/Apr/2018:16:58:16 +0800] "GET /core/notification/get/ HTTP/1.1" 200 2 "http://ychlccsctest.camplus.hk/appraisala/set/2" "Mozilla/5.0 (Windows NT 6.1) AppleWebKit/537.36 (KHTML, like Gecko) Chrome/65.0.3325.181 Safari/537.36"
42.200.245.239 - - [13/Apr/2018:16:58:16 +0800] "GET /core/notification/get/ HTTP/1.1" 200 2 "http://ychlccsctest.camplus.hk/appraisala/set/2" "Mozilla/5.0 (Windows NT 10.0; Win64; x64) AppleWebKit/537.36 (KHTML, like Gecko) Chrome/65.0.3325.181 Safari/537.36"
221.126.228.173 - - [13/Apr/2018:16:58:18 +0800] "GET /core/notification/get/ HTTP/1.1" 200 2 "http://ychlccsctest.camplus.hk/appraisal/listing" "Mozilla/5.0 (Windows NT 6.1) AppleWebKit/537.36 (KHTML, like Gecko) Chrome/65.0.3325.181 Safari/537.36"
221.126.228.173 - - [13/Apr/2018:16:58:18 +0800] "GET /core/notification/get/ HTTP/1.1" 200 2 "http://ychlccsctest.camplus.hk/appraisal/listing" "Mozilla/5.0 (Windows NT 6.1) AppleWebKit/537.36 (KHTML, like Gecko) Chrome/65.0.3325.181 Safari/537.36"
221.126.228.173 - - [13/Apr/2018:16:58:22 +0800] "GET /core/notification/get/ HTTP/1.1" 200 2 "http://ychlccsctest.camplus.hk/appraisal/listing" "Mozilla/5.0 (Windows NT 6.1) AppleWebKit/537.36 (KHTML, like Gecko) Chrome/65.0.3325.181 Safari/537.36"
221.126.228.173 - - [13/Apr/2018:16:58:24 +0800] "GET /core/notification/get/ HTTP/1.1" 200 2 "http://ychlccsctest.camplus.hk/appraisal/listing" "Mozilla/5.0 (Windows NT 6.1) AppleWebKit/537.36 (KHTML, like Gecko) Chrome/65.0.3325.181 Safari/537.36"
221.126.228.173 - - [13/Apr/2018:16:58:26 +0800] "GET /core/notification/get/ HTTP/1.1" 200 2 "http://ychlccsctest.camplus.hk/appraisala/set/2" "Mozilla/5.0 (Windows NT 6.1) AppleWebKit/537.36 (KHTML, like Gecko) Chrome/65.0.3325.181 Safari/537.36"
42.200.245.239 - - [13/Apr/2018:16:58:26 +0800] "GET /core/notification/get/ HTTP/1.1" 200 2 "http://ychlccsctest.camplus.hk/appraisala/set/2" "Mozilla/5.0 (Windows NT 10.0; Win64; x64) AppleWebKit/537.36 (KHTML, like Gecko) Chrome/65.0.3325.181 Safari/537.36"
221.126.228.173 - - [13/Apr/2018:16:58:28 +0800] "GET /core/notification/get/ HTTP/1.1" 200 2 "http://ychlccsctest.camplus.hk/appraisal/listing" "Mozilla/5.0 (Windows NT 6.1) AppleWebKit/537.36 (KHTML, like Gecko) Chrome/65.0.3325.181 Safari/537.36"
221.126.228.173 - - [13/Apr/2018:16:58:28 +0800] "GET /core/notification/get/ HTTP/1.1" 200 2 "http://ychlccsctest.camplus.hk/appraisal/listing" "Mozilla/5.0 (Windows NT 6.1) AppleWebKit/537.36 (KHTML, like Gecko) Chrome/65.0.3325.181 Safari/537.36"
221.126.228.173 - - [13/Apr/2018:16:58:32 +0800] "GET /core/notification/get/ HTTP/1.1" 200 2 "http://ychlccsctest.camplus.hk/appraisal/listing" "Mozilla/5.0 (Windows NT 6.1) AppleWebKit/537.36 (KHTML, like Gecko) Chrome/65.0.3325.181 Safari/537.36"
221.126.228.173 - - [13/Apr/2018:16:58:34 +0800] "GET /core/notification/get/ HTTP/1.1" 200 2 "http://ychlccsctest.camplus.hk/appraisal/listing" "Mozilla/5.0 (Windows NT 6.1) AppleWebKit/537.36 (KHTML, like Gecko) Chrome/65.0.3325.181 Safari/537.36"
221.126.228.173 - - [13/Apr/2018:16:58:36 +0800] "GET /core/notification/get/ HTTP/1.1" 200 2 "http://ychlccsctest.camplus.hk/appraisala/set/2" "Mozilla/5.0 (Windows NT 6.1) AppleWebKit/537.36 (KHTML, like Gecko) Chrome/65.0.3325.181 Safari/537.36"
42.200.245.239 - - [13/Apr/2018:16:58:36 +0800] "GET /core/notification/get/ HTTP/1.1" 200 2 "http://ychlccsctest.camplus.hk/appraisala/set/2" "Mozilla/5.0 (Windows NT 10.0; Win64; x64) AppleWebKit/537.36 (KHTML, like Gecko) Chrome/65.0.3325.181 Safari/537.36"
221.126.228.173 - - [13/Apr/2018:16:58:38 +0800] "GET /core/notification/get/ HTTP/1.1" 200 2 "http://ychlccsctest.camplus.hk/appraisal/listing" "Mozilla/5.0 (Windows NT 6.1) AppleWebKit/537.36 (KHTML, like Gecko) Chrome/65.0.3325.181 Safari/537.36"
221.126.228.173 - - [13/Apr/2018:16:58:38 +0800] "GET /core/notification/get/ HTTP/1.1" 200 2 "http://ychlccsctest.camplus.hk/appraisal/listing" "Mozilla/5.0 (Windows NT 6.1) AppleWebKit/537.36 (KHTML, like Gecko) Chrome/65.0.3325.181 Safari/537.36"
221.126.228.173 - - [13/Apr/2018:16:58:42 +0800] "GET /core/notification/get/ HTTP/1.1" 200 2 "http://ychlccsctest.camplus.hk/appraisal/listing" "Mozilla/5.0 (Windows NT 6.1) AppleWebKit/537.36 (KHTML, like Gecko) Chrome/65.0.3325.181 Safari/537.36"
221.126.228.173 - - [13/Apr/2018:16:58:44 +0800] "GET /core/notification/get/ HTTP/1.1" 200 2 "http://ychlccsctest.camplus.hk/appraisal/listing" "Mozilla/5.0 (Windows NT 6.1) AppleWebKit/537.36 (KHTML, like Gecko) Chrome/65.0.3325.181 Safari/537.36"
221.126.228.173 - - [13/Apr/2018:16:58:46 +0800] "GET /core/notification/get/ HTTP/1.1" 200 2 "http://ychlccsctest.camplus.hk/appraisala/set/2" "Mozilla/5.0 (Windows NT 6.1) AppleWebKit/537.36 (KHTML, like Gecko) Chrome/65.0.3325.181 Safari/537.36"
42.200.245.239 - - [13/Apr/2018:16:58:46 +0800] "GET /core/notification/get/ HTTP/1.1" 200 2 "http://ychlccsctest.camplus.hk/appraisala/set/2" "Mozilla/5.0 (Windows NT 10.0; Win64; x64) AppleWebKit/537.36 (KHTML, like Gecko) Chrome/65.0.3325.181 Safari/537.36"
221.126.228.173 - - [13/Apr/2018:16:58:48 +0800] "GET /core/notification/get/ HTTP/1.1" 200 2 "http://ychlccsctest.camplus.hk/appraisal/listing" "Mozilla/5.0 (Windows NT 6.1) AppleWebKit/537.36 (KHTML, like Gecko) Chrome/65.0.3325.181 Safari/537.36"
221.126.228.173 - - [13/Apr/2018:16:58:48 +0800] "GET /core/notification/get/ HTTP/1.1" 200 2 "http://ychlccsctest.camplus.hk/appraisal/listing" "Mozilla/5.0 (Windows NT 6.1) AppleWebKit/537.36 (KHTML, like Gecko) Chrome/65.0.3325.181 Safari/537.36"
221.126.228.173 - - [13/Apr/2018:16:58:52 +0800] "GET /core/notification/get/ HTTP/1.1" 200 2 "http://ychlccsctest.camplus.hk/appraisal/listing" "Mozilla/5.0 (Windows NT 6.1) AppleWebKit/537.36 (KHTML, like Gecko) Chrome/65.0.3325.181 Safari/537.36"
221.126.228.173 - - [13/Apr/2018:16:58:54 +0800] "GET /core/notification/get/ HTTP/1.1" 200 2 "http://ychlccsctest.camplus.hk/appraisal/listing" "Mozilla/5.0 (Windows NT 6.1) AppleWebKit/537.36 (KHTML, like Gecko) Chrome/65.0.3325.181 Safari/537.36"
221.126.228.173 - - [13/Apr/2018:16:58:56 +0800] "GET /core/notification/get/ HTTP/1.1" 200 2 "http://ychlccsctest.camplus.hk/appraisala/set/2" "Mozilla/5.0 (Windows NT 6.1) AppleWebKit/537.36 (KHTML, like Gecko) Chrome/65.0.3325.181 Safari/537.36"
42.200.245.239 - - [13/Apr/2018:16:58:56 +0800] "GET /core/notification/get/ HTTP/1.1" 200 2 "http://ychlccsctest.camplus.hk/appraisala/set/2" "Mozilla/5.0 (Windows NT 10.0; Win64; x64) AppleWebKit/537.36 (KHTML, like Gecko) Chrome/65.0.3325.181 Safari/537.36"
221.126.228.173 - - [13/Apr/2018:16:58:58 +0800] "GET /core/notification/get/ HTTP/1.1" 200 2 "http://ychlccsctest.camplus.hk/appraisal/listing" "Mozilla/5.0 (Windows NT 6.1) AppleWebKit/537.36 (KHTML, like Gecko) Chrome/65.0.3325.181 Safari/537.36"
221.126.228.173 - - [13/Apr/2018:16:58:58 +0800] "GET /core/notification/get/ HTTP/1.1" 200 2 "http://ychlccsctest.camplus.hk/appraisal/listing" "Mozilla/5.0 (Windows NT 6.1) AppleWebKit/537.36 (KHTML, like Gecko) Chrome/65.0.3325.181 Safari/537.36"
221.126.228.173 - - [13/Apr/2018:16:59:02 +0800] "GET /core/notification/get/ HTTP/1.1" 200 2 "http://ychlccsctest.camplus.hk/appraisal/listing" "Mozilla/5.0 (Windows NT 6.1) AppleWebKit/537.36 (KHTML, like Gecko) Chrome/65.0.3325.181 Safari/537.36"
221.126.228.173 - - [13/Apr/2018:16:59:04 +0800] "GET /core/notification/get/ HTTP/1.1" 200 2 "http://ychlccsctest.camplus.hk/appraisal/listing" "Mozilla/5.0 (Windows NT 6.1) AppleWebKit/537.36 (KHTML, like Gecko) Chrome/65.0.3325.181 Safari/537.36"
221.126.228.173 - - [13/Apr/2018:16:59:06 +0800] "GET /core/notification/get/ HTTP/1.1" 200 2 "http://ychlccsctest.camplus.hk/appraisala/set/2" "Mozilla/5.0 (Windows NT 6.1) AppleWebKit/537.36 (KHTML, like Gecko) Chrome/65.0.3325.181 Safari/537.36"
42.200.245.239 - - [13/Apr/2018:16:59:06 +0800] "GET /core/notification/get/ HTTP/1.1" 200 2 "http://ychlccsctest.camplus.hk/appraisala/set/2" "Mozilla/5.0 (Windows NT 10.0; Win64; x64) AppleWebKit/537.36 (KHTML, like Gecko) Chrome/65.0.3325.181 Safari/537.36"
221.126.228.173 - - [13/Apr/2018:16:59:08 +0800] "GET /core/notification/get/ HTTP/1.1" 200 2 "http://ychlccsctest.camplus.hk/appraisal/listing" "Mozilla/5.0 (Windows NT 6.1) AppleWebKit/537.36 (KHTML, like Gecko) Chrome/65.0.3325.181 Safari/537.36"
