221.126.228.173 - - [13/Apr/2018:16:52:34 +0800] "GET /core/notification/get/ HTTP/1.1" 200 2 "http://ychlccsctest.camplus.hk/appraisal/listing" "Mozilla/5.0 (Windows NT 6.1) AppleWebKit/537.36 (KHTML, like Gecko) Chrome/65.0.3325.181 Safari/537.36"
221.126.228.173 - - [13/Apr/2018:16:52:38 +0800] "GET /core/notification/get/ HTTP/1.1" 200 2 "http://ychlccsctest.camplus.hk/appraisal/listing" "Mozilla/5.0 (Windows NT 6.1) AppleWebKit/537.36 (KHTML, like Gecko) Chrome/65.0.3325.181 Safari/537.36"
221.126.228.173 - - [13/Apr/2018:16:52:38 +0800] "GET /core/notification/get/ HTTP/1.1" 200 2 "http://ychlccsctest.camplus.hk/appraisal/listing" "Mozilla/5.0 (Windows NT 6.1) AppleWebKit/537.36 (KHTML, like Gecko) Chrome/65.0.3325.181 Safari/537.36"
221.126.228.173 - - [13/Apr/2018:16:52:42 +0800] "GET /core/notification/get/ HTTP/1.1" 200 2 "http://ychlccsctest.camplus.hk/appraisal/listing" "Mozilla/5.0 (Windows NT 6.1) AppleWebKit/537.36 (KHTML, like Gecko) Chrome/65.0.3325.181 Safari/537.36"
221.126.228.173 - - [13/Apr/2018:16:52:44 +0800] "GET /core/notification/get/ HTTP/1.1" 200 2 "http://ychlccsctest.camplus.hk/appraisal/appraisal_form/listing" "Mozilla/5.0 (Windows NT 6.1) AppleWebKit/537.36 (KHTML, like Gecko) Chrome/65.0.3325.181 Safari/537.36"
221.126.228.173 - - [13/Apr/2018:16:52:44 +0800] "GET /core/notification/get/ HTTP/1.1" 200 2 "http://ychlccsctest.camplus.hk/appraisal/listing" "Mozilla/5.0 (Windows NT 6.1) AppleWebKit/537.36 (KHTML, like Gecko) Chrome/65.0.3325.181 Safari/537.36"
221.126.228.173 - - [13/Apr/2018:16:52:48 +0800] "GET /core/notification/get/ HTTP/1.1" 200 2 "http://ychlccsctest.camplus.hk/appraisal/listing" "Mozilla/5.0 (Windows NT 6.1) AppleWebKit/537.36 (KHTML, like Gecko) Chrome/65.0.3325.181 Safari/537.36"
221.126.228.173 - - [13/Apr/2018:16:52:48 +0800] "GET /core/notification/get/ HTTP/1.1" 200 2 "http://ychlccsctest.camplus.hk/appraisal/listing" "Mozilla/5.0 (Windows NT 6.1) AppleWebKit/537.36 (KHTML, like Gecko) Chrome/65.0.3325.181 Safari/537.36"
221.126.228.173 - - [13/Apr/2018:16:52:52 +0800] "GET /core/notification/get/ HTTP/1.1" 200 2 "http://ychlccsctest.camplus.hk/appraisal/listing" "Mozilla/5.0 (Windows NT 6.1) AppleWebKit/537.36 (KHTML, like Gecko) Chrome/65.0.3325.181 Safari/537.36"
221.126.228.173 - - [13/Apr/2018:16:52:54 +0800] "GET /core/notification/get/ HTTP/1.1" 200 2 "http://ychlccsctest.camplus.hk/appraisal/appraisal_form/listing" "Mozilla/5.0 (Windows NT 6.1) AppleWebKit/537.36 (KHTML, like Gecko) Chrome/65.0.3325.181 Safari/537.36"
221.126.228.173 - - [13/Apr/2018:16:52:54 +0800] "GET /core/notification/get/ HTTP/1.1" 200 2 "http://ychlccsctest.camplus.hk/appraisal/listing" "Mozilla/5.0 (Windows NT 6.1) AppleWebKit/537.36 (KHTML, like Gecko) Chrome/65.0.3325.181 Safari/537.36"
42.200.245.239 - - [13/Apr/2018:16:52:56 +0800] "GET /login HTTP/1.1" 200 7658 "-" "Mozilla/5.0 (Windows NT 10.0; Win64; x64) AppleWebKit/537.36 (KHTML, like Gecko) Chrome/65.0.3325.181 Safari/537.36"
42.200.245.239 - - [13/Apr/2018:16:52:56 +0800] "GET /assets/global/plugins/font-awesome/css/font-awesome.min.css HTTP/1.1" 200 26711 "http://ychlccsctest.camplus.hk/login" "Mozilla/5.0 (Windows NT 10.0; Win64; x64) AppleWebKit/537.36 (KHTML, like Gecko) Chrome/65.0.3325.181 Safari/537.36"
42.200.245.239 - - [13/Apr/2018:16:52:56 +0800] "GET /assets/global/plugins/simple-line-icons/simple-line-icons.min.css HTTP/1.1" 200 9562 "http://ychlccsctest.camplus.hk/login" "Mozilla/5.0 (Windows NT 10.0; Win64; x64) AppleWebKit/537.36 (KHTML, like Gecko) Chrome/65.0.3325.181 Safari/537.36"
42.200.245.239 - - [13/Apr/2018:16:52:56 +0800] "GET /assets/pages/css/login-5.min.css HTTP/1.1" 200 4134 "http://ychlccsctest.camplus.hk/login" "Mozilla/5.0 (Windows NT 10.0; Win64; x64) AppleWebKit/537.36 (KHTML, like Gecko) Chrome/65.0.3325.181 Safari/537.36"
42.200.245.239 - - [13/Apr/2018:16:52:56 +0800] "GET /assets/global/css/plugins.min.css HTTP/1.1" 200 41908 "http://ychlccsctest.camplus.hk/login" "Mozilla/5.0 (Windows NT 10.0; Win64; x64) AppleWebKit/537.36 (KHTML, like Gecko) Chrome/65.0.3325.181 Safari/537.36"
42.200.245.239 - - [13/Apr/2018:16:52:56 +0800] "GET /assets/global/plugins/bootstrap/css/bootstrap.min.css HTTP/1.1" 200 117914 "http://ychlccsctest.camplus.hk/login" "Mozilla/5.0 (Windows NT 10.0; Win64; x64) AppleWebKit/537.36 (KHTML, like Gecko) Chrome/65.0.3325.181 Safari/537.36"
42.200.245.239 - - [13/Apr/2018:16:52:57 +0800] "GET /assets/global/plugins/jquery.min.js HTTP/1.1" 200 97166 "http://ychlccsctest.camplus.hk/login" "Mozilla/5.0 (Windows NT 10.0; Win64; x64) AppleWebKit/537.36 (KHTML, like Gecko) Chrome/65.0.3325.181 Safari/537.36"
42.200.245.239 - - [13/Apr/2018:16:52:58 +0800] "GET /assets/global/plugins/bootstrap/js/bootstrap.min.js HTTP/1.1" 200 37045 "http://ychlccsctest.camplus.hk/login" "Mozilla/5.0 (Windows NT 10.0; Win64; x64) AppleWebKit/537.36 (KHTML, like Gecko) Chrome/65.0.3325.181 Safari/537.36"
221.126.228.173 - - [13/Apr/2018:16:52:58 +0800] "GET /core/notification/get/ HTTP/1.1" 200 2 "http://ychlccsctest.camplus.hk/appraisal/listing" "Mozilla/5.0 (Windows NT 6.1) AppleWebKit/537.36 (KHTML, like Gecko) Chrome/65.0.3325.181 Safari/537.36"
221.126.228.173 - - [13/Apr/2018:16:52:58 +0800] "GET /core/notification/get/ HTTP/1.1" 200 2 "http://ychlccsctest.camplus.hk/appraisal/listing" "Mozilla/5.0 (Windows NT 6.1) AppleWebKit/537.36 (KHTML, like Gecko) Chrome/65.0.3325.181 Safari/537.36"
42.200.245.239 - - [13/Apr/2018:16:52:58 +0800] "GET /assets/global/plugins/js.cookie.min.js HTTP/1.1" 200 1738 "http://ychlccsctest.camplus.hk/login" "Mozilla/5.0 (Windows NT 10.0; Win64; x64) AppleWebKit/537.36 (KHTML, like Gecko) Chrome/65.0.3325.181 Safari/537.36"
42.200.245.239 - - [13/Apr/2018:16:52:58 +0800] "GET /assets/global/plugins/jquery-validation/js/jquery.validate.min.js HTTP/1.1" 200 21090 "http://ychlccsctest.camplus.hk/login" "Mozilla/5.0 (Windows NT 10.0; Win64; x64) AppleWebKit/537.36 (KHTML, like Gecko) Chrome/65.0.3325.181 Safari/537.36"
42.200.245.239 - - [13/Apr/2018:16:52:59 +0800] "GET /assets/global/plugins/jquery-validation/js/additional-methods.min.js HTTP/1.1" 200 17210 "http://ychlccsctest.camplus.hk/login" "Mozilla/5.0 (Windows NT 10.0; Win64; x64) AppleWebKit/537.36 (KHTML, like Gecko) Chrome/65.0.3325.181 Safari/537.36"
42.200.245.239 - - [13/Apr/2018:16:52:59 +0800] "GET /assets/global/plugins/backstretch/jquery.backstretch.min.js HTTP/1.1" 200 4233 "http://ychlccsctest.camplus.hk/login" "Mozilla/5.0 (Windows NT 10.0; Win64; x64) AppleWebKit/537.36 (KHTML, like Gecko) Chrome/65.0.3325.181 Safari/537.36"
42.200.245.239 - - [13/Apr/2018:16:52:59 +0800] "GET /assets/pages/scripts/login-5.min.js HTTP/1.1" 200 1362 "http://ychlccsctest.camplus.hk/login" "Mozilla/5.0 (Windows NT 10.0; Win64; x64) AppleWebKit/537.36 (KHTML, like Gecko) Chrome/65.0.3325.181 Safari/537.36"
42.200.245.239 - - [13/Apr/2018:16:52:59 +0800] "GET /assets/global/scripts/app.min.js HTTP/1.1" 200 15511 "http://ychlccsctest.camplus.hk/login" "Mozilla/5.0 (Windows NT 10.0; Win64; x64) AppleWebKit/537.36 (KHTML, like Gecko) Chrome/65.0.3325.181 Safari/537.36"
42.200.245.239 - - [13/Apr/2018:16:52:56 +0800] "GET /assets/global/css/components.min.css HTTP/1.1" 200 614179 "http://ychlccsctest.camplus.hk/login" "Mozilla/5.0 (Windows NT 10.0; Win64; x64) AppleWebKit/537.36 (KHTML, like Gecko) Chrome/65.0.3325.181 Safari/537.36"
42.200.245.239 - - [13/Apr/2018:16:52:59 +0800] "GET /files/logo/logo.jpg HTTP/1.1" 200 30416 "http://ychlccsctest.camplus.hk/login" "Mozilla/5.0 (Windows NT 10.0; Win64; x64) AppleWebKit/537.36 (KHTML, like Gecko) Chrome/65.0.3325.181 Safari/537.36"
42.200.245.239 - - [13/Apr/2018:16:52:59 +0800] "GET /assets/custom/img/bg1.jpg HTTP/1.1" 200 363870 "http://ychlccsctest.camplus.hk/login" "Mozilla/5.0 (Windows NT 10.0; Win64; x64) AppleWebKit/537.36 (KHTML, like Gecko) Chrome/65.0.3325.181 Safari/537.36"
42.200.245.239 - - [13/Apr/2018:16:52:59 +0800] "GET /assets/custom/img/bg2.jpg HTTP/1.1" 200 102460 "http://ychlccsctest.camplus.hk/login" "Mozilla/5.0 (Windows NT 10.0; Win64; x64) AppleWebKit/537.36 (KHTML, like Gecko) Chrome/65.0.3325.181 Safari/537.36"
221.126.228.173 - - [13/Apr/2018:16:53:02 +0800] "GET /core/notification/get/ HTTP/1.1" 200 2 "http://ychlccsctest.camplus.hk/appraisal/listing" "Mozilla/5.0 (Windows NT 6.1) AppleWebKit/537.36 (KHTML, like Gecko) Chrome/65.0.3325.181 Safari/537.36"
42.200.245.239 - - [13/Apr/2018:16:52:59 +0800] "GET /assets/pages/img/login/bg2.jpg HTTP/1.1" 200 299834 "http://ychlccsctest.camplus.hk/login" "Mozilla/5.0 (Windows NT 10.0; Win64; x64) AppleWebKit/537.36 (KHTML, like Gecko) Chrome/65.0.3325.181 Safari/537.36"
42.200.245.239 - - [13/Apr/2018:16:52:59 +0800] "GET /assets/custom/img/bg3.jpg HTTP/1.1" 200 325431 "http://ychlccsctest.camplus.hk/login" "Mozilla/5.0 (Windows NT 10.0; Win64; x64) AppleWebKit/537.36 (KHTML, like Gecko) Chrome/65.0.3325.181 Safari/537.36"
42.200.245.239 - - [13/Apr/2018:16:52:59 +0800] "GET /assets/pages/img/login/bg1.jpg HTTP/1.1" 200 539993 "http://ychlccsctest.camplus.hk/login" "Mozilla/5.0 (Windows NT 10.0; Win64; x64) AppleWebKit/537.36 (KHTML, like Gecko) Chrome/65.0.3325.181 Safari/537.36"
42.200.245.239 - - [13/Apr/2018:16:52:59 +0800] "GET /assets/pages/img/login/bg3.jpg HTTP/1.1" 200 650084 "http://ychlccsctest.camplus.hk/login" "Mozilla/5.0 (Windows NT 10.0; Win64; x64) AppleWebKit/537.36 (KHTML, like Gecko) Chrome/65.0.3325.181 Safari/537.36"
221.126.228.173 - - [13/Apr/2018:16:53:03 +0800] "GET /core/notification/get/ HTTP/1.1" 200 2 "http://ychlccsctest.camplus.hk/appraisal/appraisal_form/listing" "Mozilla/5.0 (Windows NT 6.1) AppleWebKit/537.36 (KHTML, like Gecko) Chrome/65.0.3325.181 Safari/537.36"
221.126.228.173 - - [13/Apr/2018:16:53:04 +0800] "GET /core/notification/get/ HTTP/1.1" 200 2 "http://ychlccsctest.camplus.hk/appraisal/listing" "Mozilla/5.0 (Windows NT 6.1) AppleWebKit/537.36 (KHTML, like Gecko) Chrome/65.0.3325.181 Safari/537.36"
42.200.245.239 - - [13/Apr/2018:16:53:06 +0800] "POST /login HTTP/1.1" 303 - "http://ychlccsctest.camplus.hk/login" "Mozilla/5.0 (Windows NT 10.0; Win64; x64) AppleWebKit/537.36 (KHTML, like Gecko) Chrome/65.0.3325.181 Safari/537.36"
42.200.245.239 - - [13/Apr/2018:16:53:07 +0800] "GET /login HTTP/1.1" 200 7658 "http://ychlccsctest.camplus.hk/login" "Mozilla/5.0 (Windows NT 10.0; Win64; x64) AppleWebKit/537.36 (KHTML, like Gecko) Chrome/65.0.3325.181 Safari/537.36"
221.126.228.173 - - [13/Apr/2018:16:53:07 +0800] "GET /core/logout HTTP/1.1" 307 - "http://ychlccsctest.camplus.hk/appraisal/appraisal_form/listing" "Mozilla/5.0 (Windows NT 6.1) AppleWebKit/537.36 (KHTML, like Gecko) Chrome/65.0.3325.181 Safari/537.36"
221.126.228.173 - - [13/Apr/2018:16:53:07 +0800] "GET /login HTTP/1.1" 200 7658 "http://ychlccsctest.camplus.hk/appraisal/appraisal_form/listing" "Mozilla/5.0 (Windows NT 6.1) AppleWebKit/537.36 (KHTML, like Gecko) Chrome/65.0.3325.181 Safari/537.36"
221.126.228.173 - - [13/Apr/2018:16:53:08 +0800] "GET /core/notification/get/ HTTP/1.1" 200 2 "http://ychlccsctest.camplus.hk/appraisal/listing" "Mozilla/5.0 (Windows NT 6.1) AppleWebKit/537.36 (KHTML, like Gecko) Chrome/65.0.3325.181 Safari/537.36"
221.126.228.173 - - [13/Apr/2018:16:53:08 +0800] "GET /core/notification/get/ HTTP/1.1" 200 2 "http://ychlccsctest.camplus.hk/appraisal/listing" "Mozilla/5.0 (Windows NT 6.1) AppleWebKit/537.36 (KHTML, like Gecko) Chrome/65.0.3325.181 Safari/537.36"
42.200.245.239 - - [13/Apr/2018:16:53:10 +0800] "POST /login HTTP/1.1" 303 - "http://ychlccsctest.camplus.hk/login" "Mozilla/5.0 (Windows NT 10.0; Win64; x64) AppleWebKit/537.36 (KHTML, like Gecko) Chrome/65.0.3325.181 Safari/537.36"
42.200.245.239 - - [13/Apr/2018:16:53:10 +0800] "GET /appraisal/listing HTTP/1.1" 200 33555 "http://ychlccsctest.camplus.hk/login" "Mozilla/5.0 (Windows NT 10.0; Win64; x64) AppleWebKit/537.36 (KHTML, like Gecko) Chrome/65.0.3325.181 Safari/537.36"
42.200.245.239 - - [13/Apr/2018:16:53:11 +0800] "GET /assets/global/plugins/select2/css/select2.min.css HTTP/1.1" 200 15196 "http://ychlccsctest.camplus.hk/appraisal/listing" "Mozilla/5.0 (Windows NT 10.0; Win64; x64) AppleWebKit/537.36 (KHTML, like Gecko) Chrome/65.0.3325.181 Safari/537.36"
42.200.245.239 - - [13/Apr/2018:16:53:11 +0800] "GET /assets/global/plugins/select2/css/select2-bootstrap.min.css HTTP/1.1" 200 15551 "http://ychlccsctest.camplus.hk/appraisal/listing" "Mozilla/5.0 (Windows NT 10.0; Win64; x64) AppleWebKit/537.36 (KHTML, like Gecko) Chrome/65.0.3325.181 Safari/537.36"
42.200.245.239 - - [13/Apr/2018:16:53:11 +0800] "GET /assets/custom/bootstrap-tour/css/bootstrap-tour.min.css HTTP/1.1" 200 1979 "http://ychlccsctest.camplus.hk/appraisal/listing" "Mozilla/5.0 (Windows NT 10.0; Win64; x64) AppleWebKit/537.36 (KHTML, like Gecko) Chrome/65.0.3325.181 Safari/537.36"
42.200.245.239 - - [13/Apr/2018:16:53:11 +0800] "GET /assets/layouts/layout/css/themes/darkblue.min.css HTTP/1.1" 200 32447 "http://ychlccsctest.camplus.hk/appraisal/listing" "Mozilla/5.0 (Windows NT 10.0; Win64; x64) AppleWebKit/537.36 (KHTML, like Gecko) Chrome/65.0.3325.181 Safari/537.36"
42.200.245.239 - - [13/Apr/2018:16:53:11 +0800] "GET /assets/custom/css/custom.css HTTP/1.1" 200 2819 "http://ychlccsctest.camplus.hk/appraisal/listing" "Mozilla/5.0 (Windows NT 10.0; Win64; x64) AppleWebKit/537.36 (KHTML, like Gecko) Chrome/65.0.3325.181 Safari/537.36"
42.200.245.239 - - [13/Apr/2018:16:53:11 +0800] "GET /assets/layouts/layout/css/layout.min.css HTTP/1.1" 200 80276 "http://ychlccsctest.camplus.hk/appraisal/listing" "Mozilla/5.0 (Windows NT 10.0; Win64; x64) AppleWebKit/537.36 (KHTML, like Gecko) Chrome/65.0.3325.181 Safari/537.36"
42.200.245.239 - - [13/Apr/2018:16:53:11 +0800] "GET /assets/custom/js/form-validation.js HTTP/1.1" 200 2593 "http://ychlccsctest.camplus.hk/appraisal/listing" "Mozilla/5.0 (Windows NT 10.0; Win64; x64) AppleWebKit/537.36 (KHTML, like Gecko) Chrome/65.0.3325.181 Safari/537.36"
42.200.245.239 - - [13/Apr/2018:16:53:11 +0800] "GET /assets/global/plugins/datatables/plugins/bootstrap/datatables.bootstrap.js HTTP/1.1" 200 18611 "http://ychlccsctest.camplus.hk/appraisal/listing" "Mozilla/5.0 (Windows NT 10.0; Win64; x64) AppleWebKit/537.36 (KHTML, like Gecko) Chrome/65.0.3325.181 Safari/537.36"
42.200.245.239 - - [13/Apr/2018:16:53:11 +0800] "GET /assets/custom/datatables/datatables.min.js HTTP/1.1" 200 83387 "http://ychlccsctest.camplus.hk/appraisal/listing" "Mozilla/5.0 (Windows NT 10.0; Win64; x64) AppleWebKit/537.36 (KHTML, like Gecko) Chrome/65.0.3325.181 Safari/537.36"
42.200.245.239 - - [13/Apr/2018:16:53:11 +0800] "GET /assets/custom/datatables/datatables.min.css HTTP/1.1" 200 13992 "http://ychlccsctest.camplus.hk/appraisal/listing" "Mozilla/5.0 (Windows NT 10.0; Win64; x64) AppleWebKit/537.36 (KHTML, like Gecko) Chrome/65.0.3325.181 Safari/537.36"
42.200.245.239 - - [13/Apr/2018:16:53:11 +0800] "GET /assets/custom/js/camplus-datatable.js HTTP/1.1" 200 7188 "http://ychlccsctest.camplus.hk/appraisal/listing" "Mozilla/5.0 (Windows NT 10.0; Win64; x64) AppleWebKit/537.36 (KHTML, like Gecko) Chrome/65.0.3325.181 Safari/537.36"
42.200.245.239 - - [13/Apr/2018:16:53:11 +0800] "GET /assets/global/plugins/jquery-slimscroll/jquery.slimscroll.min.js HTTP/1.1" 200 5175 "http://ychlccsctest.camplus.hk/appraisal/listing" "Mozilla/5.0 (Windows NT 10.0; Win64; x64) AppleWebKit/537.36 (KHTML, like Gecko) Chrome/65.0.3325.181 Safari/537.36"
42.200.245.239 - - [13/Apr/2018:16:53:11 +0800] "GET /assets/global/plugins/morris/morris.min.js HTTP/1.1" 200 35652 "http://ychlccsctest.camplus.hk/appraisal/listing" "Mozilla/5.0 (Windows NT 10.0; Win64; x64) AppleWebKit/537.36 (KHTML, like Gecko) Chrome/65.0.3325.181 Safari/537.36"
42.200.245.239 - - [13/Apr/2018:16:53:11 +0800] "GET /assets/global/plugins/jquery.blockui.min.js HTTP/1.1" 200 9569 "http://ychlccsctest.camplus.hk/appraisal/listing" "Mozilla/5.0 (Windows NT 10.0; Win64; x64) AppleWebKit/537.36 (KHTML, like Gecko) Chrome/65.0.3325.181 Safari/537.36"
42.200.245.239 - - [13/Apr/2018:16:53:11 +0800] "GET /assets/layouts/layout/scripts/layout.min.js HTTP/1.1" 200 11587 "http://ychlccsctest.camplus.hk/appraisal/listing" "Mozilla/5.0 (Windows NT 10.0; Win64; x64) AppleWebKit/537.36 (KHTML, like Gecko) Chrome/65.0.3325.181 Safari/537.36"
42.200.245.239 - - [13/Apr/2018:16:53:11 +0800] "GET /assets/layouts/global/scripts/quick-sidebar.min.js HTTP/1.1" 200 2793 "http://ychlccsctest.camplus.hk/appraisal/listing" "Mozilla/5.0 (Windows NT 10.0; Win64; x64) AppleWebKit/537.36 (KHTML, like Gecko) Chrome/65.0.3325.181 Safari/537.36"
42.200.245.239 - - [13/Apr/2018:16:53:11 +0800] "GET /assets/global/plugins/bootstrap/fonts/bootstrap/glyphicons-halflings-regular.woff2 HTTP/1.1" 200 18028 "http://ychlccsctest.camplus.hk/assets/global/plugins/bootstrap/css/bootstrap.min.css" "Mozilla/5.0 (Windows NT 10.0; Win64; x64) AppleWebKit/537.36 (KHTML, like Gecko) Chrome/65.0.3325.181 Safari/537.36"
42.200.245.239 - - [13/Apr/2018:16:53:11 +0800] "GET /assets/global/plugins/simple-line-icons/fonts/Simple-Line-Icons.woff HTTP/1.1" 200 59324 "http://ychlccsctest.camplus.hk/assets/global/plugins/simple-line-icons/simple-line-icons.min.css" "Mozilla/5.0 (Windows NT 10.0; Win64; x64) AppleWebKit/537.36 (KHTML, like Gecko) Chrome/65.0.3325.181 Safari/537.36"
42.200.245.239 - - [13/Apr/2018:16:53:11 +0800] "GET /assets/global/plugins/select2/js/select2.full.min.js HTTP/1.1" 200 75005 "http://ychlccsctest.camplus.hk/appraisal/listing" "Mozilla/5.0 (Windows NT 10.0; Win64; x64) AppleWebKit/537.36 (KHTML, like Gecko) Chrome/65.0.3325.181 Safari/537.36"
42.200.245.239 - - [13/Apr/2018:16:53:11 +0800] "GET /assets/custom/bootstrap-tour/js/bootstrap-tour.min.js HTTP/1.1" 200 20520 "http://ychlccsctest.camplus.hk/appraisal/listing" "Mozilla/5.0 (Windows NT 10.0; Win64; x64) AppleWebKit/537.36 (KHTML, like Gecko) Chrome/65.0.3325.181 Safari/537.36"
42.200.245.239 - - [13/Apr/2018:16:53:11 +0800] "GET /assets/global/plugins/font-awesome/fonts/fontawesome-webfont.woff2?v=4.4.0 HTTP/1.1" 200 64464 "http://ychlccsctest.camplus.hk/assets/global/plugins/font-awesome/css/font-awesome.min.css" "Mozilla/5.0 (Windows NT 10.0; Win64; x64) AppleWebKit/537.36 (KHTML, like Gecko) Chrome/65.0.3325.181 Safari/537.36"
221.126.228.173 - - [13/Apr/2018:16:53:12 +0800] "GET /core/notification/get/ HTTP/1.1" 200 2 "http://ychlccsctest.camplus.hk/appraisal/listing" "Mozilla/5.0 (Windows NT 6.1) AppleWebKit/537.36 (KHTML, like Gecko) Chrome/65.0.3325.181 Safari/537.36"
42.200.245.239 - - [13/Apr/2018:16:53:13 +0800] "GET /core/notification/get/ HTTP/1.1" 200 2 "http://ychlccsctest.camplus.hk/appraisal/listing" "Mozilla/5.0 (Windows NT 10.0; Win64; x64) AppleWebKit/537.36 (KHTML, like Gecko) Chrome/65.0.3325.181 Safari/537.36"
221.126.228.173 - - [13/Apr/2018:16:53:14 +0800] "GET /core/notification/get/ HTTP/1.1" 200 2 "http://ychlccsctest.camplus.hk/appraisal/listing" "Mozilla/5.0 (Windows NT 6.1) AppleWebKit/537.36 (KHTML, like Gecko) Chrome/65.0.3325.181 Safari/537.36"
221.126.228.173 - - [13/Apr/2018:16:53:18 +0800] "GET /core/notification/get/ HTTP/1.1" 200 2 "http://ychlccsctest.camplus.hk/appraisal/listing" "Mozilla/5.0 (Windows NT 6.1) AppleWebKit/537.36 (KHTML, like Gecko) Chrome/65.0.3325.181 Safari/537.36"
221.126.228.173 - - [13/Apr/2018:16:53:18 +0800] "GET /core/notification/get/ HTTP/1.1" 200 2 "http://ychlccsctest.camplus.hk/appraisal/listing" "Mozilla/5.0 (Windows NT 6.1) AppleWebKit/537.36 (KHTML, like Gecko) Chrome/65.0.3325.181 Safari/537.36"
221.126.228.173 - - [13/Apr/2018:16:53:22 +0800] "GET /core/notification/get/ HTTP/1.1" 200 2 "http://ychlccsctest.camplus.hk/appraisal/listing" "Mozilla/5.0 (Windows NT 6.1) AppleWebKit/537.36 (KHTML, like Gecko) Chrome/65.0.3325.181 Safari/537.36"
42.200.245.239 - - [13/Apr/2018:16:53:23 +0800] "GET /core/notification/get/ HTTP/1.1" 200 2 "http://ychlccsctest.camplus.hk/appraisal/listing" "Mozilla/5.0 (Windows NT 10.0; Win64; x64) AppleWebKit/537.36 (KHTML, like Gecko) Chrome/65.0.3325.181 Safari/537.36"
221.126.228.173 - - [13/Apr/2018:16:53:24 +0800] "GET /core/notification/get/ HTTP/1.1" 200 2 "http://ychlccsctest.camplus.hk/appraisal/listing" "Mozilla/5.0 (Windows NT 6.1) AppleWebKit/537.36 (KHTML, like Gecko) Chrome/65.0.3325.181 Safari/537.36"
42.200.245.239 - - [13/Apr/2018:16:53:25 +0800] "GET /assets/global/plugins/bootstrap-datepicker/css/bootstrap-datepicker3.min.css HTTP/1.1" 200 26199 "http://ychlccsctest.camplus.hk/core/user/listing" "Mozilla/5.0 (Windows NT 10.0; Win64; x64) AppleWebKit/537.36 (KHTML, like Gecko) Chrome/65.0.3325.181 Safari/537.36"
42.200.245.239 - - [13/Apr/2018:16:53:25 +0800] "GET /assets/custom/datatables/HideEmptyColumns/dataTables.hideEmptyColumns.min.js HTTP/1.1" 200 2678 "http://ychlccsctest.camplus.hk/core/user/listing" "Mozilla/5.0 (Windows NT 10.0; Win64; x64) AppleWebKit/537.36 (KHTML, like Gecko) Chrome/65.0.3325.181 Safari/537.36"
42.200.245.239 - - [13/Apr/2018:16:53:25 +0800] "GET //assets/global/plugins/bootstrap-fileinput/bootstrap-fileinput.css HTTP/1.1" 200 2484 "http://ychlccsctest.camplus.hk/core/user/listing" "Mozilla/5.0 (Windows NT 10.0; Win64; x64) AppleWebKit/537.36 (KHTML, like Gecko) Chrome/65.0.3325.181 Safari/537.36"
42.200.245.239 - - [13/Apr/2018:16:53:25 +0800] "GET /assets/global/plugins/bootstrap-datepicker/js/bootstrap-datepicker.min.js HTTP/1.1" 200 31703 "http://ychlccsctest.camplus.hk/core/user/listing" "Mozilla/5.0 (Windows NT 10.0; Win64; x64) AppleWebKit/537.36 (KHTML, like Gecko) Chrome/65.0.3325.181 Safari/537.36"
42.200.245.239 - - [13/Apr/2018:16:53:25 +0800] "GET //assets/global/plugins/bootstrap-fileinput/bootstrap-fileinput.js HTTP/1.1" 200 6763 "http://ychlccsctest.camplus.hk/core/user/listing" "Mozilla/5.0 (Windows NT 10.0; Win64; x64) AppleWebKit/537.36 (KHTML, like Gecko) Chrome/65.0.3325.181 Safari/537.36"
42.200.245.239 - - [13/Apr/2018:16:53:24 +0800] "GET /core/user/listing HTTP/1.1" 200 166672 "http://ychlccsctest.camplus.hk/appraisal/listing" "Mozilla/5.0 (Windows NT 10.0; Win64; x64) AppleWebKit/537.36 (KHTML, like Gecko) Chrome/65.0.3325.181 Safari/537.36"
42.200.245.239 - - [13/Apr/2018:16:53:25 +0800] "GET /assets/layouts/layout/img/avatar3.jpg HTTP/1.1" 200 3056 "http://ychlccsctest.camplus.hk/core/user/listing" "Mozilla/5.0 (Windows NT 10.0; Win64; x64) AppleWebKit/537.36 (KHTML, like Gecko) Chrome/65.0.3325.181 Safari/537.36"
42.200.245.239 - - [13/Apr/2018:16:53:25 +0800] "GET /assets/layouts/layout/img/avatar6.jpg HTTP/1.1" 200 11105 "http://ychlccsctest.camplus.hk/core/user/listing" "Mozilla/5.0 (Windows NT 10.0; Win64; x64) AppleWebKit/537.36 (KHTML, like Gecko) Chrome/65.0.3325.181 Safari/537.36"
42.200.245.239 - - [13/Apr/2018:16:53:25 +0800] "GET /assets/layouts/layout/img/avatar1.jpg HTTP/1.1" 200 1869 "http://ychlccsctest.camplus.hk/core/user/listing" "Mozilla/5.0 (Windows NT 10.0; Win64; x64) AppleWebKit/537.36 (KHTML, like Gecko) Chrome/65.0.3325.181 Safari/537.36"
42.200.245.239 - - [13/Apr/2018:16:53:25 +0800] "GET /assets/layouts/layout/img/avatar2.jpg HTTP/1.1" 200 3767 "http://ychlccsctest.camplus.hk/core/user/listing" "Mozilla/5.0 (Windows NT 10.0; Win64; x64) AppleWebKit/537.36 (KHTML, like Gecko) Chrome/65.0.3325.181 Safari/537.36"
42.200.245.239 - - [13/Apr/2018:16:53:25 +0800] "GET /assets/layouts/layout/img/avatar4.jpg HTTP/1.1" 200 10744 "http://ychlccsctest.camplus.hk/core/user/listing" "Mozilla/5.0 (Windows NT 10.0; Win64; x64) AppleWebKit/537.36 (KHTML, like Gecko) Chrome/65.0.3325.181 Safari/537.36"
42.200.245.239 - - [13/Apr/2018:16:53:26 +0800] "GET /assets/layouts/layout/img/avatar7.jpg HTTP/1.1" 200 10970 "http://ychlccsctest.camplus.hk/core/user/listing" "Mozilla/5.0 (Windows NT 10.0; Win64; x64) AppleWebKit/537.36 (KHTML, like Gecko) Chrome/65.0.3325.181 Safari/537.36"
42.200.245.239 - - [13/Apr/2018:16:53:26 +0800] "GET /assets/layouts/layout/img/avatar8.jpg HTTP/1.1" 200 10743 "http://ychlccsctest.camplus.hk/core/user/listing" "Mozilla/5.0 (Windows NT 10.0; Win64; x64) AppleWebKit/537.36 (KHTML, like Gecko) Chrome/65.0.3325.181 Safari/537.36"
42.200.245.239 - - [13/Apr/2018:16:53:26 +0800] "GET /assets/layouts/layout/img/avatar9.jpg HTTP/1.1" 200 10326 "http://ychlccsctest.camplus.hk/core/user/listing" "Mozilla/5.0 (Windows NT 10.0; Win64; x64) AppleWebKit/537.36 (KHTML, like Gecko) Chrome/65.0.3325.181 Safari/537.36"
42.200.245.239 - - [13/Apr/2018:16:53:26 +0800] "GET /assets/layouts/layout/img/avatar10.jpg HTTP/1.1" 200 10750 "http://ychlccsctest.camplus.hk/core/user/listing" "Mozilla/5.0 (Windows NT 10.0; Win64; x64) AppleWebKit/537.36 (KHTML, like Gecko) Chrome/65.0.3325.181 Safari/537.36"
42.200.245.239 - - [13/Apr/2018:16:53:26 +0800] "GET /assets/layouts/layout/img/avatar11.jpg HTTP/1.1" 200 11009 "http://ychlccsctest.camplus.hk/core/user/listing" "Mozilla/5.0 (Windows NT 10.0; Win64; x64) AppleWebKit/537.36 (KHTML, like Gecko) Chrome/65.0.3325.181 Safari/537.36"
42.200.245.239 - - [13/Apr/2018:16:53:26 +0800] "GET /core/notification/get/ HTTP/1.1" 200 2 "http://ychlccsctest.camplus.hk/core/user/listing" "Mozilla/5.0 (Windows NT 10.0; Win64; x64) AppleWebKit/537.36 (KHTML, like Gecko) Chrome/65.0.3325.181 Safari/537.36"
42.200.245.239 - - [13/Apr/2018:16:53:26 +0800] "GET /assets/custom/datatables/DataTables-1.10.13/images/sort_both.png HTTP/1.1" 200 201 "http://ychlccsctest.camplus.hk/assets/custom/datatables/datatables.min.css" "Mozilla/5.0 (Windows NT 10.0; Win64; x64) AppleWebKit/537.36 (KHTML, like Gecko) Chrome/65.0.3325.181 Safari/537.36"
42.200.245.239 - - [13/Apr/2018:16:53:26 +0800] "GET /assets/custom/datatables/DataTables-1.10.13/images/sort_asc.png HTTP/1.1" 200 160 "http://ychlccsctest.camplus.hk/assets/custom/datatables/datatables.min.css" "Mozilla/5.0 (Windows NT 10.0; Win64; x64) AppleWebKit/537.36 (KHTML, like Gecko) Chrome/65.0.3325.181 Safari/537.36"
221.126.228.173 - - [13/Apr/2018:16:53:28 +0800] "GET /core/notification/get/ HTTP/1.1" 200 2 "http://ychlccsctest.camplus.hk/appraisal/listing" "Mozilla/5.0 (Windows NT 6.1) AppleWebKit/537.36 (KHTML, like Gecko) Chrome/65.0.3325.181 Safari/537.36"
221.126.228.173 - - [13/Apr/2018:16:53:28 +0800] "GET /core/notification/get/ HTTP/1.1" 200 2 "http://ychlccsctest.camplus.hk/appraisal/listing" "Mozilla/5.0 (Windows NT 6.1) AppleWebKit/537.36 (KHTML, like Gecko) Chrome/65.0.3325.181 Safari/537.36"
221.126.228.173 - - [13/Apr/2018:16:53:32 +0800] "GET /core/notification/get/ HTTP/1.1" 200 2 "http://ychlccsctest.camplus.hk/appraisal/listing" "Mozilla/5.0 (Windows NT 6.1) AppleWebKit/537.36 (KHTML, like Gecko) Chrome/65.0.3325.181 Safari/537.36"
221.126.228.173 - - [13/Apr/2018:16:53:34 +0800] "GET /core/notification/get/ HTTP/1.1" 200 2 "http://ychlccsctest.camplus.hk/appraisal/listing" "Mozilla/5.0 (Windows NT 6.1) AppleWebKit/537.36 (KHTML, like Gecko) Chrome/65.0.3325.181 Safari/537.36"
42.200.245.239 - - [13/Apr/2018:16:53:36 +0800] "GET /core/notification/get/ HTTP/1.1" 200 2 "http://ychlccsctest.camplus.hk/core/user/listing" "Mozilla/5.0 (Windows NT 10.0; Win64; x64) AppleWebKit/537.36 (KHTML, like Gecko) Chrome/65.0.3325.181 Safari/537.36"
221.126.228.173 - - [13/Apr/2018:16:53:38 +0800] "GET /core/notification/get/ HTTP/1.1" 200 2 "http://ychlccsctest.camplus.hk/appraisal/listing" "Mozilla/5.0 (Windows NT 6.1) AppleWebKit/537.36 (KHTML, like Gecko) Chrome/65.0.3325.181 Safari/537.36"
221.126.228.173 - - [13/Apr/2018:16:53:38 +0800] "GET /core/notification/get/ HTTP/1.1" 200 2 "http://ychlccsctest.camplus.hk/appraisal/listing" "Mozilla/5.0 (Windows NT 6.1) AppleWebKit/537.36 (KHTML, like Gecko) Chrome/65.0.3325.181 Safari/537.36"
221.126.228.173 - - [13/Apr/2018:16:53:42 +0800] "GET /core/notification/get/ HTTP/1.1" 200 2 "http://ychlccsctest.camplus.hk/appraisal/listing" "Mozilla/5.0 (Windows NT 6.1) AppleWebKit/537.36 (KHTML, like Gecko) Chrome/65.0.3325.181 Safari/537.36"
221.126.228.173 - - [13/Apr/2018:16:53:44 +0800] "GET /core/notification/get/ HTTP/1.1" 200 2 "http://ychlccsctest.camplus.hk/appraisal/listing" "Mozilla/5.0 (Windows NT 6.1) AppleWebKit/537.36 (KHTML, like Gecko) Chrome/65.0.3325.181 Safari/537.36"
42.200.245.239 - - [13/Apr/2018:16:53:46 +0800] "GET /core/notification/get/ HTTP/1.1" 200 2 "http://ychlccsctest.camplus.hk/core/user/listing" "Mozilla/5.0 (Windows NT 10.0; Win64; x64) AppleWebKit/537.36 (KHTML, like Gecko) Chrome/65.0.3325.181 Safari/537.36"
221.126.228.173 - - [13/Apr/2018:16:53:48 +0800] "GET /core/notification/get/ HTTP/1.1" 200 2 "http://ychlccsctest.camplus.hk/appraisal/listing" "Mozilla/5.0 (Windows NT 6.1) AppleWebKit/537.36 (KHTML, like Gecko) Chrome/65.0.3325.181 Safari/537.36"
221.126.228.173 - - [13/Apr/2018:16:53:48 +0800] "GET /core/notification/get/ HTTP/1.1" 200 2 "http://ychlccsctest.camplus.hk/appraisal/listing" "Mozilla/5.0 (Windows NT 6.1) AppleWebKit/537.36 (KHTML, like Gecko) Chrome/65.0.3325.181 Safari/537.36"
221.126.228.173 - - [13/Apr/2018:16:53:52 +0800] "GET /core/notification/get/ HTTP/1.1" 200 2 "http://ychlccsctest.camplus.hk/appraisal/listing" "Mozilla/5.0 (Windows NT 6.1) AppleWebKit/537.36 (KHTML, like Gecko) Chrome/65.0.3325.181 Safari/537.36"
221.126.228.173 - - [13/Apr/2018:16:53:54 +0800] "GET /core/notification/get/ HTTP/1.1" 200 2 "http://ychlccsctest.camplus.hk/appraisal/listing" "Mozilla/5.0 (Windows NT 6.1) AppleWebKit/537.36 (KHTML, like Gecko) Chrome/65.0.3325.181 Safari/537.36"
42.200.245.239 - - [13/Apr/2018:16:53:56 +0800] "GET /core/notification/get/ HTTP/1.1" 200 2 "http://ychlccsctest.camplus.hk/core/user/listing" "Mozilla/5.0 (Windows NT 10.0; Win64; x64) AppleWebKit/537.36 (KHTML, like Gecko) Chrome/65.0.3325.181 Safari/537.36"
221.126.228.173 - - [13/Apr/2018:16:53:57 +0800] "POST /login HTTP/1.1" 303 - "http://ychlccsctest.camplus.hk/login" "Mozilla/5.0 (Windows NT 6.1) AppleWebKit/537.36 (KHTML, like Gecko) Chrome/65.0.3325.181 Safari/537.36"
221.126.228.173 - - [13/Apr/2018:16:53:57 +0800] "GET /login HTTP/1.1" 200 7658 "http://ychlccsctest.camplus.hk/login" "Mozilla/5.0 (Windows NT 6.1) AppleWebKit/537.36 (KHTML, like Gecko) Chrome/65.0.3325.181 Safari/537.36"
221.126.228.173 - - [13/Apr/2018:16:53:58 +0800] "GET /core/notification/get/ HTTP/1.1" 200 2 "http://ychlccsctest.camplus.hk/appraisal/listing" "Mozilla/5.0 (Windows NT 6.1) AppleWebKit/537.36 (KHTML, like Gecko) Chrome/65.0.3325.181 Safari/537.36"
221.126.228.173 - - [13/Apr/2018:16:53:58 +0800] "GET /core/notification/get/ HTTP/1.1" 200 2 "http://ychlccsctest.camplus.hk/appraisal/listing" "Mozilla/5.0 (Windows NT 6.1) AppleWebKit/537.36 (KHTML, like Gecko) Chrome/65.0.3325.181 Safari/537.36"
221.126.228.173 - - [13/Apr/2018:16:54:02 +0800] "GET /core/notification/get/ HTTP/1.1" 200 2 "http://ychlccsctest.camplus.hk/appraisal/listing" "Mozilla/5.0 (Windows NT 6.1) AppleWebKit/537.36 (KHTML, like Gecko) Chrome/65.0.3325.181 Safari/537.36"
221.126.228.173 - - [13/Apr/2018:16:54:04 +0800] "GET /core/notification/get/ HTTP/1.1" 200 2 "http://ychlccsctest.camplus.hk/appraisal/listing" "Mozilla/5.0 (Windows NT 6.1) AppleWebKit/537.36 (KHTML, like Gecko) Chrome/65.0.3325.181 Safari/537.36"
42.200.245.239 - - [13/Apr/2018:16:54:06 +0800] "GET /core/notification/get/ HTTP/1.1" 200 2 "http://ychlccsctest.camplus.hk/core/user/listing" "Mozilla/5.0 (Windows NT 10.0; Win64; x64) AppleWebKit/537.36 (KHTML, like Gecko) Chrome/65.0.3325.181 Safari/537.36"
221.126.228.173 - - [13/Apr/2018:16:54:08 +0800] "GET /core/notification/get/ HTTP/1.1" 200 2 "http://ychlccsctest.camplus.hk/appraisal/listing" "Mozilla/5.0 (Windows NT 6.1) AppleWebKit/537.36 (KHTML, like Gecko) Chrome/65.0.3325.181 Safari/537.36"
221.126.228.173 - - [13/Apr/2018:16:54:08 +0800] "GET /core/notification/get/ HTTP/1.1" 200 2 "http://ychlccsctest.camplus.hk/appraisal/listing" "Mozilla/5.0 (Windows NT 6.1) AppleWebKit/537.36 (KHTML, like Gecko) Chrome/65.0.3325.181 Safari/537.36"
221.126.228.173 - - [13/Apr/2018:16:54:12 +0800] "GET /core/notification/get/ HTTP/1.1" 200 2 "http://ychlccsctest.camplus.hk/appraisal/listing" "Mozilla/5.0 (Windows NT 6.1) AppleWebKit/537.36 (KHTML, like Gecko) Chrome/65.0.3325.181 Safari/537.36"
221.126.228.173 - - [13/Apr/2018:16:54:14 +0800] "GET /core/notification/get/ HTTP/1.1" 200 2 "http://ychlccsctest.camplus.hk/appraisal/listing" "Mozilla/5.0 (Windows NT 6.1) AppleWebKit/537.36 (KHTML, like Gecko) Chrome/65.0.3325.181 Safari/537.36"
42.200.245.239 - - [13/Apr/2018:16:54:16 +0800] "GET /core/notification/get/ HTTP/1.1" 200 2 "http://ychlccsctest.camplus.hk/core/user/listing" "Mozilla/5.0 (Windows NT 10.0; Win64; x64) AppleWebKit/537.36 (KHTML, like Gecko) Chrome/65.0.3325.181 Safari/537.36"
221.126.228.173 - - [13/Apr/2018:16:54:16 +0800] "POST /login HTTP/1.1" 303 - "http://ychlccsctest.camplus.hk/login" "Mozilla/5.0 (Windows NT 6.1) AppleWebKit/537.36 (KHTML, like Gecko) Chrome/65.0.3325.181 Safari/537.36"
221.126.228.173 - - [13/Apr/2018:16:54:16 +0800] "GET /login HTTP/1.1" 200 7658 "http://ychlccsctest.camplus.hk/login" "Mozilla/5.0 (Windows NT 6.1) AppleWebKit/537.36 (KHTML, like Gecko) Chrome/65.0.3325.181 Safari/537.36"
221.126.228.173 - - [13/Apr/2018:16:54:18 +0800] "GET /core/notification/get/ HTTP/1.1" 200 2 "http://ychlccsctest.camplus.hk/appraisal/listing" "Mozilla/5.0 (Windows NT 6.1) AppleWebKit/537.36 (KHTML, like Gecko) Chrome/65.0.3325.181 Safari/537.36"
221.126.228.173 - - [13/Apr/2018:16:54:18 +0800] "GET /core/notification/get/ HTTP/1.1" 200 2 "http://ychlccsctest.camplus.hk/appraisal/listing" "Mozilla/5.0 (Windows NT 6.1) AppleWebKit/537.36 (KHTML, like Gecko) Chrome/65.0.3325.181 Safari/537.36"
221.126.228.173 - - [13/Apr/2018:16:54:19 +0800] "GET /login HTTP/1.1" 200 7658 "http://ychlccsctest.camplus.hk/login" "Mozilla/5.0 (Windows NT 6.1) AppleWebKit/537.36 (KHTML, like Gecko) Chrome/65.0.3325.181 Safari/537.36"
221.126.228.173 - - [13/Apr/2018:16:54:21 +0800] "GET /login HTTP/1.1" 200 7658 "http://ychlccsctest.camplus.hk/login" "Mozilla/5.0 (Windows NT 6.1) AppleWebKit/537.36 (KHTML, like Gecko) Chrome/65.0.3325.181 Safari/537.36"
221.126.228.173 - - [13/Apr/2018:16:54:22 +0800] "GET /core/notification/get/ HTTP/1.1" 200 2 "http://ychlccsctest.camplus.hk/appraisal/listing" "Mozilla/5.0 (Windows NT 6.1) AppleWebKit/537.36 (KHTML, like Gecko) Chrome/65.0.3325.181 Safari/537.36"
221.126.228.173 - - [13/Apr/2018:16:54:24 +0800] "GET /core/notification/get/ HTTP/1.1" 200 2 "http://ychlccsctest.camplus.hk/appraisal/listing" "Mozilla/5.0 (Windows NT 6.1) AppleWebKit/537.36 (KHTML, like Gecko) Chrome/65.0.3325.181 Safari/537.36"
42.200.245.239 - - [13/Apr/2018:16:54:24 +0800] "GET /core/logout HTTP/1.1" 307 - "http://ychlccsctest.camplus.hk/core/user/listing" "Mozilla/5.0 (Windows NT 10.0; Win64; x64) AppleWebKit/537.36 (KHTML, like Gecko) Chrome/65.0.3325.181 Safari/537.36"
42.200.245.239 - - [13/Apr/2018:16:54:24 +0800] "GET /login HTTP/1.1" 200 7658 "http://ychlccsctest.camplus.hk/core/user/listing" "Mozilla/5.0 (Windows NT 10.0; Win64; x64) AppleWebKit/537.36 (KHTML, like Gecko) Chrome/65.0.3325.181 Safari/537.36"
42.200.245.239 - - [13/Apr/2018:16:54:28 +0800] "POST /login HTTP/1.1" 303 - "http://ychlccsctest.camplus.hk/login" "Mozilla/5.0 (Windows NT 10.0; Win64; x64) AppleWebKit/537.36 (KHTML, like Gecko) Chrome/65.0.3325.181 Safari/537.36"
221.126.228.173 - - [13/Apr/2018:16:54:28 +0800] "GET /core/notification/get/ HTTP/1.1" 200 2 "http://ychlccsctest.camplus.hk/appraisal/listing" "Mozilla/5.0 (Windows NT 6.1) AppleWebKit/537.36 (KHTML, like Gecko) Chrome/65.0.3325.181 Safari/537.36"
221.126.228.173 - - [13/Apr/2018:16:54:28 +0800] "GET /core/notification/get/ HTTP/1.1" 200 2 "http://ychlccsctest.camplus.hk/appraisal/listing" "Mozilla/5.0 (Windows NT 6.1) AppleWebKit/537.36 (KHTML, like Gecko) Chrome/65.0.3325.181 Safari/537.36"
42.200.245.239 - - [13/Apr/2018:16:54:28 +0800] "GET /appraisal/listing HTTP/1.1" 200 33555 "http://ychlccsctest.camplus.hk/login" "Mozilla/5.0 (Windows NT 10.0; Win64; x64) AppleWebKit/537.36 (KHTML, like Gecko) Chrome/65.0.3325.181 Safari/537.36"
42.200.245.239 - - [13/Apr/2018:16:54:29 +0800] "GET /core/notification/get/ HTTP/1.1" 200 2 "http://ychlccsctest.camplus.hk/appraisal/listing" "Mozilla/5.0 (Windows NT 10.0; Win64; x64) AppleWebKit/537.36 (KHTML, like Gecko) Chrome/65.0.3325.181 Safari/537.36"
221.126.228.173 - - [13/Apr/2018:16:54:32 +0800] "GET /core/notification/get/ HTTP/1.1" 200 2 "http://ychlccsctest.camplus.hk/appraisal/listing" "Mozilla/5.0 (Windows NT 6.1) AppleWebKit/537.36 (KHTML, like Gecko) Chrome/65.0.3325.181 Safari/537.36"
221.126.228.173 - - [13/Apr/2018:16:54:34 +0800] "GET /core/notification/get/ HTTP/1.1" 200 2 "http://ychlccsctest.camplus.hk/appraisal/listing" "Mozilla/5.0 (Windows NT 6.1) AppleWebKit/537.36 (KHTML, like Gecko) Chrome/65.0.3325.181 Safari/537.36"
221.126.228.173 - - [13/Apr/2018:16:54:38 +0800] "GET /core/notification/get/ HTTP/1.1" 200 2 "http://ychlccsctest.camplus.hk/appraisal/listing" "Mozilla/5.0 (Windows NT 6.1) AppleWebKit/537.36 (KHTML, like Gecko) Chrome/65.0.3325.181 Safari/537.36"
221.126.228.173 - - [13/Apr/2018:16:54:38 +0800] "GET /core/notification/get/ HTTP/1.1" 200 2 "http://ychlccsctest.camplus.hk/appraisal/listing" "Mozilla/5.0 (Windows NT 6.1) AppleWebKit/537.36 (KHTML, like Gecko) Chrome/65.0.3325.181 Safari/537.36"
42.200.245.239 - - [13/Apr/2018:16:54:39 +0800] "GET /core/notification/get/ HTTP/1.1" 200 2 "http://ychlccsctest.camplus.hk/appraisal/listing" "Mozilla/5.0 (Windows NT 10.0; Win64; x64) AppleWebKit/537.36 (KHTML, like Gecko) Chrome/65.0.3325.181 Safari/537.36"
221.126.228.173 - - [13/Apr/2018:16:54:42 +0800] "GET /core/notification/get/ HTTP/1.1" 200 2 "http://ychlccsctest.camplus.hk/appraisal/listing" "Mozilla/5.0 (Windows NT 6.1) AppleWebKit/537.36 (KHTML, like Gecko) Chrome/65.0.3325.181 Safari/537.36"
42.200.245.239 - - [13/Apr/2018:16:54:43 +0800] "GET /login HTTP/1.1" 307 - "http://ychlccsctest.camplus.hk/core/user/listing" "Mozilla/5.0 (Windows NT 10.0; Win64; x64) AppleWebKit/537.36 (KHTML, like Gecko) Chrome/65.0.3325.181 Safari/537.36"
42.200.245.239 - - [13/Apr/2018:16:54:43 +0800] "GET /core/welcome HTTP/1.1" 200 50574 "http://ychlccsctest.camplus.hk/core/user/listing" "Mozilla/5.0 (Windows NT 10.0; Win64; x64) AppleWebKit/537.36 (KHTML, like Gecko) Chrome/65.0.3325.181 Safari/537.36"
221.126.228.173 - - [13/Apr/2018:16:54:44 +0800] "GET /core/notification/get/ HTTP/1.1" 200 2 "http://ychlccsctest.camplus.hk/appraisal/listing" "Mozilla/5.0 (Windows NT 6.1) AppleWebKit/537.36 (KHTML, like Gecko) Chrome/65.0.3325.181 Safari/537.36"
42.200.245.239 - - [13/Apr/2018:16:54:44 +0800] "GET /core/notification/get/ HTTP/1.1" 200 2 "http://ychlccsctest.camplus.hk/core/welcome" "Mozilla/5.0 (Windows NT 10.0; Win64; x64) AppleWebKit/537.36 (KHTML, like Gecko) Chrome/65.0.3325.181 Safari/537.36"
42.200.245.239 - - [13/Apr/2018:16:54:45 +0800] "GET /core/logout HTTP/1.1" 307 - "http://ychlccsctest.camplus.hk/core/welcome" "Mozilla/5.0 (Windows NT 10.0; Win64; x64) AppleWebKit/537.36 (KHTML, like Gecko) Chrome/65.0.3325.181 Safari/537.36"
42.200.245.239 - - [13/Apr/2018:16:54:45 +0800] "GET /login HTTP/1.1" 200 7658 "http://ychlccsctest.camplus.hk/core/welcome" "Mozilla/5.0 (Windows NT 10.0; Win64; x64) AppleWebKit/537.36 (KHTML, like Gecko) Chrome/65.0.3325.181 Safari/537.36"
221.126.228.173 - - [13/Apr/2018:16:54:48 +0800] "GET /core/notification/get/ HTTP/1.1" 200 2 "http://ychlccsctest.camplus.hk/appraisal/listing" "Mozilla/5.0 (Windows NT 6.1) AppleWebKit/537.36 (KHTML, like Gecko) Chrome/65.0.3325.181 Safari/537.36"
221.126.228.173 - - [13/Apr/2018:16:54:48 +0800] "GET /core/notification/get/ HTTP/1.1" 200 2 "http://ychlccsctest.camplus.hk/appraisal/listing" "Mozilla/5.0 (Windows NT 6.1) AppleWebKit/537.36 (KHTML, like Gecko) Chrome/65.0.3325.181 Safari/537.36"
42.200.245.239 - - [13/Apr/2018:16:54:51 +0800] "POST /login HTTP/1.1" 303 - "http://ychlccsctest.camplus.hk/login" "Mozilla/5.0 (Windows NT 10.0; Win64; x64) AppleWebKit/537.36 (KHTML, like Gecko) Chrome/65.0.3325.181 Safari/537.36"
42.200.245.239 - - [13/Apr/2018:16:54:51 +0800] "GET /appraisal/listing HTTP/1.1" 200 33555 "http://ychlccsctest.camplus.hk/login" "Mozilla/5.0 (Windows NT 10.0; Win64; x64) AppleWebKit/537.36 (KHTML, like Gecko) Chrome/65.0.3325.181 Safari/537.36"
221.126.228.173 - - [13/Apr/2018:16:54:52 +0800] "GET /core/notification/get/ HTTP/1.1" 200 2 "http://ychlccsctest.camplus.hk/appraisal/listing" "Mozilla/5.0 (Windows NT 6.1) AppleWebKit/537.36 (KHTML, like Gecko) Chrome/65.0.3325.181 Safari/537.36"
42.200.245.239 - - [13/Apr/2018:16:54:52 +0800] "GET /core/notification/get/ HTTP/1.1" 200 2 "http://ychlccsctest.camplus.hk/appraisal/listing" "Mozilla/5.0 (Windows NT 10.0; Win64; x64) AppleWebKit/537.36 (KHTML, like Gecko) Chrome/65.0.3325.181 Safari/537.36"
221.126.228.173 - - [13/Apr/2018:16:54:54 +0800] "GET /core/notification/get/ HTTP/1.1" 200 2 "http://ychlccsctest.camplus.hk/appraisal/listing" "Mozilla/5.0 (Windows NT 6.1) AppleWebKit/537.36 (KHTML, like Gecko) Chrome/65.0.3325.181 Safari/537.36"
42.200.245.239 - - [13/Apr/2018:16:54:55 +0800] "GET /core/user/listing HTTP/1.1" 200 166672 "http://ychlccsctest.camplus.hk/appraisal/listing" "Mozilla/5.0 (Windows NT 10.0; Win64; x64) AppleWebKit/537.36 (KHTML, like Gecko) Chrome/65.0.3325.181 Safari/537.36"
221.126.228.173 - - [13/Apr/2018:16:54:57 +0800] "POST /login HTTP/1.1" 303 - "http://ychlccsctest.camplus.hk/login" "Mozilla/5.0 (Windows NT 6.1) AppleWebKit/537.36 (KHTML, like Gecko) Chrome/65.0.3325.181 Safari/537.36"
42.200.245.239 - - [13/Apr/2018:16:54:57 +0800] "GET /core/notification/get/ HTTP/1.1" 200 2 "http://ychlccsctest.camplus.hk/core/user/listing" "Mozilla/5.0 (Windows NT 10.0; Win64; x64) AppleWebKit/537.36 (KHTML, like Gecko) Chrome/65.0.3325.181 Safari/537.36"
221.126.228.173 - - [13/Apr/2018:16:54:57 +0800] "GET /appraisal/listing HTTP/1.1" 200 33555 "http://ychlccsctest.camplus.hk/login" "Mozilla/5.0 (Windows NT 6.1) AppleWebKit/537.36 (KHTML, like Gecko) Chrome/65.0.3325.181 Safari/537.36"
221.126.228.173 - - [13/Apr/2018:16:54:57 +0800] "GET /assets/global/plugins/bootstrap/fonts/bootstrap/glyphicons-halflings-regular.woff2 HTTP/1.1" 200 18028 "http://ychlccsctest.camplus.hk/assets/global/plugins/bootstrap/css/bootstrap.min.css" "Mozilla/5.0 (Windows NT 6.1) AppleWebKit/537.36 (KHTML, like Gecko) Chrome/65.0.3325.181 Safari/537.36"
221.126.228.173 - - [13/Apr/2018:16:54:57 +0800] "GET /core/notification/get/ HTTP/1.1" 200 2 "http://ychlccsctest.camplus.hk/appraisal/listing" "Mozilla/5.0 (Windows NT 6.1) AppleWebKit/537.36 (KHTML, like Gecko) Chrome/65.0.3325.181 Safari/537.36"
221.126.228.173 - - [13/Apr/2018:16:54:58 +0800] "GET /core/notification/get/ HTTP/1.1" 200 2 "http://ychlccsctest.camplus.hk/appraisal/listing" "Mozilla/5.0 (Windows NT 6.1) AppleWebKit/537.36 (KHTML, like Gecko) Chrome/65.0.3325.181 Safari/537.36"
221.126.228.173 - - [13/Apr/2018:16:54:58 +0800] "GET /core/notification/get/ HTTP/1.1" 200 2 "http://ychlccsctest.camplus.hk/appraisal/listing" "Mozilla/5.0 (Windows NT 6.1) AppleWebKit/537.36 (KHTML, like Gecko) Chrome/65.0.3325.181 Safari/537.36"
221.126.228.173 - - [13/Apr/2018:16:55:02 +0800] "GET /core/notification/get/ HTTP/1.1" 200 2 "http://ychlccsctest.camplus.hk/appraisal/listing" "Mozilla/5.0 (Windows NT 6.1) AppleWebKit/537.36 (KHTML, like Gecko) Chrome/65.0.3325.181 Safari/537.36"
221.126.228.173 - - [13/Apr/2018:16:55:04 +0800] "GET /core/notification/get/ HTTP/1.1" 200 2 "http://ychlccsctest.camplus.hk/appraisal/listing" "Mozilla/5.0 (Windows NT 6.1) AppleWebKit/537.36 (KHTML, like Gecko) Chrome/65.0.3325.181 Safari/537.36"
42.200.245.239 - - [13/Apr/2018:16:55:07 +0800] "GET /core/notification/get/ HTTP/1.1" 200 2 "http://ychlccsctest.camplus.hk/core/user/listing" "Mozilla/5.0 (Windows NT 10.0; Win64; x64) AppleWebKit/537.36 (KHTML, like Gecko) Chrome/65.0.3325.181 Safari/537.36"
221.126.228.173 - - [13/Apr/2018:16:55:07 +0800] "GET /core/notification/get/ HTTP/1.1" 200 2 "http://ychlccsctest.camplus.hk/appraisal/listing" "Mozilla/5.0 (Windows NT 6.1) AppleWebKit/537.36 (KHTML, like Gecko) Chrome/65.0.3325.181 Safari/537.36"
221.126.228.173 - - [13/Apr/2018:16:55:08 +0800] "GET /core/notification/get/ HTTP/1.1" 200 2 "http://ychlccsctest.camplus.hk/appraisal/listing" "Mozilla/5.0 (Windows NT 6.1) AppleWebKit/537.36 (KHTML, like Gecko) Chrome/65.0.3325.181 Safari/537.36"
221.126.228.173 - - [13/Apr/2018:16:55:08 +0800] "GET /core/notification/get/ HTTP/1.1" 200 2 "http://ychlccsctest.camplus.hk/appraisal/listing" "Mozilla/5.0 (Windows NT 6.1) AppleWebKit/537.36 (KHTML, like Gecko) Chrome/65.0.3325.181 Safari/537.36"
221.126.228.173 - - [13/Apr/2018:16:55:12 +0800] "GET /core/notification/get/ HTTP/1.1" 200 2 "http://ychlccsctest.camplus.hk/appraisal/listing" "Mozilla/5.0 (Windows NT 6.1) AppleWebKit/537.36 (KHTML, like Gecko) Chrome/65.0.3325.181 Safari/537.36"
221.126.228.173 - - [13/Apr/2018:16:55:13 +0800] "GET /appraisala/listing HTTP/1.1" 200 27337 "http://ychlccsctest.camplus.hk/appraisal/listing" "Mozilla/5.0 (Windows NT 6.1) AppleWebKit/537.36 (KHTML, like Gecko) Chrome/65.0.3325.181 Safari/537.36"
221.126.228.173 - - [13/Apr/2018:16:55:13 +0800] "GET /core/notification/get/ HTTP/1.1" 200 2 "http://ychlccsctest.camplus.hk/appraisala/listing" "Mozilla/5.0 (Windows NT 6.1) AppleWebKit/537.36 (KHTML, like Gecko) Chrome/65.0.3325.181 Safari/537.36"
221.126.228.173 - - [13/Apr/2018:16:55:14 +0800] "GET /core/notification/get/ HTTP/1.1" 200 2 "http://ychlccsctest.camplus.hk/appraisal/listing" "Mozilla/5.0 (Windows NT 6.1) AppleWebKit/537.36 (KHTML, like Gecko) Chrome/65.0.3325.181 Safari/537.36"
42.200.245.239 - - [13/Apr/2018:16:55:17 +0800] "GET /core/notification/get/ HTTP/1.1" 200 2 "http://ychlccsctest.camplus.hk/core/user/listing" "Mozilla/5.0 (Windows NT 10.0; Win64; x64) AppleWebKit/537.36 (KHTML, like Gecko) Chrome/65.0.3325.181 Safari/537.36"
221.126.228.173 - - [13/Apr/2018:16:55:18 +0800] "GET /core/notification/get/ HTTP/1.1" 200 2 "http://ychlccsctest.camplus.hk/appraisal/listing" "Mozilla/5.0 (Windows NT 6.1) AppleWebKit/537.36 (KHTML, like Gecko) Chrome/65.0.3325.181 Safari/537.36"
221.126.228.173 - - [13/Apr/2018:16:55:18 +0800] "GET /core/notification/get/ HTTP/1.1" 200 2 "http://ychlccsctest.camplus.hk/appraisal/listing" "Mozilla/5.0 (Windows NT 6.1) AppleWebKit/537.36 (KHTML, like Gecko) Chrome/65.0.3325.181 Safari/537.36"
221.126.228.173 - - [13/Apr/2018:16:55:21 +0800] "GET /appraisala/listing HTTP/1.1" 200 27337 "http://ychlccsctest.camplus.hk/appraisala/listing" "Mozilla/5.0 (Windows NT 6.1) AppleWebKit/537.36 (KHTML, like Gecko) Chrome/65.0.3325.181 Safari/537.36"
221.126.228.173 - - [13/Apr/2018:16:55:21 +0800] "GET /core/notification/get/ HTTP/1.1" 200 2 "http://ychlccsctest.camplus.hk/appraisala/listing" "Mozilla/5.0 (Windows NT 6.1) AppleWebKit/537.36 (KHTML, like Gecko) Chrome/65.0.3325.181 Safari/537.36"
221.126.228.173 - - [13/Apr/2018:16:55:22 +0800] "GET /core/notification/get/ HTTP/1.1" 200 2 "http://ychlccsctest.camplus.hk/appraisal/listing" "Mozilla/5.0 (Windows NT 6.1) AppleWebKit/537.36 (KHTML, like Gecko) Chrome/65.0.3325.181 Safari/537.36"
221.126.228.173 - - [13/Apr/2018:16:55:24 +0800] "GET /core/notification/get/ HTTP/1.1" 200 2 "http://ychlccsctest.camplus.hk/appraisal/listing" "Mozilla/5.0 (Windows NT 6.1) AppleWebKit/537.36 (KHTML, like Gecko) Chrome/65.0.3325.181 Safari/537.36"
42.200.245.239 - - [13/Apr/2018:16:55:27 +0800] "GET /core/notification/get/ HTTP/1.1" 200 2 "http://ychlccsctest.camplus.hk/core/user/listing" "Mozilla/5.0 (Windows NT 10.0; Win64; x64) AppleWebKit/537.36 (KHTML, like Gecko) Chrome/65.0.3325.181 Safari/537.36"
221.126.228.173 - - [13/Apr/2018:16:55:28 +0800] "GET /core/notification/get/ HTTP/1.1" 200 2 "http://ychlccsctest.camplus.hk/appraisal/listing" "Mozilla/5.0 (Windows NT 6.1) AppleWebKit/537.36 (KHTML, like Gecko) Chrome/65.0.3325.181 Safari/537.36"
221.126.228.173 - - [13/Apr/2018:16:55:28 +0800] "GET /core/notification/get/ HTTP/1.1" 200 2 "http://ychlccsctest.camplus.hk/appraisal/listing" "Mozilla/5.0 (Windows NT 6.1) AppleWebKit/537.36 (KHTML, like Gecko) Chrome/65.0.3325.181 Safari/537.36"
221.126.228.173 - - [13/Apr/2018:16:55:29 +0800] "GET /appraisala/listing HTTP/1.1" 200 27337 "http://ychlccsctest.camplus.hk/appraisala/listing" "Mozilla/5.0 (Windows NT 6.1) AppleWebKit/537.36 (KHTML, like Gecko) Chrome/65.0.3325.181 Safari/537.36"
221.126.228.173 - - [13/Apr/2018:16:55:29 +0800] "GET /core/notification/get/ HTTP/1.1" 200 2 "http://ychlccsctest.camplus.hk/appraisala/listing" "Mozilla/5.0 (Windows NT 6.1) AppleWebKit/537.36 (KHTML, like Gecko) Chrome/65.0.3325.181 Safari/537.36"
42.200.245.239 - - [13/Apr/2018:16:55:29 +0800] "GET /appraisala/listing HTTP/1.1" 200 27337 "http://ychlccsctest.camplus.hk/core/user/listing" "Mozilla/5.0 (Windows NT 10.0; Win64; x64) AppleWebKit/537.36 (KHTML, like Gecko) Chrome/65.0.3325.181 Safari/537.36"
42.200.245.239 - - [13/Apr/2018:16:55:30 +0800] "GET /core/notification/get/ HTTP/1.1" 200 2 "http://ychlccsctest.camplus.hk/appraisala/listing" "Mozilla/5.0 (Windows NT 10.0; Win64; x64) AppleWebKit/537.36 (KHTML, like Gecko) Chrome/65.0.3325.181 Safari/537.36"
221.126.228.173 - - [13/Apr/2018:16:55:32 +0800] "GET /core/notification/get/ HTTP/1.1" 200 2 "http://ychlccsctest.camplus.hk/appraisal/listing" "Mozilla/5.0 (Windows NT 6.1) AppleWebKit/537.36 (KHTML, like Gecko) Chrome/65.0.3325.181 Safari/537.36"
221.126.228.173 - - [13/Apr/2018:16:55:34 +0800] "GET /core/notification/get/ HTTP/1.1" 200 2 "http://ychlccsctest.camplus.hk/appraisal/listing" "Mozilla/5.0 (Windows NT 6.1) AppleWebKit/537.36 (KHTML, like Gecko) Chrome/65.0.3325.181 Safari/537.36"
221.126.228.173 - - [13/Apr/2018:16:55:38 +0800] "GET /core/notification/get/ HTTP/1.1" 200 2 "http://ychlccsctest.camplus.hk/appraisal/listing" "Mozilla/5.0 (Windows NT 6.1) AppleWebKit/537.36 (KHTML, like Gecko) Chrome/65.0.3325.181 Safari/537.36"
